11-24 12:56:03.508 27301 27348 D Pop3Sync: SYNC: Have 0 large messages and 0 small messages out of 0 unsynced messages
11-24 12:56:03.508 27301 27348 D Pop3Sync: SYNC: Fetching 0 small messages for folder INBOX
11-24 12:56:03.508 27301 27348 D Pop3Sync: SYNC: Done fetching small messages for folder INBOX
11-24 12:56:03.508 27301 27348 D Pop3Sync: SYNC: Fetching large messages for folder INBOX
11-24 12:56:03.508 27301 27348 D Pop3Sync: SYNC: Done fetching large messages for folder INBOX
11-24 12:56:03.508 27301 27348 D Pop3Sync: SYNC: Synced remote messages for folder INBOX, 0 new messages
11-24 12:56:03.515 27301 27348 D Pop3Sync: Done synchronizing folder Automated:INBOX @ Sun Nov 24 12:56:03 GMT 2024 with 0 new messages
11-24 12:56:03.515 27301 27348 I Pop3Sync: Done synchronizing folder Automated:INBOX
11-24 12:56:03.515 27301 27348 D Pop3Connection: >>> QUIT
11-24 12:56:03.550 27301 27348 D Pop3Connection: <<< +OK Logging out.
11-24 12:56:03.551 27301 27348 I MessagingController: Command 'syncINBOX' completed
11-24 12:56:03.551 27301 27348 I MessagingController: Running command 'clear notification flag for 9207f9b1-307e-46ff-99a0-176c05056138', seq = 5 (background priority)
11-24 12:56:03.551 27301 27348 V MessagingController: Clearing notification flag for 9207f9b1-307e-46ff-99a0-176c05056138
11-24 12:56:03.552 27301 27348 I MessagingController: Command 'clear notification flag for 9207f9b1-307e-46ff-99a0-176c05056138' completed
11-24 12:56:03.552 27301 27348 I MessagingController: Running command 'finalize sync', seq = 6 (background priority)
11-24 12:56:03.552 27301 27348 I MessagingController: Finished mail sync
11-24 12:56:03.552 27301 27408 V MessagingController: performPeriodicMailSync(9207f9b1-307e-46ff-99a0-176c05056138) got latch release
11-24 12:56:03.552 27301 27408 V MessagingController: Account 9207f9b1-307e-46ff-99a0-176c05056138 successfully synced @ Sun Nov 24 12:56:03 GMT 2024
11-24 12:56:03.553 27301 27408 I K9StorageEditor: Committing preference changes
11-24 12:56:03.553 27301 27348 I MessagingController: Command 'finalize sync' completed
11-24 12:56:03.553 27301 27348 I MessagingController: Running command 'checkMail', seq = 7 (background priority)
11-24 12:56:03.553 27301 27348 I MessagingController: Starting mail check
11-24 12:56:03.553 27301 27348 I MessagingController: Synchronizing account efdcab86-4d5f-426d-92e8-cb9e2151f0cb
11-24 12:56:03.553 27301 27348 D MessagingController: Last folder list refresh @ Sun Nov 24 12:40:52 GMT 2024. Not refreshing now.
11-24 12:56:03.553 27301 27348 I MessagingController: Command 'checkMail' completed
11-24 12:56:03.553 27301 27348 I MessagingController: Running command 'checkMail', seq = 8 (background priority)
11-24 12:56:03.553 27301 27348 I MessagingController: Starting mail check
11-24 12:56:03.553 27301 27348 I MessagingController: Synchronizing account 5bf73c30-e12c-4b87-bd1f-289fadc142be
11-24 12:56:03.554 27301 27348 D MessagingController: Last folder list refresh @ Sun Nov 24 12:40:57 GMT 2024. Not refreshing now.
11-24 12:56:03.554 27301 27348 I MessagingController: Command 'checkMail' completed
11-24 12:56:03.554 27301 27348 I MessagingController: Running command 'checkMail', seq = 9 (background priority)
11-24 12:56:03.554 27301 27348 I MessagingController: Starting mail check
11-24 12:56:03.554 27301 27348 I MessagingController: Synchronizing account 3492e590-4a04-4759-a4a6-4aa3d1354138
11-24 12:56:03.554 27301 27348 D MessagingController: Last folder list refresh @ Sun Nov 24 12:25:50 GMT 2024. Refreshing now…
11-24 12:56:03.554 27301 27348 D MessagingController: Folder list successfully refreshed @ Sun Nov 24 12:56:03 GMT 2024
11-24 12:56:03.559 27301 27408 I K9StorageEditor: Preferences commit took 6 ms
11-24 12:56:03.559 27301 27408 D MailSyncWorker: Executing periodic mail sync for account 2b0c6b05-ea28-4ec1-9b59-48c87e57d922
11-24 12:56:03.559 27301 27355 V PushController: PushController.updatePushers()
11-24 12:56:03.560 27301 27354 I WM-WorkerWrapper: Worker result SUCCESS for Work [ id=70eb8401-7640-4a68-9538-aa8b7dc7bf56, tags={ com.fsck.k9.job.MailSyncWorker, MailSync } ]
11-24 12:56:03.561 27301 27355 V PushController: ..Running PushControllers: []
11-24 12:56:03.561 27301 27355 V PushServiceManager: PushServiceManager.stop()
11-24 12:56:03.561 27301 27355 V PushServiceManager: ..PushService is not running
11-24 12:56:03.561 27301 27355 V BootCompleteManager: Disable BootCompleteReceiver
11-24 12:56:03.562 27301 27348 I K9StorageEditor: Committing preference changes
11-24 12:56:03.563 27301 27301 I InputMethodManager: invalidateInput
11-24 12:56:03.563 27301 27301 I InputMethodManager: invalidateInput
11-24 12:56:03.563 27301 27301 I InputMethodManager: invalidateInput
11-24 12:56:03.570 27301 27301 D ConnectivityManager: StackLog: [android.net.ConnectivityManager.sendRequestForNetwork(ConnectivityManager.java:4402)] [android.net.ConnectivityManager.registerDefaultNetworkCallbackForUid(ConnectivityManager.java:4966)] [android.net.ConnectivityManager.registerDefaultNetworkCallback(ConnectivityManager.java:4933)] [android.net.ConnectivityManager.registerDefaultNetworkCallback(ConnectivityManager.java:4907)] [androidx.work.impl.utils.NetworkApi24$$ExternalSyntheticApiModelOutline0.m(R8$$SyntheticClass:0)] [com.bumptech.glide.manager.SingletonConnectivityReceiver$FrameworkConnectivityMonitorPostApi24.register(SingletonConnectivityReceiver.java:191)] [com.bumptech.glide.manager.SingletonConnectivityReceiver.maybeRegisterReceiver(SingletonConnectivityReceiver.java:113)] [com.bumptech.glide.manager.SingletonConnectivityReceiver.register(SingletonConnectivityReceiver.java:94)] [com.bumptech.glide.manager.DefaultConnectivityMonitor.register(DefaultConnectivityMonitor.java:25)] [com.bumptech.glide.manager.DefaultConnectivityMonitor.onStart(DefaultConnectivityMonitor.java:34)] [com.bumptech.glide.manager.LifecycleLifecycle.addListener(LifecycleLifecycle.java:54)] [com.bumptech.glide.RequestManager.(RequestManager.java:147)] [com.bumptech.glide.RequestManager.(RequestManager.java:105)] [com.fsck.k9.glide.GlideRequests.(GlideRequests.java:32)] [com.bumptech.glide.GeneratedRequestManagerFactory.build(GeneratedRequestManagerFactory.java:18)] [com.bumptech.glide.manager.LifecycleRequestManagerRetriever.getOrCreate(LifecycleRequestManagerRetriever.java:43)] [com.bumptech.glide.manager.RequestManagerRetriever.get(RequestManagerRetriever.java:114)] [com.bumptech.glide.manager.RequestManagerRetriever.get(RequestManagerRetriever.java:92)] [com.bumptech.glide.Glide.with(Glide.java:545)] [com.fsck.k9.contacts.ContactPictureLoader.setContactPicture(ContactPictureLoader.kt:25)] [com.fsck.k9.ui.messagelist.MessageListAdapter.setContactPicture(MessageListAdapter.kt:485)] [com.fsck.k9.ui.messagelist.MessageListAdapter.bindMessageViewHolder(MessageListAdapter.kt:403)] [com.fsck.k9.ui.messagelist.MessageListAdapter.onBindViewHolder(MessageListAdapter.kt:353)] [com.fsck.k9.ui.messagelist.MessageListAdapter.onBindViewHolder(MessageListAdapter.kt:46)] [androidx.recyclerview.widget.RecyclerView$Adapter.onBindViewHolder(RecyclerView.java:7747)] [androidx.recyclerview.widget.RecyclerView$Adapter.bindViewHolder(RecyclerView.java:7847)] [androidx.recyclerview.widget.RecyclerView$Recycler.tryBindViewHolderByDeadline(RecyclerView.java:6646)] [androidx.recyclerview.widget.RecyclerView$Recycler.tryGetViewHolderForPositionByDeadline(RecyclerView.java:6917)] [androidx.recyclerview.widget.RecyclerView$Recycler.getViewForPosition(RecyclerView.java:6757)] [androidx.recyclerview.widget.RecyclerView$Recycler.getViewForPosition(RecyclerView.java:6753)] [app.k9mail.ui.utils.linearlayoutmanager.LinearLayoutManager$LayoutState.next(LinearLayoutManager.java:2374)] [app.k9mail.ui.utils.linearlayoutmanager.LinearLayoutManager.layoutChunk(LinearLayoutManager.java:1682)] [app.k9mail.ui.utils.linearlayoutmanager.LinearLayoutManager.fill(LinearLayoutManager.java:1645)] [app.k9mail.ui.utils.linearlayoutmanager.LinearLayoutManager.onLayoutChildren(LinearLayoutManager.java:672)] [androidx.recyclerview.widget.RecyclerView.dispatchLayoutStep2(RecyclerView.java:4645)] [androidx.recyclerview.widget.RecyclerView.dispatchLayout(RecyclerView.java:4348)] [androidx.recyclerview.widget.RecyclerView.onLayout(RecyclerView.java:4919)] [android.view.View.layout(View.java:25788)] [android.view.ViewGroup.layout(ViewGroup.java:6874)] [androidx.swiperefreshlayout.widget.SwipeRefreshLayout.onLayout(SwipeRefreshLayout.java:689)] [android.view.View.layout(View.java:25788)] [android.view.ViewGroup.layout(ViewGroup.java:6874)] [androidx.coordinatorlayout.widget.CoordinatorLayout.layoutChild(CoordinatorLayout.java:1248)] [androidx.coordinatorlayout.widget.CoordinatorLayout.onLayoutChild(CoordinatorLayout.java:934)] [androidx.coordinatorlayout.widget.Coordin
11-24 12:56:03.604 27301 27348 I K9StorageEditor: Preferences commit took 42 ms
11-24 12:56:03.604 27301 27355 V PushController: PushController.updatePushers()
11-24 12:56:03.604 27301 27348 I MessagingController: Command 'checkMail' completed
11-24 12:56:03.604 27301 27348 I MessagingController: Running command 'sendPendingMessages', seq = 10 (background priority)
11-24 12:56:03.604 27301 27348 I MessagingController: Command 'sendPendingMessages' completed
11-24 12:56:03.604 27301 27348 I MessagingController: Running command 'syncINBOX', seq = 11 (background priority)
11-24 12:56:03.604 27301 27348 V MessagingController: Folder INBOX was last synced @ Sun Nov 24 12:40:53 GMT 2024
11-24 12:56:03.605 27301 27348 D MessagingController: Last folder list refresh @ Sun Nov 24 12:40:52 GMT 2024. Not refreshing now.
11-24 12:56:03.606 27301 27355 V PushController: ..Running PushControllers: []
11-24 12:56:03.606 27301 27355 V PushServiceManager: PushServiceManager.stop()
11-24 12:56:03.606 27301 27355 V PushServiceManager: ..PushService is not running
11-24 12:56:03.606 27301 27355 V BootCompleteManager: Disable BootCompleteReceiver
11-24 12:56:03.608 27301 27348 I Pop3Sync: Synchronizing folder WDTK Doug:INBOX
11-24 12:56:03.608 27301 27348 D Pop3Sync: SYNC: About to process pending commands for account WDTK Doug
11-24 12:56:03.608 27301 27348 V Pop3Sync: SYNC: About to get local folder INBOX
11-24 12:56:03.617 27301 27408 V MessagingController: performPeriodicMailSync(2b0c6b05-ea28-4ec1-9b59-48c87e57d922) about to await latch release
11-24 12:56:03.618 27301 27348 V Pop3Sync: SYNC: About to get remote folder INBOX
11-24 12:56:03.618 27301 27348 V Pop3Sync: SYNC: About to open remote folder INBOX
11-24 12:56:03.618 27301 27348 D Pop3Connection: Connecting to mail.kingqueen.org.uk as mail.kingqueen.org.uk/91.207.50.30
11-24 12:56:03.619 27301 27348 D TrafficStats: tagSocket(145) with statsTag=0xffffffff, statsUid=-1
11-24 12:56:03.753 27301 27348 D Pop3Connection: <<< +OK Dovecot ready.
11-24 12:56:03.753 27301 27348 D Pop3Connection: >>> CAPA
11-24 12:56:03.809 27301 27348 D Pop3Connection: <<< +OK
11-24 12:56:03.809 27301 27348 D Pop3Connection: <<< CAPA
11-24 12:56:03.809 27301 27348 D Pop3Connection: <<< TOP
11-24 12:56:03.809 27301 27348 D Pop3Connection: <<< UIDL
11-24 12:56:03.809 27301 27348 D Pop3Connection: <<< RESP-CODES
11-24 12:56:03.809 27301 27348 D Pop3Connection: <<< PIPELINING
11-24 12:56:03.809 27301 27348 D Pop3Connection: <<< AUTH-RESP-CODE
11-24 12:56:03.809 27301 27348 D Pop3Connection: <<< USER
11-24 12:56:03.809 27301 27348 D Pop3Connection: <<< SASL PLAIN LOGIN
11-24 12:56:03.809 27301 27348 D Pop3Connection: <<< .
11-24 12:56:03.809 27301 27348 D Pop3Connection: >>> AUTH PLAIN
11-24 12:56:03.860 27301 27348 D Pop3Connection: <<< +
11-24 12:56:03.860 27301 27348 D Pop3Connection: >>> [Command Hidden, Enable Sensitive Debug Logging To Show]
11-24 12:56:03.933 27301 27348 D Pop3Connection: <<< +OK Logged in.
11-24 12:56:03.933 27301 27348 D Pop3Connection: >>> STAT
11-24 12:56:03.978 27301 27348 D Pop3Connection: <<< +OK 21 555310
11-24 12:56:03.979 27301 27348 V Pop3Sync: SYNC: Remote message count for folder INBOX is 21
11-24 12:56:03.979 27301 27348 V Pop3Sync: SYNC: About to get messages 1 through 21 for folder INBOX
11-24 12:56:03.979 27301 27348 D Pop3Connection: >>> UIDL
11-24 12:56:04.019 27301 27348 D Pop3Connection: <<< +OK
11-24 12:56:04.019 27301 27348 D Pop3Connection: <<< 1 UID16025-1487022027
11-24 12:56:04.019 27301 27348 D Pop3Folder: Adding index for UID UID16025-1487022027 to msgNum 1
11-24 12:56:04.019 27301 27348 D Pop3Connection: <<< 2 UID16026-1487022027
11-24 12:56:04.019 27301 27348 D Pop3Folder: Adding index for UID UID16026-1487022027 to msgNum 2
11-24 12:56:04.019 27301 27348 D Pop3Connection: <<< 3 UID16027-1487022027
11-24 12:56:04.019 27301 27348 D Pop3Folder: Adding index for UID UID16027-1487022027 to msgNum 3
11-24 12:56:04.019 27301 27348 D Pop3Connection: <<< 4 UID16028-1487022027
11-24 12:56:04.019 27301 27348 D Pop3Folder: Adding index for UID UID16028-1487022027 to msgNum 4
11-24 12:56:04.019 27301 27348 D Pop3Connection: <<< 5 UID16029-1487022027
11-24 12:56:04.019 27301 27348 D Pop3Folder: Adding index for UID UID16029-1487022027 to msgNum 5
11-24 12:56:04.019 27301 27348 D Pop3Connection: <<< 6 UID16030-1487022027
11-24 12:56:04.019 27301 27348 D Pop3Folder: Adding index for UID UID16030-1487022027 to msgNum 6
11-24 12:56:04.020 27301 27348 D Pop3Connection: <<< 7 UID16031-1487022027
11-24 12:56:04.020 27301 27348 D Pop3Folder: Adding index for UID UID16031-1487022027 to msgNum 7
11-24 12:56:04.020 27301 27348 D Pop3Connection: <<< 8 UID16032-1487022027
11-24 12:56:04.020 27301 27348 D Pop3Folder: Adding index for UID UID16032-1487022027 to msgNum 8
11-24 12:56:04.020 27301 27348 D Pop3Connection: <<< 9 UID16033-1487022027
11-24 12:56:04.020 27301 27348 D Pop3Folder: Adding index for UID UID16033-1487022027 to msgNum 9
11-24 12:56:04.020 27301 27348 D Pop3Connection: <<< 10 UID16034-1487022027
11-24 12:56:04.020 27301 27348 D Pop3Folder: Adding index for UID UID16034-1487022027 to msgNum 10
11-24 12:56:04.020 27301 27348 D Pop3Connection: <<< 11 UID16035-1487022027
11-24 12:56:04.020 27301 27348 D Pop3Folder: Adding index for UID UID16035-1487022027 to msgNum 11
11-24 12:56:04.020 27301 27348 D Pop3Connection: <<< 12 UID16036-1487022027
11-24 12:56:04.020 27301 27348 D Pop3Folder: Adding index for UID UID16036-1487022027 to msgNum 12
11-24 12:56:04.020 27301 27348 D Pop3Connection: <<< 13 UID16037-1487022027
11-24 12:56:04.020 27301 27348 D Pop3Folder: Adding index for UID UID16037-1487022027 to msgNum 13
11-24 12:56:04.020 27301 27348 D Pop3Connection: <<< 14 UID16038-1487022027
11-24 12:56:04.020 27301 27348 D Pop3Folder: Adding index for UID UID16038-1487022027 to msgNum 14
11-24 12:56:04.021 27301 27348 D Pop3Connection: <<< 15 UID16039-1487022027
11-24 12:56:04.021 27301 27348 D Pop3Folder: Adding index for UID UID16039-1487022027 to msgNum 15
11-24 12:56:04.021 27301 27348 D Pop3Connection: <<< 16 UID16040-1487022027
11-24 12:56:04.021 27301 27348 D Pop3Folder: Adding index for UID UID16040-1487022027 to msgNum 16
11-24 12:56:04.021 27301 27348 D Pop3Connection: <<< 17 UID16041-1487022027
11-24 12:56:04.021 27301 27348 D Pop3Folder: Adding index for UID UID16041-1487022027 to msgNum 17
11-24 12:56:04.021 27301 27348 D Pop3Connection: <<< 18 UID16042-1487022027
11-24 12:56:04.021 27301 27348 D Pop3Folder: Adding index for UID UID16042-1487022027 to msgNum 18
11-24 12:56:04.021 27301 27348 D Pop3Connection: <<< 19 UID16043-1487022027
11-24 12:56:04.021 27301 27348 D Pop3Folder: Adding index for UID UID16043-1487022027 to msgNum 19
11-24 12:56:04.021 27301 27348 D Pop3Connection: <<< 20 UID16044-1487022027
11-24 12:56:04.021 27301 27348 D Pop3Folder: Adding index for UID UID16044-1487022027 to msgNum 20
11-24 12:56:04.021 27301 27348 D Pop3Connection: <<< 21 UID16045-1487022027
11-24 12:56:04.021 27301 27348 D Pop3Folder: Adding index for UID UID16045-1487022027 to msgNum 21
11-24 12:56:04.021 27301 27348 D Pop3Connection: <<< .
11-24 12:56:04.022 27301 27348 V Pop3Sync: SYNC: Got 21 messages for folder INBOX
11-24 12:56:04.023 27301 27348 V Pop3Sync: Message with uid UID16025-1487022027 is present in the local store
11-24 12:56:04.023 27301 27348 V Pop3Sync: Message with uid UID16026-1487022027 is present in the local store
11-24 12:56:04.023 27301 27348 V Pop3Sync: Message with uid UID16027-1487022027 is present in the local store
11-24 12:56:04.024 27301 27348 V Pop3Sync: Message with uid UID16028-1487022027 is present in the local store
11-24 12:56:04.024 27301 27348 V Pop3Sync: Message with uid UID16029-1487022027 is present in the local store
11-24 12:56:04.024 27301 27348 V Pop3Sync: Message with uid UID16030-1487022027 is present in the local store
11-24 12:56:04.024 27301 27348 V Pop3Sync: Message with uid UID16031-1487022027 is present in the local store
11-24 12:56:04.024 27301 27348 V Pop3Sync: Message with uid UID16032-1487022027 is present in the local store
11-24 12:56:04.025 27301 27348 V Pop3Sync: Message with uid UID16033-1487022027 is present in the local store
11-24 12:56:04.025 27301 27348 V Pop3Sync: Message with uid UID16034-1487022027 is present in the local store
11-24 12:56:04.025 27301 27348 V Pop3Sync: Message with uid UID16035-1487022027 is present in the local store
11-24 12:56:04.025 27301 27348 V Pop3Sync: Message with uid UID16036-1487022027 is present in the local store
11-24 12:56:04.025 27301 27348 V Pop3Sync: Message with uid UID16037-1487022027 is present in the local store
11-24 12:56:04.026 27301 27348 V Pop3Sync: Message with uid UID16038-1487022027 is present in the local store
11-24 12:56:04.026 27301 27348 V Pop3Sync: Message with uid UID16039-1487022027 is present in the local store
11-24 12:56:04.026 27301 27348 V Pop3Sync: Message with uid UID16040-1487022027 is present in the local store
11-24 12:56:04.026 27301 27348 V Pop3Sync: Message with uid UID16041-1487022027 is present in the local store
11-24 12:56:04.026 27301 27348 V Pop3Sync: Message with uid UID16042-1487022027 is present in the local store
11-24 12:56:04.027 27301 27348 V Pop3Sync: Message with uid UID16043-1487022027 is present in the local store
11-24 12:56:04.027 27301 27348 V Pop3Sync: Message with uid UID16044-1487022027 is present in the local store
11-24 12:56:04.027 27301 27348 V Pop3Sync: Message with uid UID16045-1487022027 is present in the local store
11-24 12:56:04.027 27301 27348 D Pop3Sync: SYNC: Have 0 unsynced messages
11-24 12:56:04.027 27301 27348 D Pop3Sync: SYNC: Have 0 large messages and 0 small messages out of 0 unsynced messages
11-24 12:56:04.027 27301 27348 D Pop3Sync: SYNC: Fetching 0 small messages for folder INBOX
11-24 12:56:04.027 27301 27348 D Pop3Sync: SYNC: Done fetching small messages for folder INBOX
11-24 12:56:04.027 27301 27348 D Pop3Sync: SYNC: Fetching large messages for folder INBOX
11-24 12:56:04.027 27301 27348 D Pop3Sync: SYNC: Done fetching large messages for folder INBOX
11-24 12:56:04.028 27301 27348 D Pop3Sync: SYNC: Synced remote messages for folder INBOX, 0 new messages
11-24 12:56:04.035 27301 27348 D Pop3Sync: Done synchronizing folder WDTK Doug:INBOX @ Sun Nov 24 12:56:04 GMT 2024 with 0 new messages
11-24 12:56:04.035 27301 27348 I Pop3Sync: Done synchronizing folder WDTK Doug:INBOX
11-24 12:56:04.035 27301 27348 D Pop3Connection: >>> QUIT
11-24 12:56:04.079 27301 27348 D Pop3Connection: <<< +OK Logging out.
11-24 12:56:04.080 27301 27348 I MessagingController: Command 'syncINBOX' completed
11-24 12:56:04.080 27301 27348 I MessagingController: Running command 'clear notification flag for efdcab86-4d5f-426d-92e8-cb9e2151f0cb', seq = 12 (background priority)
11-24 12:56:04.080 27301 27348 V MessagingController: Clearing notification flag for efdcab86-4d5f-426d-92e8-cb9e2151f0cb
11-24 12:56:04.080 27301 27348 I MessagingController: Command 'clear notification flag for efdcab86-4d5f-426d-92e8-cb9e2151f0cb' completed
11-24 12:56:04.080 27301 27348 I MessagingController: Running command 'finalize sync', seq = 13 (background priority)
11-24 12:56:04.080 27301 27348 I MessagingController: Finished mail sync
11-24 12:56:04.080 27301 27348 I MessagingController: Command 'finalize sync' completed
11-24 12:56:04.080 27301 27409 V MessagingController: performPeriodicMailSync(efdcab86-4d5f-426d-92e8-cb9e2151f0cb) got latch release
11-24 12:56:04.080 27301 27348 I MessagingController: Running command 'sendPendingMessages', seq = 14 (background priority)
11-24 12:56:04.080 27301 27409 V MessagingController: Account efdcab86-4d5f-426d-92e8-cb9e2151f0cb successfully synced @ Sun Nov 24 12:56:04 GMT 2024
11-24 12:56:04.081 27301 27409 I K9StorageEditor: Committing preference changes
11-24 12:56:04.081 27301 27348 I MessagingController: Command 'sendPendingMessages' completed
11-24 12:56:04.081 27301 27348 I MessagingController: Running command 'syncINBOX', seq = 15 (background priority)
11-24 12:56:04.081 27301 27348 V MessagingController: Folder INBOX was last synced @ Sun Nov 24 12:40:57 GMT 2024
11-24 12:56:04.081 27301 27348 D MessagingController: Last folder list refresh @ Sun Nov 24 12:40:57 GMT 2024. Not refreshing now.
11-24 12:56:04.082 27301 27348 I Pop3Sync: Synchronizing folder Mobile:INBOX
11-24 12:56:04.082 27301 27348 D Pop3Sync: SYNC: About to process pending commands for account Mobile
11-24 12:56:04.082 27301 27348 V Pop3Sync: SYNC: About to get local folder INBOX
11-24 12:56:04.086 27301 27409 I K9StorageEditor: Preferences commit took 5 ms
11-24 12:56:04.086 27301 27355 V PushController: PushController.updatePushers()
11-24 12:56:04.087 27301 27409 D MailSyncWorker: Executing periodic mail sync for account 2df70efa-45e1-4326-9c28-725b0768d567
11-24 12:56:04.087 27301 27348 V Pop3Sync: SYNC: About to get remote folder INBOX
11-24 12:56:04.087 27301 27380 I WM-WorkerWrapper: Worker result SUCCESS for Work [ id=809769dc-701e-40bc-87c5-77d4532f5bfc, tags={ com.fsck.k9.job.MailSyncWorker, MailSync } ]
11-24 12:56:04.087 27301 27348 V Pop3Sync: SYNC: About to open remote folder INBOX
11-24 12:56:04.087 27301 27348 D Pop3Connection: Connecting to mail.kingqueen.org.uk as mail.kingqueen.org.uk/91.207.50.30
11-24 12:56:04.088 27301 27409 V MessagingController: performPeriodicMailSync(2df70efa-45e1-4326-9c28-725b0768d567) about to await latch release
11-24 12:56:04.088 27301 27348 D TrafficStats: tagSocket(134) with statsTag=0xffffffff, statsUid=-1
11-24 12:56:04.089 27301 27355 V PushController: ..Running PushControllers: []
11-24 12:56:04.089 27301 27355 V PushServiceManager: PushServiceManager.stop()
11-24 12:56:04.089 27301 27355 V PushServiceManager: ..PushService is not running
11-24 12:56:04.089 27301 27355 V BootCompleteManager: Disable BootCompleteReceiver
11-24 12:56:04.270 27301 27348 D Pop3Connection: <<< +OK Dovecot ready.
11-24 12:56:04.270 27301 27348 D Pop3Connection: >>> CAPA
11-24 12:56:04.312 27301 27348 D Pop3Connection: <<< +OK
11-24 12:56:04.312 27301 27348 D Pop3Connection: <<< CAPA
11-24 12:56:04.312 27301 27348 D Pop3Connection: <<< TOP
11-24 12:56:04.312 27301 27348 D Pop3Connection: <<< UIDL
11-24 12:56:04.312 27301 27348 D Pop3Connection: <<< RESP-CODES
11-24 12:56:04.312 27301 27348 D Pop3Connection: <<< PIPELINING
11-24 12:56:04.312 27301 27348 D Pop3Connection: <<< AUTH-RESP-CODE
11-24 12:56:04.313 27301 27348 D Pop3Connection: <<< USER
11-24 12:56:04.313 27301 27348 D Pop3Connection: <<< SASL PLAIN LOGIN
11-24 12:56:04.313 27301 27348 D Pop3Connection: <<< .
11-24 12:56:04.313 27301 27348 D Pop3Connection: >>> AUTH PLAIN
11-24 12:56:04.350 27301 27348 D Pop3Connection: <<< +
11-24 12:56:04.351 27301 27348 D Pop3Connection: >>> [Command Hidden, Enable Sensitive Debug Logging To Show]
11-24 12:56:04.409 27301 27348 D Pop3Connection: <<< +OK Logged in.
11-24 12:56:04.409 27301 27348 D Pop3Connection: >>> STAT
11-24 12:56:04.440 27301 27348 D Pop3Connection: <<< +OK 45 14045952
11-24 12:56:04.440 27301 27348 V Pop3Sync: SYNC: Remote message count for folder INBOX is 45
11-24 12:56:04.440 27301 27348 V Pop3Sync: SYNC: About to get messages 1 through 45 for folder INBOX
11-24 12:56:04.440 27301 27348 D Pop3Connection: >>> UIDL
11-24 12:56:04.499 27301 27348 D Pop3Connection: <<< +OK
11-24 12:56:04.499 27301 27348 D Pop3Connection: <<< 1 UID1113-1487022013
11-24 12:56:04.499 27301 27348 D Pop3Folder: Adding index for UID UID1113-1487022013 to msgNum 1
11-24 12:56:04.499 27301 27348 D Pop3Connection: <<< 2 UID2775-1487022013
11-24 12:56:04.499 27301 27348 D Pop3Folder: Adding index for UID UID2775-1487022013 to msgNum 2
11-24 12:56:04.499 27301 27348 D Pop3Connection: <<< 3 UID2800-1487022013
11-24 12:56:04.499 27301 27348 D Pop3Folder: Adding index for UID UID2800-1487022013 to msgNum 3
11-24 12:56:04.499 27301 27348 D Pop3Connection: <<< 4 UID2819-1487022013
11-24 12:56:04.499 27301 27348 D Pop3Folder: Adding index for UID UID2819-1487022013 to msgNum 4
11-24 12:56:04.500 27301 27348 D Pop3Connection: <<< 5 UID2820-1487022013
11-24 12:56:04.500 27301 27348 D Pop3Folder: Adding index for UID UID2820-1487022013 to msgNum 5
11-24 12:56:04.500 27301 27348 D Pop3Connection: <<< 6 UID2821-1487022013
11-24 12:56:04.500 27301 27348 D Pop3Folder: Adding index for UID UID2821-1487022013 to msgNum 6
11-24 12:56:04.500 27301 27348 D Pop3Connection: <<< 7 UID2822-1487022013
11-24 12:56:04.500 27301 27348 D Pop3Folder: Adding index for UID UID2822-1487022013 to msgNum 7
11-24 12:56:04.500 27301 27348 D Pop3Connection: <<< 8 UID2823-1487022013
11-24 12:56:04.500 27301 27348 D Pop3Folder: Adding index for UID UID2823-1487022013 to msgNum 8
11-24 12:56:04.500 27301 27348 D Pop3Connection: <<< 9 UID2824-1487022013
11-24 12:56:04.500 27301 27348 D Pop3Folder: Adding index for UID UID2824-1487022013 to msgNum 9
11-24 12:56:04.500 27301 27348 D Pop3Connection: <<< 10 UID2825-1487022013
11-24 12:56:04.500 27301 27348 D Pop3Folder: Adding index for UID UID2825-1487022013 to msgNum 10
11-24 12:56:04.500 27301 27348 D Pop3Connection: <<< 11 UID2826-1487022013
11-24 12:56:04.500 27301 27348 D Pop3Folder: Adding index for UID UID2826-1487022013 to msgNum 11
11-24 12:56:04.500 27301 27348 D Pop3Connection: <<< 12 UID2827-1487022013
11-24 12:56:04.500 27301 27348 D Pop3Folder: Adding index for UID UID2827-1487022013 to msgNum 12
11-24 12:56:04.501 27301 27348 D Pop3Connection: <<< 13 UID2828-1487022013
11-24 12:56:04.501 27301 27348 D Pop3Folder: Adding index for UID UID2828-1487022013 to msgNum 13
11-24 12:56:04.501 27301 27348 D Pop3Connection: <<< 14 UID2829-1487022013
11-24 12:56:04.501 27301 27348 D Pop3Folder: Adding index for UID UID2829-1487022013 to msgNum 14
11-24 12:56:04.501 27301 27348 D Pop3Connection: <<< 15 UID2830-1487022013
11-24 12:56:04.501 27301 27348 D Pop3Folder: Adding index for UID UID2830-1487022013 to msgNum 15
11-24 12:56:04.501 27301 27348 D Pop3Connection: <<< 16 UID2831-1487022013
11-24 12:56:04.501 27301 27348 D Pop3Folder: Adding index for UID UID2831-1487022013 to msgNum 16
11-24 12:56:04.501 27301 27348 D Pop3Connection: <<< 17 UID2832-1487022013
11-24 12:56:04.501 27301 27348 D Pop3Folder: Adding index for UID UID2832-1487022013 to msgNum 17
11-24 12:56:04.501 27301 27348 D Pop3Connection: <<< 18 UID2833-1487022013
11-24 12:56:04.501 27301 27348 D Pop3Folder: Adding index for UID UID2833-1487022013 to msgNum 18
11-24 12:56:04.501 27301 27348 D Pop3Connection: <<< 19 UID2834-1487022013
11-24 12:56:04.501 27301 27348 D Pop3Folder: Adding index for UID UID2834-1487022013 to msgNum 19
11-24 12:56:04.501 27301 27348 D Pop3Connection: <<< 20 UID2835-1487022013
11-24 12:56:04.502 27301 27348 D Pop3Folder: Adding index for UID UID2835-1487022013 to msgNum 20
11-24 12:56:04.502 27301 27348 D Pop3Connection: <<< 21 UID2836-1487022013
11-24 12:56:04.502 27301 27348 D Pop3Folder: Adding index for UID UID2836-1487022013 to msgNum 21
11-24 12:56:04.502 27301 27348 D Pop3Connection: <<< 22 UID2837-1487022013
11-24 12:56:04.502 27301 27348 D Pop3Folder: Adding index for UID UID2837-1487022013 to msgNum 22
11-24 12:56:04.502 27301 27348 D Pop3Connection: <<< 23 UID2838-1487022013
11-24 12:56:04.502 27301 27348 D Pop3Folder: Adding index for UID UID2838-1487022013 to msgNum 23
11-24 12:56:04.502 27301 27348 D Pop3Connection: <<< 24 UID2839-1487022013
11-24 12:56:04.502 27301 27348 D Pop3Folder: Adding index for UID UID2839-1487022013 to msgNum 24
11-24 12:56:04.502 27301 27348 D Pop3Connection: <<< 25 UID2840-1487022013
11-24 12:56:04.502 27301 27348 D Pop3Folder: Adding index for UID UID2840-1487022013 to msgNum 25
11-24 12:56:04.502 27301 27348 D Pop3Connection: <<< 26 UID2841-1487022013
11-24 12:56:04.502 27301 27348 D Pop3Folder: Adding index for UID UID2841-1487022013 to msgNum 26
11-24 12:56:04.502 27301 27348 D Pop3Connection: <<< 27 UID2842-1487022013
11-24 12:56:04.502 27301 27348 D Pop3Folder: Adding index for UID UID2842-1487022013 to msgNum 27
11-24 12:56:04.502 27301 27348 D Pop3Connection: <<< 28 UID2843-1487022013
11-24 12:56:04.502 27301 27348 D Pop3Folder: Adding index for UID UID2843-1487022013 to msgNum 28
11-24 12:56:04.503 27301 27348 D Pop3Connection: <<< 29 UID2844-1487022013
11-24 12:56:04.503 27301 27348 D Pop3Folder: Adding index for UID UID2844-1487022013 to msgNum 29
11-24 12:56:04.503 27301 27348 D Pop3Connection: <<< 30 UID2845-1487022013
11-24 12:56:04.503 27301 27348 D Pop3Folder: Adding index for UID UID2845-1487022013 to msgNum 30
11-24 12:56:04.503 27301 27348 D Pop3Connection: <<< 31 UID2846-1487022013
11-24 12:56:04.503 27301 27348 D Pop3Folder: Adding index for UID UID2846-1487022013 to msgNum 31
11-24 12:56:04.503 27301 27348 D Pop3Connection: <<< 32 UID2847-1487022013
11-24 12:56:04.503 27301 27348 D Pop3Folder: Adding index for UID UID2847-1487022013 to msgNum 32
11-24 12:56:04.503 27301 27348 D Pop3Connection: <<< 33 UID2848-1487022013
11-24 12:56:04.503 27301 27348 D Pop3Folder: Adding index for UID UID2848-1487022013 to msgNum 33
11-24 12:56:04.503 27301 27348 D Pop3Connection: <<< 34 UID2849-1487022013
11-24 12:56:04.503 27301 27348 D Pop3Folder: Adding index for UID UID2849-1487022013 to msgNum 34
11-24 12:56:04.503 27301 27348 D Pop3Connection: <<< 35 UID2850-1487022013
11-24 12:56:04.503 27301 27348 D Pop3Folder: Adding index for UID UID2850-1487022013 to msgNum 35
11-24 12:56:04.503 27301 27348 D Pop3Connection: <<< 36 UID2851-1487022013
11-24 12:56:04.504 27301 27348 D Pop3Folder: Adding index for UID UID2851-1487022013 to msgNum 36
11-24 12:56:04.504 27301 27348 D Pop3Connection: <<< 37 UID2852-1487022013
11-24 12:56:04.504 27301 27348 D Pop3Folder: Adding index for UID UID2852-1487022013 to msgNum 37
11-24 12:56:04.504 27301 27348 D Pop3Connection: <<< 38 UID2853-1487022013
11-24 12:56:04.504 27301 27348 D Pop3Folder: Adding index for UID UID2853-1487022013 to msgNum 38
11-24 12:56:04.504 27301 27348 D Pop3Connection: <<< 39 UID2854-1487022013
11-24 12:56:04.504 27301 27348 D Pop3Folder: Adding index for UID UID2854-1487022013 to msgNum 39
11-24 12:56:04.504 27301 27348 D Pop3Connection: <<< 40 UID2855-1487022013
11-24 12:56:04.504 27301 27348 D Pop3Folder: Adding index for UID UID2855-1487022013 to msgNum 40
11-24 12:56:04.504 27301 27348 D Pop3Connection: <<< 41 UID2856-1487022013
11-24 12:56:04.504 27301 27348 D Pop3Folder: Adding index for UID UID2856-1487022013 to msgNum 41
11-24 12:56:04.504 27301 27348 D Pop3Connection: <<< 42 UID2857-1487022013
11-24 12:56:04.504 27301 27348 D Pop3Folder: Adding index for UID UID2857-1487022013 to msgNum 42
11-24 12:56:04.504 27301 27348 D Pop3Connection: <<< 43 UID2858-1487022013
11-24 12:56:04.504 27301 27348 D Pop3Folder: Adding index for UID UID2858-1487022013 to msgNum 43
11-24 12:56:04.505 27301 27348 D Pop3Connection: <<< 44 UID2859-1487022013
11-24 12:56:04.505 27301 27348 D Pop3Folder: Adding index for UID UID2859-1487022013 to msgNum 44
11-24 12:56:04.505 27301 27348 D Pop3Connection: <<< 45 UID2860-1487022013
11-24 12:56:04.505 27301 27348 D Pop3Folder: Adding index for UID UID2860-1487022013 to msgNum 45
11-24 12:56:04.505 27301 27348 D Pop3Connection: <<< .
11-24 12:56:04.505 27301 27348 V Pop3Sync: SYNC: Got 45 messages for folder INBOX
11-24 12:56:04.506 27301 27348 V Pop3Sync: Message with uid UID1113-1487022013 is present in the local store
11-24 12:56:04.506 27301 27348 V Pop3Sync: Message with uid UID2775-1487022013 is present in the local store
11-24 12:56:04.507 27301 27348 V Pop3Sync: Message with uid UID2800-1487022013 is present in the local store
11-24 12:56:04.507 27301 27348 V Pop3Sync: Message with uid UID2819-1487022013 is present in the local store
11-24 12:56:04.507 27301 27348 V Pop3Sync: Message with uid UID2820-1487022013 is present in the local store
11-24 12:56:04.507 27301 27348 V Pop3Sync: Message with uid UID2821-1487022013 is present in the local store
11-24 12:56:04.507 27301 27348 V Pop3Sync: Message with uid UID2822-1487022013 is present in the local store
11-24 12:56:04.507 27301 27348 V Pop3Sync: Message with uid UID2823-1487022013 is present in the local store
11-24 12:56:04.508 27301 27348 V Pop3Sync: Message with uid UID2824-1487022013 is present in the local store
11-24 12:56:04.508 27301 27348 V Pop3Sync: Message with uid UID2825-1487022013 is present in the local store
11-24 12:56:04.508 27301 27348 V Pop3Sync: Message with uid UID2826-1487022013 is present in the local store
11-24 12:56:04.508 27301 27348 V Pop3Sync: Message with uid UID2827-1487022013 is present in the local store
11-24 12:56:04.508 27301 27348 V Pop3Sync: Message with uid UID2828-1487022013 is present in the local store
11-24 12:56:04.508 27301 27348 V Pop3Sync: Message with uid UID2829-1487022013 is present in the local store
11-24 12:56:04.509 27301 27348 V Pop3Sync: Message with uid UID2830-1487022013 is present in the local store
11-24 12:56:04.509 27301 27348 V Pop3Sync: Message with uid UID2831-1487022013 is present in the local store
11-24 12:56:04.509 27301 27348 V Pop3Sync: Message with uid UID2832-1487022013 is present in the local store
11-24 12:56:04.509 27301 27348 V Pop3Sync: Message with uid UID2833-1487022013 is present in the local store
11-24 12:56:04.509 27301 27348 V Pop3Sync: Message with uid UID2834-1487022013 is present in the local store
11-24 12:56:04.510 27301 27348 V Pop3Sync: Message with uid UID2835-1487022013 is present in the local store
11-24 12:56:04.510 27301 27348 V Pop3Sync: Message with uid UID2836-1487022013 is present in the local store
11-24 12:56:04.510 27301 27348 V Pop3Sync: Message with uid UID2837-1487022013 is present in the local store
11-24 12:56:04.510 27301 27348 V Pop3Sync: Message with uid UID2838-1487022013 is present in the local store
11-24 12:56:04.510 27301 27348 V Pop3Sync: Message with uid UID2839-1487022013 is present in the local store
11-24 12:56:04.510 27301 27348 V Pop3Sync: Message with uid UID2840-1487022013 is present in the local store
11-24 12:56:04.511 27301 27348 V Pop3Sync: Message with uid UID2841-1487022013 is present in the local store
11-24 12:56:04.511 27301 27348 V Pop3Sync: Message with uid UID2842-1487022013 is present in the local store
11-24 12:56:04.511 27301 27348 V Pop3Sync: Message with uid UID2843-1487022013 is present in the local store
11-24 12:56:04.511 27301 27348 V Pop3Sync: Message with uid UID2844-1487022013 is present in the local store
11-24 12:56:04.511 27301 27348 V Pop3Sync: Message with uid UID2845-1487022013 is present in the local store
11-24 12:56:04.511 27301 27348 V Pop3Sync: Message with uid UID2846-1487022013 is present in the local store
11-24 12:56:04.511 27301 27348 V Pop3Sync: Message with uid UID2847-1487022013 is present in the local store
11-24 12:56:04.512 27301 27348 V Pop3Sync: Message with uid UID2848-1487022013 is present in the local store
11-24 12:56:04.512 27301 27348 V Pop3Sync: Message with uid UID2849-1487022013 is present in the local store
11-24 12:56:04.512 27301 27348 V Pop3Sync: Message with uid UID2850-1487022013 is present in the local store
11-24 12:56:04.512 27301 27348 V Pop3Sync: Message with uid UID2851-1487022013 is present in the local store
11-24 12:56:04.512 27301 27348 V Pop3Sync: Message with uid UID2852-1487022013 is present in the local store
11-24 12:56:04.512 27301 27348 V Pop3Sync: Message with uid UID2853-1487022013 is present in the local store
11-24 12:56:04.512 27301 27348 V Pop3Sync: Message with uid UID2854-1487022013 is present in the local store
11-24 12:56:04.513 27301 27348 V Pop3Sync: Message with uid UID2855-1487022013 is present in the local store
11-24 12:56:04.513 27301 27348 V Pop3Sync: Message with uid UID2856-1487022013 is present in the local store
11-24 12:56:04.513 27301 27348 V Pop3Sync: Message with uid UID2857-1487022013 is present in the local store
11-24 12:56:04.513 27301 27348 V Pop3Sync: Message with uid UID2858-1487022013 is present in the local store
11-24 12:56:04.513 27301 27348 V Pop3Sync: Message with uid UID2859-1487022013 is present in the local store
11-24 12:56:04.513 27301 27348 V Pop3Sync: Message with uid UID2860-1487022013 is present in the local store
11-24 12:56:04.513 27301 27348 D Pop3Sync: SYNC: Have 0 unsynced messages
11-24 12:56:04.513 27301 27348 D Pop3Sync: SYNC: Have 0 large messages and 0 small messages out of 0 unsynced messages
11-24 12:56:04.514 27301 27348 D Pop3Sync: SYNC: Fetching 0 small messages for folder INBOX
11-24 12:56:04.514 27301 27348 D Pop3Sync: SYNC: Done fetching small messages for folder INBOX
11-24 12:56:04.514 27301 27348 D Pop3Sync: SYNC: Fetching large messages for folder INBOX
11-24 12:56:04.514 27301 27348 D Pop3Sync: SYNC: Done fetching large messages for folder INBOX
11-24 12:56:04.514 27301 27348 D Pop3Sync: SYNC: Synced remote messages for folder INBOX, 0 new messages
11-24 12:56:04.520 27301 27348 D Pop3Sync: Done synchronizing folder Mobile:INBOX @ Sun Nov 24 12:56:04 GMT 2024 with 0 new messages
11-24 12:56:04.520 27301 27348 I Pop3Sync: Done synchronizing folder Mobile:INBOX
11-24 12:56:04.520 27301 27348 D Pop3Connection: >>> QUIT
11-24 12:56:04.558 27301 27348 D Pop3Connection: <<< +OK Logging out.
11-24 12:56:04.558 27301 27348 I MessagingController: Command 'syncINBOX' completed
11-24 12:56:04.558 27301 27348 I MessagingController: Running command 'clear notification flag for 5bf73c30-e12c-4b87-bd1f-289fadc142be', seq = 16 (background priority)
11-24 12:56:04.558 27301 27348 V MessagingController: Clearing notification flag for 5bf73c30-e12c-4b87-bd1f-289fadc142be
11-24 12:56:04.559 27301 27348 I MessagingController: Command 'clear notification flag for 5bf73c30-e12c-4b87-bd1f-289fadc142be' completed
11-24 12:56:04.559 27301 27348 I MessagingController: Running command 'finalize sync', seq = 17 (background priority)
11-24 12:56:04.559 27301 27348 I MessagingController: Finished mail sync
11-24 12:56:04.559 27301 27348 I MessagingController: Command 'finalize sync' completed
11-24 12:56:04.559 27301 27407 V MessagingController: performPeriodicMailSync(5bf73c30-e12c-4b87-bd1f-289fadc142be) got latch release
11-24 12:56:04.559 27301 27348 I MessagingController: Running command 'sendPendingMessages', seq = 18 (background priority)
11-24 12:56:04.559 27301 27407 V MessagingController: Account 5bf73c30-e12c-4b87-bd1f-289fadc142be successfully synced @ Sun Nov 24 12:56:04 GMT 2024
11-24 12:56:04.559 27301 27407 I K9StorageEditor: Committing preference changes
11-24 12:56:04.559 27301 27348 I MessagingController: Command 'sendPendingMessages' completed
11-24 12:56:04.559 27301 27348 I MessagingController: Running command 'syncINBOX', seq = 19 (background priority)
11-24 12:56:04.560 27301 27348 V MessagingController: Folder INBOX was last synced @ Sun Nov 24 12:41:51 GMT 2024
11-24 12:56:04.560 27301 27348 V MessagingController: Not syncing folder INBOX, previously synced @ Sun Nov 24 12:41:51 GMT 2024 which would be too recent for the account sync interval
11-24 12:56:04.560 27301 27348 I MessagingController: Command 'syncINBOX' completed
11-24 12:56:04.560 27301 27348 I MessagingController: Running command 'clear notification flag for 3492e590-4a04-4759-a4a6-4aa3d1354138', seq = 20 (background priority)
11-24 12:56:04.560 27301 27348 V MessagingController: Clearing notification flag for 3492e590-4a04-4759-a4a6-4aa3d1354138
11-24 12:56:04.560 27301 27348 I MessagingController: Command 'clear notification flag for 3492e590-4a04-4759-a4a6-4aa3d1354138' completed
11-24 12:56:04.560 27301 27348 I MessagingController: Running command 'finalize sync', seq = 21 (background priority)
11-24 12:56:04.560 27301 27348 I MessagingController: Finished mail sync
11-24 12:56:04.560 27301 27348 I MessagingController: Command 'finalize sync' completed
11-24 12:56:04.560 27301 27406 V MessagingController: performPeriodicMailSync(3492e590-4a04-4759-a4a6-4aa3d1354138) got latch release
11-24 12:56:04.560 27301 27348 I MessagingController: Running command 'checkMail', seq = 22 (background priority)
11-24 12:56:04.560 27301 27406 V MessagingController: Account 3492e590-4a04-4759-a4a6-4aa3d1354138 successfully synced @ Sun Nov 24 12:56:04 GMT 2024
11-24 12:56:04.560 27301 27348 I MessagingController: Starting mail check
11-24 12:56:04.560 27301 27348 I MessagingController: Synchronizing account 2b0c6b05-ea28-4ec1-9b59-48c87e57d922
11-24 12:56:04.560 27301 27348 D MessagingController: Last folder list refresh @ Sun Nov 24 12:25:50 GMT 2024. Refreshing now…
11-24 12:56:04.561 27301 27348 D MessagingController: Folder list successfully refreshed @ Sun Nov 24 12:56:04 GMT 2024
11-24 12:56:04.566 27301 27407 I K9StorageEditor: Preferences commit took 6 ms
11-24 12:56:04.566 27301 27355 V PushController: PushController.updatePushers()
11-24 12:56:04.566 27301 27406 I K9StorageEditor: Committing preference changes
11-24 12:56:04.571 27301 27406 I K9StorageEditor: Preferences commit took 5 ms
11-24 12:56:04.571 27301 27348 I K9StorageEditor: Committing preference changes
11-24 12:56:04.575 27301 27348 I K9StorageEditor: Preferences commit took 4 ms
11-24 12:56:04.575 27301 27355 V PushController: ..Running PushControllers: []
11-24 12:56:04.575 27301 27355 V PushServiceManager: PushServiceManager.stop()
11-24 12:56:04.575 27301 27354 I WM-WorkerWrapper: Worker result SUCCESS for Work [ id=6cbb0bb1-a892-49a8-ba8a-382df3f8f92f, tags={ com.fsck.k9.job.MailSyncWorker, MailSync } ]
11-24 12:56:04.576 27301 27355 V PushServiceManager: ..PushService is not running
11-24 12:56:04.576 27301 27348 I MessagingController: Command 'checkMail' completed
11-24 12:56:04.576 27301 27355 V BootCompleteManager: Disable BootCompleteReceiver
11-24 12:56:04.576 27301 27348 I MessagingController: Running command 'checkMail', seq = 23 (background priority)
11-24 12:56:04.576 27301 27348 I MessagingController: Starting mail check
11-24 12:56:04.577 27301 27348 I MessagingController: Synchronizing account 2df70efa-45e1-4326-9c28-725b0768d567
11-24 12:56:04.577 27301 27348 D MessagingController: Last folder list refresh @ Sun Nov 24 12:25:53 GMT 2024. Refreshing now…
11-24 12:56:04.578 27301 27355 V PushController: PushController.updatePushers()
11-24 12:56:04.579 27301 27348 D RealImapConnection: Connecting to mail.reasonableaccess.org.uk as mail.reasonableaccess.org.uk/91.207.50.30
11-24 12:56:04.580 27301 27348 D TrafficStats: tagSocket(134) with statsTag=0xffffffff, statsUid=-1
11-24 12:56:04.580 27301 27355 V PushController: ..Running PushControllers: []
11-24 12:56:04.581 27301 27355 V PushServiceManager: PushServiceManager.stop()
11-24 12:56:04.581 27301 27355 V PushServiceManager: ..PushService is not running
11-24 12:56:04.581 27301 27355 V BootCompleteManager: Disable BootCompleteReceiver
11-24 12:56:04.581 27301 27354 I WM-WorkerWrapper: Worker result SUCCESS for Work [ id=dc273550-0998-444b-8856-586459347953, tags={ com.fsck.k9.job.MailSyncWorker, MailSync } ]
11-24 12:56:04.581 27301 27355 V PushController: PushController.updatePushers()
11-24 12:56:04.582 27301 27355 V PushController: ..Running PushControllers: []
11-24 12:56:04.582 27301 27355 V PushServiceManager: PushServiceManager.stop()
11-24 12:56:04.582 27301 27355 V PushServiceManager: ..PushService is not running
11-24 12:56:04.582 27301 27355 V BootCompleteManager: Disable BootCompleteReceiver
11-24 12:56:04.724 27301 27348 V RealImapConnection: conn225000706 <<< #null# [OK, [CAPABILITY, IMAP4rev1, SASL-IR, LOGIN-REFERRALS, ID, ENABLE, IDLE, NAMESPACE, LITERAL+, AUTH=PLAIN, AUTH=LOGIN], Dovecot ready.]
11-24 12:56:04.724 27301 27348 D RealImapConnection: Saving [NAMESPACE, AUTH=PLAIN, LITERAL+, IMAP4REV1, LOGIN-REFERRALS, IDLE, AUTH=LOGIN, SASL-IR, ID, ENABLE] capabilities for conn225000706
11-24 12:56:04.724 27301 27348 V RealImapConnection: conn225000706>>> 1 AUTHENTICATE PLAIN
11-24 12:56:04.770 27301 27348 V RealImapConnection: conn225000706<<<#+# []
11-24 12:56:04.829 27301 27348 V ImapResponseParser: conn225000706<<<#1# [OK, [CAPABILITY, IMAP4rev1, SASL-IR, LOGIN-REFERRALS, ID, ENABLE, IDLE, SORT, SORT=DISPLAY, THREAD=REFERENCES, THREAD=REFS, THREAD=ORDEREDSUBJECT, MULTIAPPEND, URL-PARTIAL, CATENATE, UNSELECT, CHILDREN, NAMESPACE, UIDPLUS, LIST-EXTENDED, I18NLEVEL=1, CONDSTORE, QRESYNC, ESEARCH, ESORT, SEARCHRES, WITHIN, CONTEXT=SEARCH, LIST-STATUS, BINARY, MOVE, SNIPPET=FUZZY, PREVIEW=FUZZY, PREVIEW, STATUS=SIZE, SAVEDATE, NAMESPACE, LITERAL+, NOTIFY, SPECIAL-USE, COMPRESS=DEFLATE, QUOTA], Logged in]
11-24 12:56:04.829 27301 27348 D RealImapConnection: Saving [URL-PARTIAL, NAMESPACE, LIST-STATUS, PREVIEW=FUZZY, QUOTA, THREAD=REFERENCES, BINARY, SAVEDATE, SASL-IR, WITHIN, MULTIAPPEND, SEARCHRES, ESORT, CONDSTORE, NOTIFY, STATUS=SIZE, I18NLEVEL=1, CATENATE, ID, SORT=DISPLAY, SPECIAL-USE, QRESYNC, UNSELECT, ENABLE, THREAD=ORDEREDSUBJECT, UIDPLUS, CHILDREN, COMPRESS=DEFLATE, CONTEXT=SEARCH, MOVE, SNIPPET=FUZZY, LITERAL+, IMAP4REV1, LOGIN-REFERRALS, IDLE, ESEARCH, SORT, LIST-EXTENDED, THREAD=REFS, PREVIEW] capabilities for conn225000706
11-24 12:56:04.830 27301 27348 V RealImapConnection: conn225000706>>> 2 COMPRESS DEFLATE
11-24 12:56:04.863 27301 27348 V ImapResponseParser: conn225000706<<<#2# [OK, Begin compression (0.001 + 0.000 secs).]
11-24 12:56:04.863 27301 27348 I RealImapConnection: Compression enabled for conn225000706
11-24 12:56:04.863 27301 27348 V RealImapConnection: conn225000706>>> 3 ID ("name" "K-9 Mail" "version" "8.1")
11-24 12:56:04.893 27301 27348 V ImapResponseParser: conn225000706<<<#null# [ID, [name, Dovecot]]
11-24 12:56:04.893 27301 27348 V ImapResponseParser: conn225000706<<<#3# [OK, ID completed (0.001 + 0.000 secs).]
11-24 12:56:04.893 27301 27348 I RealImapConnection: pathPrefix is unset and server has NAMESPACE capability
11-24 12:56:04.894 27301 27348 V RealImapConnection: conn225000706>>> 4 NAMESPACE
11-24 12:56:04.926 27301 27348 V ImapResponseParser: conn225000706<<<#null# [NAMESPACE, [[INBOX., .]], NIL, NIL]
11-24 12:56:04.926 27301 27348 V ImapResponseParser: conn225000706<<<#4# [OK, Namespace completed (0.001 + 0.000 secs).]
11-24 12:56:04.926 27301 27348 D RealImapConnection: Got path 'INBOX.' and separator '.'
11-24 12:56:04.926 27301 27348 V RealImapConnection: conn225000706>>> 5 LIST "" "INBOX.*" RETURN (SPECIAL-USE)
11-24 12:56:04.965 27301 27348 V ImapResponseParser: conn225000706<<<#null# [LIST, [\UnMarked], ., INBOX._Zoom links]
11-24 12:56:04.965 27301 27348 V ImapResponseParser: conn225000706<<<#null# [LIST, [\UnMarked], ., INBOX.BSLProj]
11-24 12:56:04.965 27301 27348 V ImapResponseParser: conn225000706<<<#null# [LIST, [\UnMarked], ., INBOX.Deets]
11-24 12:56:04.965 27301 27348 V ImapResponseParser: conn225000706<<<#null# [LIST, [\UnMarked], ., INBOX.SlackCommunity]
11-24 12:56:04.966 27301 27348 V ImapResponseParser: conn225000706<<<#null# [LIST, [\UnMarked], ., INBOX.CourtSupport]
11-24 12:56:04.966 27301 27348 V ImapResponseParser: conn225000706<<<#null# [LIST, [\UnMarked], ., INBOX.DisJustFunding]
11-24 12:56:04.966 27301 27348 V ImapResponseParser: conn225000706<<<#null# [LIST, [\UnMarked], ., INBOX.Priority]
11-24 12:56:04.966 27301 27348 V ImapResponseParser: conn225000706<<<#null# [LIST, [\Archive], ., INBOX.Archive]
11-24 12:56:04.966 27301 27348 V ImapResponseParser: conn225000706<<<#null# [LIST, [\UnMarked, \Archive], ., INBOX.Archives]
11-24 12:56:04.966 27301 27348 V ImapResponseParser: conn225000706<<<#null# [LIST, [\UnMarked], ., INBOX.Archives.2024]
11-24 12:56:04.966 27301 27348 V ImapResponseParser: conn225000706<<<#null# [LIST, [\UnMarked], ., INBOX.Archives.2023]
11-24 12:56:04.966 27301 27348 V ImapResponseParser: conn225000706<<<#null# [LIST, [\UnMarked], ., INBOX.Archives.2020]
11-24 12:56:04.966 27301 27348 V ImapResponseParser: conn225000706<<<#null# [LIST, [\UnMarked], ., INBOX.Archives.2022]
11-24 12:56:04.966 27301 27348 V ImapResponseParser: conn225000706<<<#null# [LIST, [\UnMarked], ., INBOX.Volunteers]
11-24 12:56:04.966 27301 27348 V ImapResponseParser: conn225000706<<<#null# [LIST, [\UnMarked], ., INBOX.WebsiteWrangling]
11-24 12:56:04.966 27301 27348 V ImapResponseParser: conn225000706<<<#null# [LIST, [\UnMarked], ., INBOX.CharityThings]
11-24 12:56:04.966 27301 27348 V ImapResponseParser: conn225000706<<<#null# [LIST, [\UnMarked], ., INBOX.Store]
11-24 12:56:04.967 27301 27348 V ImapResponseParser: conn225000706<<<#null# [LIST, [\UnMarked], ., INBOX.Financial]
11-24 12:56:04.967 27301 27348 V ImapResponseParser: conn225000706<<<#null# [LIST, [\UnMarked], ., INBOX.Important-Info]
11-24 12:56:04.967 27301 27348 V ImapResponseParser: conn225000706<<<#null# [LIST, [\Junk], ., INBOX.spam]
11-24 12:56:04.967 27301 27348 V ImapResponseParser: conn225000706<<<#null# [LIST, [\Marked, \Trash], ., INBOX.Trash]
11-24 12:56:04.967 27301 27348 V ImapResponseParser: conn225000706<<<#null# [LIST, [\UnMarked, \Sent], ., INBOX.Sent]
11-24 12:56:04.967 27301 27348 V ImapResponseParser: conn225000706<<<#null# [LIST, [], ., INBOX.Junk]
11-24 12:56:04.967 27301 27348 V ImapResponseParser: conn225000706<<<#null# [LIST, [\UnMarked, \Drafts], ., INBOX.Drafts]
11-24 12:56:04.967 27301 27348 V ImapResponseParser: conn225000706<<<#5# [OK, List completed (0.003 + 0.000 + 0.002 secs).]
