11-24 12:42:10.977 15252 15289 I NotificationManager: com.fsck.k9: notify(41, null, Notification(channel=messages_channel_9207f9b1-307e-46ff-99a0-176c05056138_1690912860 shortcut=null contentView=null vibrate=null sound=null tick defaults=0x0 flags=0x200 color=0xff669900 category=email groupKey=newMailNotifications-2 actions=1 vis=PRIVATE publicVersion=Notification(channel=messages_channel_9207f9b1-307e-46ff-99a0-176c05056138_1690912860 shortcut=null contentView=null vibrate=null sound=null defaults=0x0 flags=0x0 color=0xff669900 category=email vis=PRIVATE semFlags=0x0 semPriority=0 semMissedCount=0) semFlags=0x0 semPriority=0 semMissedCount=0)) as user
11-24 12:42:10.985 15252 15252 I SurfaceSyncGroup: addLocalSync=ViewRootImpl@608256f[MessageList]#1 to name=wmsSync-ViewRootImpl@608256f[MessageList]#0, callers=android.window.SurfaceSyncGroup.add:431 android.window.SurfaceSyncGroup.add:392 android.window.SurfaceSyncGroup.add:340 android.view.ViewRootImpl.createSyncIfNeeded:4912 android.view.ViewRootImpl.performTraversals:4796 android.view.ViewRootImpl.doTraversal:3345
11-24 12:42:10.995 15252 15315 I SurfaceSyncGroup: onTransactionReady mName=wmsSync-ViewRootImpl@608256f[MessageList]#0 callback=235140578
11-24 12:42:17.463 15252 15252 I SurfaceSyncGroup: addLocalSync=ViewRootImpl@9d0a950[MessageCompose]#3 to name=wmsSync-ViewRootImpl@9d0a950[MessageCompose]#2, callers=android.window.SurfaceSyncGroup.add:431 android.window.SurfaceSyncGroup.add:392 android.window.SurfaceSyncGroup.add:340 android.view.ViewRootImpl.createSyncIfNeeded:4912 android.view.ViewRootImpl.performTraversals:4796 android.view.ViewRootImpl.doTraversal:3345
11-24 12:42:17.468 15252 15315 I SurfaceSyncGroup: onTransactionReady mName=wmsSync-ViewRootImpl@9d0a950[MessageCompose]#2 callback=142091792
11-24 12:42:17.497 15252 15252 E AndroidRuntime: FATAL EXCEPTION: main
11-24 12:42:17.497 15252 15252 E AndroidRuntime: Process: com.fsck.k9, PID: 15252
11-24 12:42:17.497 15252 15252 E AndroidRuntime: java.lang.NullPointerException: Attempt to invoke virtual method 'java.lang.String java.lang.String.substring(int, int)' on a null object reference
11-24 12:42:17.497 15252 15252 E AndroidRuntime: at com.fsck.k9.ui.compose.QuotedMessagePresenter.processDraftMessage(QuotedMessagePresenter.java:287)
11-24 12:42:17.497 15252 15252 E AndroidRuntime: at com.fsck.k9.activity.MessageCompose.processDraftMessage(MessageCompose.java:1451)
11-24 12:42:17.497 15252 15252 E AndroidRuntime: at com.fsck.k9.activity.MessageCompose.processSourceMessage(MessageCompose.java:1262)
11-24 12:42:17.497 15252 15252 E AndroidRuntime: at com.fsck.k9.activity.MessageCompose.loadLocalMessageForDisplay(MessageCompose.java:1659)
11-24 12:42:17.497 15252 15252 E AndroidRuntime: at com.fsck.k9.activity.MessageCompose$11.onMessageViewInfoLoadFinished(MessageCompose.java:1679)
11-24 12:42:17.497 15252 15252 E AndroidRuntime: at com.fsck.k9.activity.MessageLoaderHelper.onDecodeMessageFinished(MessageLoaderHelper.java:405)
11-24 12:42:17.497 15252 15252 E AndroidRuntime: at com.fsck.k9.activity.MessageLoaderHelper.-$$Nest$monDecodeMessageFinished(MessageLoaderHelper.java:0)
11-24 12:42:17.497 15252 15252 E AndroidRuntime: at com.fsck.k9.activity.MessageLoaderHelper$3.onLoadFinished(MessageLoaderHelper.java:441)
11-24 12:42:17.497 15252 15252 E AndroidRuntime: at com.fsck.k9.activity.MessageLoaderHelper$3.onLoadFinished(MessageLoaderHelper.java:418)
11-24 12:42:17.497 15252 15252 E AndroidRuntime: at androidx.loader.app.LoaderManagerImpl$LoaderObserver.onChanged(LoaderManagerImpl.java:250)
11-24 12:42:17.497 15252 15252 E AndroidRuntime: at androidx.lifecycle.LiveData.considerNotify(LiveData.java:133)
11-24 12:42:17.497 15252 15252 E AndroidRuntime: at androidx.lifecycle.LiveData.dispatchingValue(LiveData.java:151)
11-24 12:42:17.497 15252 15252 E AndroidRuntime: at androidx.lifecycle.LiveData.setValue(LiveData.java:309)
11-24 12:42:17.497 15252 15252 E AndroidRuntime: at androidx.lifecycle.MutableLiveData.setValue(MutableLiveData.java:50)
11-24 12:42:17.497 15252 15252 E AndroidRuntime: at androidx.loader.app.LoaderManagerImpl$LoaderInfo.setValue(LoaderManagerImpl.java:189)
11-24 12:42:17.497 15252 15252 E AndroidRuntime: at androidx.loader.app.LoaderManagerImpl$LoaderInfo.onLoadComplete(LoaderManagerImpl.java:174)
11-24 12:42:17.497 15252 15252 E AndroidRuntime: at androidx.loader.content.Loader.deliverResult(Loader.java:132)
11-24 12:42:17.497 15252 15252 E AndroidRuntime: at com.fsck.k9.ui.message.LocalMessageExtractorLoader.deliverResult(LocalMessageExtractorLoader.java:47)
11-24 12:42:17.497 15252 15252 E AndroidRuntime: at com.fsck.k9.ui.message.LocalMessageExtractorLoader.deliverResult(LocalMessageExtractorLoader.java:16)
11-24 12:42:17.497 15252 15252 E AndroidRuntime: at androidx.loader.content.AsyncTaskLoader.dispatchOnLoadComplete(AsyncTaskLoader.java:258)
11-24 12:42:17.497 15252 15252 E AndroidRuntime: at androidx.loader.content.AsyncTaskLoader$LoadTask.onPostExecute(AsyncTaskLoader.java:83)
11-24 12:42:17.497 15252 15252 E AndroidRuntime: at androidx.loader.content.ModernAsyncTask.finish(ModernAsyncTask.java:490)
11-24 12:42:17.497 15252 15252 E AndroidRuntime: at androidx.loader.content.ModernAsyncTask$InternalHandler.handleMessage(ModernAsyncTask.java:507)
11-24 12:42:17.497 15252 15252 E AndroidRuntime: at android.os.Handler.dispatchMessage(Handler.java:106)
11-24 12:42:17.497 15252 15252 E AndroidRuntime: at android.os.Looper.loopOnce(Looper.java:230)
11-24 12:42:17.497 15252 15252 E AndroidRuntime: at android.os.Looper.loop(Looper.java:319)
11-24 12:42:17.497 15252 15252 E AndroidRuntime: at android.app.ActivityThread.main(ActivityThread.java:9063)
11-24 12:42:17.497 15252 15252 E AndroidRuntime: at java.lang.reflect.Method.invoke(Native Method)
11-24 12:42:17.497 15252 15252 E AndroidRuntime: at com.android.internal.os.RuntimeInit$MethodAndArgsCaller.run(RuntimeInit.java:588)
11-24 12:42:17.497 15252 15252 E AndroidRuntime: at com.android.internal.os.ZygoteInit.main(ZygoteInit.java:1103)
11-24 12:42:18.843 15732 15775 I NotificationManager: com.fsck.k9: notify(48, null, Notification(channel=messages_channel_9207f9b1-307e-46ff-99a0-176c05056138_1690912860 shortcut=null contentView=null vibrate=null sound=null tick defaults=0x0 flags=0x0 color=0xff669900 category=email groupKey=newMailNotifications-2 actions=2 vis=PRIVATE semFlags=0x0 semPriority=0 semMissedCount=0)) as user
11-24 12:42:18.847 15732 15775 I NotificationManager: com.fsck.k9: notify(47, null, Notification(channel=messages_channel_9207f9b1-307e-46ff-99a0-176c05056138_1690912860 shortcut=null contentView=null vibrate=null sound=null tick defaults=0x0 flags=0x0 color=0xff669900 category=email groupKey=newMailNotifications-2 actions=2 vis=PRIVATE semFlags=0x0 semPriority=0 semMissedCount=0)) as user
11-24 12:42:18.851 15732 15775 I NotificationManager: com.fsck.k9: notify(46, null, Notification(channel=messages_channel_9207f9b1-307e-46ff-99a0-176c05056138_1690912860 shortcut=null contentView=null vibrate=null sound=null tick defaults=0x0 flags=0x0 color=0xff669900 category=email groupKey=newMailNotifications-2 actions=2 vis=PRIVATE semFlags=0x0 semPriority=0 semMissedCount=0)) as user
11-24 12:42:18.853 15732 15775 I NotificationManager: com.fsck.k9: notify(45, null, Notification(channel=messages_channel_9207f9b1-307e-46ff-99a0-176c05056138_1690912860 shortcut=null contentView=null vibrate=null sound=null tick defaults=0x0 flags=0x0 color=0xff669900 category=email groupKey=newMailNotifications-2 actions=2 vis=PRIVATE semFlags=0x0 semPriority=0 semMissedCount=0)) as user
11-24 12:42:18.855 15732 15775 I NotificationManager: com.fsck.k9: notify(44, null, Notification(channel=messages_channel_9207f9b1-307e-46ff-99a0-176c05056138_1690912860 shortcut=null contentView=null vibrate=null sound=null tick defaults=0x0 flags=0x0 color=0xff669900 category=email groupKey=newMailNotifications-2 actions=2 vis=PRIVATE semFlags=0x0 semPriority=0 semMissedCount=0)) as user
11-24 12:42:18.857 15732 15775 I NotificationManager: com.fsck.k9: notify(43, null, Notification(channel=messages_channel_9207f9b1-307e-46ff-99a0-176c05056138_1690912860 shortcut=null contentView=null vibrate=null sound=null tick defaults=0x0 flags=0x0 color=0xff669900 category=email groupKey=newMailNotifications-2 actions=2 vis=PRIVATE semFlags=0x0 semPriority=0 semMissedCount=0)) as user
11-24 12:42:18.860 15732 15775 I NotificationManager: com.fsck.k9: notify(42, null, Notification(channel=messages_channel_9207f9b1-307e-46ff-99a0-176c05056138_1690912860 shortcut=null contentView=null vibrate=null sound=null tick defaults=0x0 flags=0x0 color=0xff669900 category=email groupKey=newMailNotifications-2 actions=2 vis=PRIVATE semFlags=0x0 semPriority=0 semMissedCount=0)) as user
11-24 12:42:18.863 15732 15775 I NotificationManager: com.fsck.k9: notify(41, null, Notification(channel=messages_channel_9207f9b1-307e-46ff-99a0-176c05056138_1690912860 shortcut=null contentView=null vibrate=null sound=null tick defaults=0x0 flags=0x200 color=0xff669900 category=email groupKey=newMailNotifications-2 actions=1 vis=PRIVATE publicVersion=Notification(channel=messages_channel_9207f9b1-307e-46ff-99a0-176c05056138_1690912860 shortcut=null contentView=null vibrate=null sound=null defaults=0x0 flags=0x0 color=0xff669900 category=email vis=PRIVATE semFlags=0x0 semPriority=0 semMissedCount=0) semFlags=0x0 semPriority=0 semMissedCount=0)) as user
11-24 12:42:18.894 15732 15732 I SurfaceSyncGroup: addLocalSync=ViewRootImpl@bf6c3b2[MessageList]#1 to name=wmsSync-ViewRootImpl@bf6c3b2[MessageList]#0, callers=android.window.SurfaceSyncGroup.add:431 android.window.SurfaceSyncGroup.add:392 android.window.SurfaceSyncGroup.add:340 android.view.ViewRootImpl.createSyncIfNeeded:4912 android.view.ViewRootImpl.performTraversals:4796 android.view.ViewRootImpl.doTraversal:3345
11-24 12:42:18.905 15732 15782 I SurfaceSyncGroup: onTransactionReady mName=wmsSync-ViewRootImpl@bf6c3b2[MessageList]#0 callback=41929086
11-24 12:42:22.711 15732 15732 I SurfaceSyncGroup: addLocalSync=ViewRootImpl@17d1e5d[SettingsActivity]#3 to name=wmsSync-ViewRootImpl@17d1e5d[SettingsActivity]#2, callers=android.window.SurfaceSyncGroup.add:431 android.window.SurfaceSyncGroup.add:392 android.window.SurfaceSyncGroup.add:340 android.view.ViewRootImpl.createSyncIfNeeded:4912 android.view.ViewRootImpl.performTraversals:4796 android.view.ViewRootImpl.doTraversal:3345
11-24 12:42:22.715 15732 15782 I SurfaceSyncGroup: onTransactionReady mName=wmsSync-ViewRootImpl@17d1e5d[SettingsActivity]#2 callback=8518430
11-24 12:42:28.906 15732 15732 I SurfaceSyncGroup: addLocalSync=ViewRootImpl@9b3c1c5[GeneralSettingsActivity]#5 to name=wmsSync-ViewRootImpl@9b3c1c5[GeneralSettingsActivity]#4, callers=android.window.SurfaceSyncGroup.add:431 android.window.SurfaceSyncGroup.add:392 android.window.SurfaceSyncGroup.add:340 android.view.ViewRootImpl.createSyncIfNeeded:4912 android.view.ViewRootImpl.performTraversals:4796 android.view.ViewRootImpl.doTraversal:3345
11-24 12:42:28.910 15732 15782 I SurfaceSyncGroup: onTransactionReady mName=wmsSync-ViewRootImpl@9b3c1c5[GeneralSettingsActivity]#4 callback=158965408
11-24 12:42:38.405 15732 15732 I SurfaceSyncGroup: addLocalSync=ViewRootImpl@484a4c6[PopupWindow:108308]#7 to name=wmsSync-ViewRootImpl@484a4c6[PopupWindow:108308]#6, callers=android.window.SurfaceSyncGroup.add:431 android.window.SurfaceSyncGroup.add:392 android.window.SurfaceSyncGroup.add:340 android.view.ViewRootImpl.createSyncIfNeeded:4912 android.view.ViewRootImpl.performTraversals:4796 android.view.ViewRootImpl.doTraversal:3345
11-24 12:42:38.407 15732 15782 I SurfaceSyncGroup: onTransactionReady mName=wmsSync-ViewRootImpl@484a4c6[PopupWindow:108308]#6 callback=231057997
11-24 12:42:38.415 15732 15732 I SurfaceSyncGroup: addLocalSync=ViewRootImpl@484a4c6[PopupWindow:108308]#9 to name=wmsSync-ViewRootImpl@484a4c6[PopupWindow:108308]#8, callers=android.window.SurfaceSyncGroup.add:431 android.window.SurfaceSyncGroup.add:392 android.window.SurfaceSyncGroup.add:340 android.view.ViewRootImpl.createSyncIfNeeded:4912 android.view.ViewRootImpl.performTraversals:4796 android.view.ViewRootImpl.doTraversal:3345
11-24 12:42:38.416 15732 15782 I SurfaceSyncGroup: onTransactionReady mName=wmsSync-ViewRootImpl@484a4c6[PopupWindow:108308]#8 callback=74390608
11-24 12:42:43.778 15732 15732 D Activity: onKeyDown(KEYCODE_BACK)
11-24 12:42:43.924 15732 15732 D Activity: onKeyUp(KEYCODE_BACK) isTracking()=true isCanceled()=false hasCallback=false
11-24 12:42:44.484 15732 15732 D Activity: onKeyDown(KEYCODE_BACK)
11-24 12:42:44.574 15732 15732 D Activity: onKeyUp(KEYCODE_BACK) isTracking()=true isCanceled()=false hasCallback=false
11-24 12:42:44.574 15732 15732 D Activity: onBackPressed
11-24 12:42:44.618 15732 15732 I SurfaceSyncGroup: addLocalSync=ViewRootImpl@17d1e5d[SettingsActivity]#11 to name=wmsSync-ViewRootImpl@17d1e5d[SettingsActivity]#10, callers=android.window.SurfaceSyncGroup.add:431 android.window.SurfaceSyncGroup.add:392 android.window.SurfaceSyncGroup.add:340 android.view.ViewRootImpl.createSyncIfNeeded:4912 android.view.ViewRootImpl.performTraversals:4796 android.view.ViewRootImpl.doTraversal:3345
11-24 12:42:44.631 15732 15782 I SurfaceSyncGroup: onTransactionReady mName=wmsSync-ViewRootImpl@17d1e5d[SettingsActivity]#10 callback=68066993
11-24 12:42:45.457 15732 15732 D Activity: onKeyDown(KEYCODE_BACK)
11-24 12:42:45.560 15732 15732 D Activity: onKeyUp(KEYCODE_BACK) isTracking()=true isCanceled()=false hasCallback=false
11-24 12:42:45.560 15732 15732 D Activity: onBackPressed
11-24 12:42:45.589 15732 15732 I SurfaceSyncGroup: addLocalSync=ViewRootImpl@bf6c3b2[MessageList]#13 to name=wmsSync-ViewRootImpl@bf6c3b2[MessageList]#12, callers=android.window.SurfaceSyncGroup.add:431 android.window.SurfaceSyncGroup.add:392 android.window.SurfaceSyncGroup.add:340 android.view.ViewRootImpl.createSyncIfNeeded:4912 android.view.ViewRootImpl.performTraversals:4796 android.view.ViewRootImpl.doTraversal:3345
11-24 12:42:45.596 15732 15782 I SurfaceSyncGroup: onTransactionReady mName=wmsSync-ViewRootImpl@bf6c3b2[MessageList]#12 callback=10937986
11-24 12:42:46.375 15732 15732 D Activity: onKeyDown(KEYCODE_BACK)
11-24 12:42:46.467 15732 15732 D Activity: onKeyUp(KEYCODE_BACK) isTracking()=true isCanceled()=false hasCallback=false
11-24 12:42:48.241 15732 15732 I SurfaceSyncGroup: addLocalSync=ViewRootImpl@bf6c3b2[MessageList]#15 to name=wmsSync-ViewRootImpl@bf6c3b2[MessageList]#14, callers=android.window.SurfaceSyncGroup.add:431 android.window.SurfaceSyncGroup.add:392 android.window.SurfaceSyncGroup.add:340 android.view.ViewRootImpl.createSyncIfNeeded:4912 android.view.ViewRootImpl.performTraversals:4796 android.view.ViewRootImpl.doTraversal:3345
11-24 12:42:48.247 15732 15782 I SurfaceSyncGroup: onTransactionReady mName=wmsSync-ViewRootImpl@bf6c3b2[MessageList]#14 callback=187156517
11-24 12:42:55.597 15732 15732 I SurfaceSyncGroup: addLocalSync=ViewRootImpl@f8895bd[MessageCompose]#17 to name=wmsSync-ViewRootImpl@f8895bd[MessageCompose]#16, callers=android.window.SurfaceSyncGroup.add:431 android.window.SurfaceSyncGroup.add:392 android.window.SurfaceSyncGroup.add:340 android.view.ViewRootImpl.createSyncIfNeeded:4912 android.view.ViewRootImpl.performTraversals:4796 android.view.ViewRootImpl.doTraversal:3345
11-24 12:42:55.602 15732 15782 I SurfaceSyncGroup: onTransactionReady mName=wmsSync-ViewRootImpl@f8895bd[MessageCompose]#16 callback=117643732
11-24 12:42:55.639 15732 15732 E AndroidRuntime: FATAL EXCEPTION: main
11-24 12:42:55.639 15732 15732 E AndroidRuntime: Process: com.fsck.k9, PID: 15732
11-24 12:42:55.639 15732 15732 E AndroidRuntime: java.lang.NullPointerException: Attempt to invoke virtual method 'java.lang.String java.lang.String.substring(int, int)' on a null object reference
11-24 12:42:55.639 15732 15732 E AndroidRuntime: at com.fsck.k9.ui.compose.QuotedMessagePresenter.processDraftMessage(QuotedMessagePresenter.java:287)
11-24 12:42:55.639 15732 15732 E AndroidRuntime: at com.fsck.k9.activity.MessageCompose.processDraftMessage(MessageCompose.java:1451)
11-24 12:42:55.639 15732 15732 E AndroidRuntime: at com.fsck.k9.activity.MessageCompose.processSourceMessage(MessageCompose.java:1262)
11-24 12:42:55.639 15732 15732 E AndroidRuntime: at com.fsck.k9.activity.MessageCompose.loadLocalMessageForDisplay(MessageCompose.java:1659)
11-24 12:42:55.639 15732 15732 E AndroidRuntime: at com.fsck.k9.activity.MessageCompose$11.onMessageViewInfoLoadFinished(MessageCompose.java:1679)
11-24 12:42:55.639 15732 15732 E AndroidRuntime: at com.fsck.k9.activity.MessageLoaderHelper.onDecodeMessageFinished(MessageLoaderHelper.java:405)
11-24 12:42:55.639 15732 15732 E AndroidRuntime: at com.fsck.k9.activity.MessageLoaderHelper.-$$Nest$monDecodeMessageFinished(MessageLoaderHelper.java:0)
11-24 12:42:55.639 15732 15732 E AndroidRuntime: at com.fsck.k9.activity.MessageLoaderHelper$3.onLoadFinished(MessageLoaderHelper.java:441)
11-24 12:42:55.639 15732 15732 E AndroidRuntime: at com.fsck.k9.activity.MessageLoaderHelper$3.onLoadFinished(MessageLoaderHelper.java:418)
11-24 12:42:55.639 15732 15732 E AndroidRuntime: at androidx.loader.app.LoaderManagerImpl$LoaderObserver.onChanged(LoaderManagerImpl.java:250)
11-24 12:42:55.639 15732 15732 E AndroidRuntime: at androidx.lifecycle.LiveData.considerNotify(LiveData.java:133)
11-24 12:42:55.639 15732 15732 E AndroidRuntime: at androidx.lifecycle.LiveData.dispatchingValue(LiveData.java:151)
11-24 12:42:55.639 15732 15732 E AndroidRuntime: at androidx.lifecycle.LiveData.setValue(LiveData.java:309)
11-24 12:42:55.639 15732 15732 E AndroidRuntime: at androidx.lifecycle.MutableLiveData.setValue(MutableLiveData.java:50)
11-24 12:42:55.639 15732 15732 E AndroidRuntime: at androidx.loader.app.LoaderManagerImpl$LoaderInfo.setValue(LoaderManagerImpl.java:189)
11-24 12:42:55.639 15732 15732 E AndroidRuntime: at androidx.loader.app.LoaderManagerImpl$LoaderInfo.onLoadComplete(LoaderManagerImpl.java:174)
11-24 12:42:55.639 15732 15732 E AndroidRuntime: at androidx.loader.content.Loader.deliverResult(Loader.java:132)
11-24 12:42:55.639 15732 15732 E AndroidRuntime: at com.fsck.k9.ui.message.LocalMessageExtractorLoader.deliverResult(LocalMessageExtractorLoader.java:47)
11-24 12:42:55.639 15732 15732 E AndroidRuntime: at com.fsck.k9.ui.message.LocalMessageExtractorLoader.deliverResult(LocalMessageExtractorLoader.java:16)
11-24 12:42:55.639 15732 15732 E AndroidRuntime: at androidx.loader.content.AsyncTaskLoader.dispatchOnLoadComplete(AsyncTaskLoader.java:258)
11-24 12:42:55.639 15732 15732 E AndroidRuntime: at androidx.loader.content.AsyncTaskLoader$LoadTask.onPostExecute(AsyncTaskLoader.java:83)
11-24 12:42:55.639 15732 15732 E AndroidRuntime: at androidx.loader.content.ModernAsyncTask.finish(ModernAsyncTask.java:490)
11-24 12:42:55.639 15732 15732 E AndroidRuntime: at androidx.loader.content.ModernAsyncTask$InternalHandler.handleMessage(ModernAsyncTask.java:507)
11-24 12:42:55.639 15732 15732 E AndroidRuntime: at android.os.Handler.dispatchMessage(Handler.java:106)
11-24 12:42:55.639 15732 15732 E AndroidRuntime: at android.os.Looper.loopOnce(Looper.java:230)
11-24 12:42:55.639 15732 15732 E AndroidRuntime: at android.os.Looper.loop(Looper.java:319)
11-24 12:42:55.639 15732 15732 E AndroidRuntime: at android.app.ActivityThread.main(ActivityThread.java:9063)
11-24 12:42:55.639 15732 15732 E AndroidRuntime: at java.lang.reflect.Method.invoke(Native Method)
11-24 12:42:55.639 15732 15732 E AndroidRuntime: at com.android.internal.os.RuntimeInit$MethodAndArgsCaller.run(RuntimeInit.java:588)
11-24 12:42:55.639 15732 15732 E AndroidRuntime: at com.android.internal.os.ZygoteInit.main(ZygoteInit.java:1103)
11-24 12:42:58.245 16341 16373 I NotificationManager: com.fsck.k9: notify(48, null, Notification(channel=messages_channel_9207f9b1-307e-46ff-99a0-176c05056138_1690912860 shortcut=null contentView=null vibrate=null sound=null tick defaults=0x0 flags=0x0 color=0xff669900 category=email groupKey=newMailNotifications-2 actions=2 vis=PRIVATE semFlags=0x0 semPriority=0 semMissedCount=0)) as user
11-24 12:42:58.247 16341 16373 I NotificationManager: com.fsck.k9: notify(47, null, Notification(channel=messages_channel_9207f9b1-307e-46ff-99a0-176c05056138_1690912860 shortcut=null contentView=null vibrate=null sound=null tick defaults=0x0 flags=0x0 color=0xff669900 category=email groupKey=newMailNotifications-2 actions=2 vis=PRIVATE semFlags=0x0 semPriority=0 semMissedCount=0)) as user
11-24 12:42:58.250 16341 16373 I NotificationManager: com.fsck.k9: notify(46, null, Notification(channel=messages_channel_9207f9b1-307e-46ff-99a0-176c05056138_1690912860 shortcut=null contentView=null vibrate=null sound=null tick defaults=0x0 flags=0x0 color=0xff669900 category=email groupKey=newMailNotifications-2 actions=2 vis=PRIVATE semFlags=0x0 semPriority=0 semMissedCount=0)) as user
11-24 12:42:58.252 16341 16373 I NotificationManager: com.fsck.k9: notify(45, null, Notification(channel=messages_channel_9207f9b1-307e-46ff-99a0-176c05056138_1690912860 shortcut=null contentView=null vibrate=null sound=null tick defaults=0x0 flags=0x0 color=0xff669900 category=email groupKey=newMailNotifications-2 actions=2 vis=PRIVATE semFlags=0x0 semPriority=0 semMissedCount=0)) as user
11-24 12:42:58.254 16341 16373 I NotificationManager: com.fsck.k9: notify(44, null, Notification(channel=messages_channel_9207f9b1-307e-46ff-99a0-176c05056138_1690912860 shortcut=null contentView=null vibrate=null sound=null tick defaults=0x0 flags=0x0 color=0xff669900 category=email groupKey=newMailNotifications-2 actions=2 vis=PRIVATE semFlags=0x0 semPriority=0 semMissedCount=0)) as user
11-24 12:42:58.256 16341 16373 I NotificationManager: com.fsck.k9: notify(43, null, Notification(channel=messages_channel_9207f9b1-307e-46ff-99a0-176c05056138_1690912860 shortcut=null contentView=null vibrate=null sound=null tick defaults=0x0 flags=0x0 color=0xff669900 category=email groupKey=newMailNotifications-2 actions=2 vis=PRIVATE semFlags=0x0 semPriority=0 semMissedCount=0)) as user
11-24 12:42:58.265 16341 16373 I NotificationManager: com.fsck.k9: notify(42, null, Notification(channel=messages_channel_9207f9b1-307e-46ff-99a0-176c05056138_1690912860 shortcut=null contentView=null vibrate=null sound=null tick defaults=0x0 flags=0x0 color=0xff669900 category=email groupKey=newMailNotifications-2 actions=2 vis=PRIVATE semFlags=0x0 semPriority=0 semMissedCount=0)) as user
11-24 12:42:58.272 16341 16373 I NotificationManager: com.fsck.k9: notify(41, null, Notification(channel=messages_channel_9207f9b1-307e-46ff-99a0-176c05056138_1690912860 shortcut=null contentView=null vibrate=null sound=null tick defaults=0x0 flags=0x200 color=0xff669900 category=email groupKey=newMailNotifications-2 actions=1 vis=PRIVATE publicVersion=Notification(channel=messages_channel_9207f9b1-307e-46ff-99a0-176c05056138_1690912860 shortcut=null contentView=null vibrate=null sound=null defaults=0x0 flags=0x0 color=0xff669900 category=email vis=PRIVATE semFlags=0x0 semPriority=0 semMissedCount=0) semFlags=0x0 semPriority=0 semMissedCount=0)) as user
11-24 12:42:58.313 16341 16341 I SurfaceSyncGroup: addLocalSync=ViewRootImpl@229c629[MessageList]#1 to name=wmsSync-ViewRootImpl@229c629[MessageList]#0, callers=android.window.SurfaceSyncGroup.add:431 android.window.SurfaceSyncGroup.add:392 android.window.SurfaceSyncGroup.add:340 android.view.ViewRootImpl.createSyncIfNeeded:4912 android.view.ViewRootImpl.performTraversals:4796 android.view.ViewRootImpl.doTraversal:3345
11-24 12:42:58.326 16341 16382 I SurfaceSyncGroup: onTransactionReady mName=wmsSync-ViewRootImpl@229c629[MessageList]#0 callback=166730802
11-24 12:43:06.245 16341 16341 I SurfaceSyncGroup: addLocalSync=ViewRootImpl@17d1e5d[SettingsActivity]#3 to name=wmsSync-ViewRootImpl@17d1e5d[SettingsActivity]#2, callers=android.window.SurfaceSyncGroup.add:431 android.window.SurfaceSyncGroup.add:392 android.window.SurfaceSyncGroup.add:340 android.view.ViewRootImpl.createSyncIfNeeded:4912 android.view.ViewRootImpl.performTraversals:4796 android.view.ViewRootImpl.doTraversal:3345
11-24 12:43:06.249 16341 16382 I SurfaceSyncGroup: onTransactionReady mName=wmsSync-ViewRootImpl@17d1e5d[SettingsActivity]#2 callback=8518430
11-24 12:43:08.054 16341 16341 I SurfaceSyncGroup: addLocalSync=ViewRootImpl@e8d4e09[GeneralSettingsActivity]#5 to name=wmsSync-ViewRootImpl@e8d4e09[GeneralSettingsActivity]#4, callers=android.window.SurfaceSyncGroup.add:431 android.window.SurfaceSyncGroup.add:392 android.window.SurfaceSyncGroup.add:340 android.view.ViewRootImpl.createSyncIfNeeded:4912 android.view.ViewRootImpl.performTraversals:4796 android.view.ViewRootImpl.doTraversal:3345
11-24 12:43:08.059 16341 16382 I SurfaceSyncGroup: onTransactionReady mName=wmsSync-ViewRootImpl@e8d4e09[GeneralSettingsActivity]#4 callback=82674484
11-24 12:43:13.660 16341 16341 I SurfaceSyncGroup: addLocalSync=ViewRootImpl@a25cb76[PopupWindow:36ebe38]#7 to name=wmsSync-ViewRootImpl@a25cb76[PopupWindow:36ebe38]#6, callers=android.window.SurfaceSyncGroup.add:431 android.window.SurfaceSyncGroup.add:392 android.window.SurfaceSyncGroup.add:340 android.view.ViewRootImpl.createSyncIfNeeded:4912 android.view.ViewRootImpl.performTraversals:4796 android.view.ViewRootImpl.doTraversal:3345
11-24 12:43:13.662 16341 16382 I SurfaceSyncGroup: onTransactionReady mName=wmsSync-ViewRootImpl@a25cb76[PopupWindow:36ebe38]#6 callback=204484628
11-24 12:43:13.663 16341 16341 I SurfaceSyncGroup: addLocalSync=ViewRootImpl@a25cb76[PopupWindow:36ebe38]#9 to name=wmsSync-ViewRootImpl@a25cb76[PopupWindow:36ebe38]#8, callers=android.window.SurfaceSyncGroup.add:431 android.window.SurfaceSyncGroup.add:392 android.window.SurfaceSyncGroup.add:340 android.view.ViewRootImpl.createSyncIfNeeded:4912 android.view.ViewRootImpl.performTraversals:4796 android.view.ViewRootImpl.doTraversal:3345
11-24 12:43:13.666 16341 16382 I SurfaceSyncGroup: onTransactionReady mName=wmsSync-ViewRootImpl@a25cb76[PopupWindow:36ebe38]#8 callback=36230659
11-24 12:43:20.078 16341 16341 I SurfaceSyncGroup: addLocalSync=ViewRootImpl@e8d4e09[GeneralSettingsActivity]#11 to name=wmsSync-ViewRootImpl@e8d4e09[GeneralSettingsActivity]#10, callers=android.window.SurfaceSyncGroup.add:431 android.window.SurfaceSyncGroup.add:392 android.window.SurfaceSyncGroup.add:340 android.view.ViewRootImpl.createSyncIfNeeded:4912 android.view.ViewRootImpl.performTraversals:4796 android.view.ViewRootImpl.doTraversal:3345
11-24 12:43:20.085 16341 16382 I SurfaceSyncGroup: onTransactionReady mName=wmsSync-ViewRootImpl@e8d4e09[GeneralSettingsActivity]#10 callback=174766547
11-24 12:48:06.287 16341 16341 I SurfaceSyncGroup: addLocalSync=ViewRootImpl@e8d4e09[GeneralSettingsActivity]#13 to name=wmsSync-ViewRootImpl@e8d4e09[GeneralSettingsActivity]#12, callers=android.window.SurfaceSyncGroup.add:431 android.window.SurfaceSyncGroup.add:392 android.window.SurfaceSyncGroup.add:340 android.view.ViewRootImpl.createSyncIfNeeded:4912 android.view.ViewRootImpl.performTraversals:4796 android.view.ViewRootImpl.doTraversal:3345
11-24 12:48:06.328 16341 16382 I SurfaceSyncGroup: onTransactionReady mName=wmsSync-ViewRootImpl@e8d4e09[GeneralSettingsActivity]#12 callback=44413205
11-24 12:48:10.841 16341 16341 I SurfaceSyncGroup: addLocalSync=ViewRootImpl@39691e7[PopupWindow:b32b901]#15 to name=wmsSync-ViewRootImpl@39691e7[PopupWindow:b32b901]#14, callers=android.window.SurfaceSyncGroup.add:431 android.window.SurfaceSyncGroup.add:392 android.window.SurfaceSyncGroup.add:340 android.view.ViewRootImpl.createSyncIfNeeded:4912 android.view.ViewRootImpl.performTraversals:4796 android.view.ViewRootImpl.doTraversal:3345
11-24 12:48:10.844 16341 16382 I SurfaceSyncGroup: onTransactionReady mName=wmsSync-ViewRootImpl@39691e7[PopupWindow:b32b901]#14 callback=204974020
11-24 12:48:10.846 16341 16341 I SurfaceSyncGroup: addLocalSync=ViewRootImpl@39691e7[PopupWindow:b32b901]#17 to name=wmsSync-ViewRootImpl@39691e7[PopupWindow:b32b901]#16, callers=android.window.SurfaceSyncGroup.add:431 android.window.SurfaceSyncGroup.add:392 android.window.SurfaceSyncGroup.add:340 android.view.ViewRootImpl.createSyncIfNeeded:4912 android.view.ViewRootImpl.performTraversals:4796 android.view.ViewRootImpl.doTraversal:3345
11-24 12:48:10.847 16341 16382 I SurfaceSyncGroup: onTransactionReady mName=wmsSync-ViewRootImpl@39691e7[PopupWindow:b32b901]#16 callback=71677299
11-24 12:48:15.423 16341 16341 D Activity: onKeyDown(KEYCODE_BACK)
11-24 12:48:15.631 16341 16341 D Activity: onKeyUp(KEYCODE_BACK) isTracking()=true isCanceled()=false hasCallback=false
11-24 12:48:22.248 16341 16341 D Activity: onKeyDown(KEYCODE_BACK)
11-24 12:48:22.375 16341 16341 D Activity: onKeyUp(KEYCODE_BACK) isTracking()=true isCanceled()=false hasCallback=false
11-24 12:48:22.375 16341 16341 D Activity: onBackPressed
11-24 12:48:22.418 16341 16341 I SurfaceSyncGroup: addLocalSync=ViewRootImpl@17d1e5d[SettingsActivity]#19 to name=wmsSync-ViewRootImpl@17d1e5d[SettingsActivity]#18, callers=android.window.SurfaceSyncGroup.add:431 android.window.SurfaceSyncGroup.add:392 android.window.SurfaceSyncGroup.add:340 android.view.ViewRootImpl.createSyncIfNeeded:4912 android.view.ViewRootImpl.performTraversals:4796 android.view.ViewRootImpl.doTraversal:3345
11-24 12:48:22.429 16341 16382 I SurfaceSyncGroup: onTransactionReady mName=wmsSync-ViewRootImpl@17d1e5d[SettingsActivity]#18 callback=231603790
11-24 12:48:23.472 16341 16341 D Activity: onKeyDown(KEYCODE_BACK)
11-24 12:48:23.540 16341 16341 D Activity: onKeyUp(KEYCODE_BACK) isTracking()=true isCanceled()=false hasCallback=false
11-24 12:48:23.540 16341 16341 D Activity: onBackPressed
11-24 12:48:23.581 16341 16341 I SurfaceSyncGroup: addLocalSync=ViewRootImpl@229c629[MessageList]#21 to name=wmsSync-ViewRootImpl@229c629[MessageList]#20, callers=android.window.SurfaceSyncGroup.add:431 android.window.SurfaceSyncGroup.add:392 android.window.SurfaceSyncGroup.add:340 android.view.ViewRootImpl.createSyncIfNeeded:4912 android.view.ViewRootImpl.performTraversals:4796 android.view.ViewRootImpl.doTraversal:3345
11-24 12:48:23.612 16341 16382 I SurfaceSyncGroup: onTransactionReady mName=wmsSync-ViewRootImpl@229c629[MessageList]#20 callback=57975269
11-24 12:48:30.997 16341 16341 I SurfaceSyncGroup: addLocalSync=ViewRootImpl@900219a[MessageList]#23 to name=wmsSync-ViewRootImpl@900219a[MessageList]#22, callers=android.window.SurfaceSyncGroup.add:431 android.window.SurfaceSyncGroup.add:392 android.window.SurfaceSyncGroup.add:340 android.view.ViewRootImpl.createSyncIfNeeded:4912 android.view.ViewRootImpl.performTraversals:4796 android.view.ViewRootImpl.doTraversal:3345
11-24 12:48:31.002 16341 16382 I SurfaceSyncGroup: onTransactionReady mName=wmsSync-ViewRootImpl@900219a[MessageList]#22 callback=253187640
11-24 12:48:33.266 16341 16341 I SurfaceSyncGroup: addLocalSync=ViewRootImpl@5528400[MessageList]#25 to name=wmsSync-ViewRootImpl@5528400[MessageList]#24, callers=android.window.SurfaceSyncGroup.add:431 android.window.SurfaceSyncGroup.add:392 android.window.SurfaceSyncGroup.add:340 android.view.ViewRootImpl.createSyncIfNeeded:4912 android.view.ViewRootImpl.performTraversals:4796 android.view.ViewRootImpl.doTraversal:3345
11-24 12:48:33.276 16341 16382 I SurfaceSyncGroup: onTransactionReady mName=wmsSync-ViewRootImpl@5528400[MessageList]#24 callback=32848703 --------- beginning of main
11-24 12:50:05.774 16341 16341 I ViewRootImpl@5528400[MessageList]: handleAppVisibility mAppVisible = false visible = true
11-24 12:50:05.775 16341 16341 I ViewRootImpl@5528400[MessageList]: stopped(false) old = true
11-24 12:50:05.775 16341 16341 D ViewRootImpl@5528400[MessageList]: WindowStopped on com.fsck.k9/com.fsck.k9.activity.MessageList set to false
11-24 12:50:05.834 16341 16341 D ConnectivityManager: StackLog: [android.net.ConnectivityManager.sendRequestForNetwork(ConnectivityManager.java:4402)] [android.net.ConnectivityManager.registerDefaultNetworkCallbackForUid(ConnectivityManager.java:4966)] [android.net.ConnectivityManager.registerDefaultNetworkCallback(ConnectivityManager.java:4933)] [android.net.ConnectivityManager.registerDefaultNetworkCallback(ConnectivityManager.java:4907)] [androidx.work.impl.utils.NetworkApi24$$ExternalSyntheticApiModelOutline0.m(R8$$SyntheticClass:0)] [com.bumptech.glide.manager.SingletonConnectivityReceiver$FrameworkConnectivityMonitorPostApi24.register(SingletonConnectivityReceiver.java:191)] [com.bumptech.glide.manager.SingletonConnectivityReceiver.maybeRegisterReceiver(SingletonConnectivityReceiver.java:113)] [com.bumptech.glide.manager.SingletonConnectivityReceiver.register(SingletonConnectivityReceiver.java:94)] [com.bumptech.glide.manager.DefaultConnectivityMonitor.register(DefaultConnectivityMonitor.java:25)] [com.bumptech.glide.manager.DefaultConnectivityMonitor.onStart(DefaultConnectivityMonitor.java:34)] [com.bumptech.glide.manager.LifecycleLifecycle.onStart(LifecycleLifecycle.java:28)] [java.lang.reflect.Method.invoke(Native Method)] [androidx.lifecycle.ClassesInfoCache$MethodReference.invokeCallback(ClassesInfoCache.java:225)] [androidx.lifecycle.ClassesInfoCache$CallbackInfo.invokeMethodsForEvent(ClassesInfoCache.java:199)] [androidx.lifecycle.ClassesInfoCache$CallbackInfo.invokeCallbacks(ClassesInfoCache.java:190)] [androidx.lifecycle.ReflectiveGenericLifecycleObserver.onStateChanged(ReflectiveGenericLifecycleObserver.java:40)] [androidx.lifecycle.LifecycleRegistry$ObserverWithState.dispatchEvent(LifecycleRegistry.jvm.kt:320)] [androidx.lifecycle.LifecycleRegistry.forwardPass(LifecycleRegistry.jvm.kt:257)] [androidx.lifecycle.LifecycleRegistry.sync(LifecycleRegistry.jvm.kt:293)] [androidx.lifecycle.LifecycleRegistry.moveToState(LifecycleRegistry.jvm.kt:142)] [androidx.lifecycle.LifecycleRegistry.handleLifecycleEvent(LifecycleRegistry.jvm.kt:124)] [androidx.lifecycle.ReportFragment$Companion.dispatch$lifecycle_runtime_release(ReportFragment.android.kt:190)] [androidx.lifecycle.ReportFragment$LifecycleCallbacks.onActivityPostStarted(ReportFragment.android.kt:119)] [android.app.Activity.dispatchActivityPostStarted(Activity.java:1526)] [android.app.Activity.performStart(Activity.java:9073)] [android.app.ActivityThread.handleStartActivity(ActivityThread.java:4206)] [android.app.servertransaction.TransactionExecutor.performLifecycleSequence(TransactionExecutor.java:225)] [android.app.servertransaction.TransactionExecutor.cycleToPath(TransactionExecutor.java:205)] [android.app.servertransaction.TransactionExecutor.executeLifecycleState(TransactionExecutor.java:177)] [android.app.servertransaction.TransactionExecutor.execute(TransactionExecutor.java:98)] [android.app.ActivityThread$H.handleMessage(ActivityThread.java:2693)]
11-24 12:50:05.853 16341 16341 I InsetsSourceConsumer: applyRequestedVisibilityToControl: visible=true, type=navigationBars, host=com.fsck.k9/com.fsck.k9.activity.MessageList
11-24 12:50:05.854 16341 16341 I InsetsSourceConsumer: applyRequestedVisibilityToControl: visible=true, type=statusBars, host=com.fsck.k9/com.fsck.k9.activity.MessageList
11-24 12:50:05.854 16341 16341 I BufferQueueProducer: [](id:3fd50000000b,api:0,p:114,c:16341) setDequeueTimeout:2077252342
11-24 12:50:05.854 16341 16341 I BLASTBufferQueue_Java: new BLASTBufferQueue, mName= ViewRootImpl@5528400[MessageList] mNativeObject= 0xb4000074ff8bc100 sc.mNativeObject= 0xb4000074ffcf43c0 caller= android.view.ViewRootImpl.updateBlastSurfaceIfNeeded:3085 android.view.ViewRootImpl.relayoutWindow:10224 android.view.ViewRootImpl.performTraversals:4167 android.view.ViewRootImpl.doTraversal:3345 android.view.ViewRootImpl$TraversalRunnable.run:11437 android.view.Choreographer$CallbackRecord.run:1690 android.view.Choreographer$CallbackRecord.run:1699 android.view.Choreographer.doCallbacks:1154 android.view.Choreographer.doFrame:1080 android.view.Choreographer$FrameDisplayEventReceiver.run:1647
11-24 12:50:05.854 16341 16341 I BLASTBufferQueue_Java: update, w= 1080 h= 2316 mName = ViewRootImpl@5528400[MessageList] mNativeObject= 0xb4000074ff8bc100 sc.mNativeObject= 0xb4000074ffcf43c0 format= -1 caller= android.graphics.BLASTBufferQueue.:89 android.view.ViewRootImpl.updateBlastSurfaceIfNeeded:3085 android.view.ViewRootImpl.relayoutWindow:10224 android.view.ViewRootImpl.performTraversals:4167 android.view.ViewRootImpl.doTraversal:3345 android.view.ViewRootImpl$TraversalRunnable.run:11437
11-24 12:50:05.855 16341 16341 I ViewRootImpl@5528400[MessageList]: Relayout returned: old=(0,0,1080,2316) new=(0,0,1080,2316) relayoutAsync=false req=(1080,2316)0 dur=7 res=0x403 s={true 0xb400007480486000} ch=true seqId=0
11-24 12:50:05.855 16341 16341 D ViewRootImpl@5528400[MessageList]: mThreadedRenderer.initialize() mSurface={isValid=true 0xb400007480486000} hwInitialized=true
11-24 12:50:05.855 16341 16382 I AdrenoGLES-0: QUALCOMM build : 7b26bdd942, Iab69c31769
11-24 12:50:05.855 16341 16382 I AdrenoGLES-0: Build Date : 08/28/23
11-24 12:50:05.855 16341 16382 I AdrenoGLES-0: OpenGL ES Shader Compiler Version: E031.41.03.44
11-24 12:50:05.855 16341 16382 I AdrenoGLES-0: Local Branch :
11-24 12:50:05.855 16341 16382 I AdrenoGLES-0: Remote Branch : refs/tags/AU_LINUX_ANDROID_LA.VENDOR.13.2.0.11.00.00.855.659
11-24 12:50:05.855 16341 16382 I AdrenoGLES-0: Remote Branch : NONE
11-24 12:50:05.855 16341 16382 I AdrenoGLES-0: Reconstruct Branch : NOTHING
11-24 12:50:05.855 16341 16382 I AdrenoGLES-0: Build Config : S P 14.1.4 AArch64
11-24 12:50:05.855 16341 16382 I AdrenoGLES-0: Driver Path : /vendor/lib64/egl/libGLESv2_adreno.so
11-24 12:50:05.855 16341 16382 I AdrenoGLES-0: Driver Version : 0676.42
11-24 12:50:05.857 16341 16341 D ViewRootImpl@5528400[MessageList]: reportNextDraw android.view.ViewRootImpl.performTraversals:4781 android.view.ViewRootImpl.doTraversal:3345 android.view.ViewRootImpl$TraversalRunnable.run:11437 android.view.Choreographer$CallbackRecord.run:1690 android.view.Choreographer$CallbackRecord.run:1699
11-24 12:50:05.857 16341 16341 I ViewRootImpl@5528400[MessageList]: Setup new sync=wmsSync-ViewRootImpl@5528400[MessageList]#26
11-24 12:50:05.857 16341 16341 I ViewRootImpl@5528400[MessageList]: Creating new active sync group ViewRootImpl@5528400[MessageList]#27
11-24 12:50:05.857 16341 16341 I SurfaceSyncGroup: addLocalSync=ViewRootImpl@5528400[MessageList]#27 to name=wmsSync-ViewRootImpl@5528400[MessageList]#26, callers=android.window.SurfaceSyncGroup.add:431 android.window.SurfaceSyncGroup.add:392 android.window.SurfaceSyncGroup.add:340 android.view.ViewRootImpl.createSyncIfNeeded:4912 android.view.ViewRootImpl.performTraversals:4796 android.view.ViewRootImpl.doTraversal:3345
11-24 12:50:05.864 16341 16382 I AdrenoGLES-0: PFP: 0x01740158, ME: 0x00000000
11-24 12:50:05.866 16341 16382 W Adreno-AppProfiles: Could not find QSPM HAL service. Skipping adreno profile processing.
11-24 12:50:05.873 16341 16341 I ViewRootImpl@5528400[MessageList]: registerCallbacksForSync syncBuffer=false
11-24 12:50:05.877 16341 16397 I ViewRootImpl@5528400[MessageList]: Received frameDrawingCallback syncResult=0 frameNum=1.
11-24 12:50:05.878 16341 16397 I ViewRootImpl@5528400[MessageList]: mWNT: t=0xb4000074f6728080 mBlastBufferQueue=0xb4000074ff8bc100 fn= 1 mRenderHdrSdrRatio=1.0 caller= android.view.ViewRootImpl$8.onFrameDraw:13946 android.view.ThreadedRenderer$1.onFrameDraw:792
11-24 12:50:05.878 16341 16397 I ViewRootImpl@5528400[MessageList]: Setting up sync and frameCommitCallback
11-24 12:50:05.886 16341 16382 I BLASTBufferQueue: [ViewRootImpl@5528400[MessageList]#11](f:0,a:0,s:0) onFrameAvailable the first frame is available
11-24 12:50:05.886 16341 16382 I ViewRootImpl@5528400[MessageList]: Received frameCommittedCallback lastAttemptedDrawFrameNum=1 didProduceBuffer=true
11-24 12:50:05.887 16341 16382 I SurfaceSyncGroup: onTransactionReady mName=wmsSync-ViewRootImpl@5528400[MessageList]#26 callback=197993447
11-24 12:50:05.887 16341 16341 I ViewRootImpl@5528400[MessageList]: reportDrawFinished seqId=0
11-24 12:50:05.888 16341 16341 I InsetsController: onStateChanged: host=com.fsck.k9/com.fsck.k9.activity.MessageList, from=android.view.ViewRootImpl$ViewRootHandler.handleMessageImpl:7279, state=InsetsState: {mDisplayFrame=Rect(0, 0 - 1080, 2316), mDisplayCutout=DisplayCutout{insets=Rect(0, 75 - 0, 0) waterfall=Insets{left=0, top=0, right=0, bottom=0} boundingRect={Bounds=[Rect(0, 0 - 0, 0), Rect(513, 0 - 567, 75), Rect(0, 0 - 0, 0), Rect(0, 0 - 0, 0)]} cutoutPathParserInfo={CutoutPathParserInfo{displayWidth=1080 displayHeight=2316 physicalDisplayWidth=1080 physicalDisplayHeight=2316 density={2.8125} cutoutSpec={M 0,0 H -9.466666666666667 V 26.66666666666667‬ H 9.466666666666667 V 0 H 0 Z @dp} rotation={0} scale={1.0} physicalPixelDisplaySizeRatio={1.0}}}}, mRoundedCorners=RoundedCorners{[RoundedCorner{position=TopLeft, radius=8, center=Point(8, 8)}, RoundedCorner{position=TopRight, radius=8, center=Point(1072, 8)}, RoundedCorner{position=BottomRight, radius=8, center=Point(1072, 2308)}, RoundedCorner{position=BottomLeft, radius=8, center=Point(8, 2308)}]} mRoundedCornerFrame=Rect(0, 0 - 1080, 2316), mPrivacyIndicatorBounds=PrivacyIndicatorBounds {static bounds=Rect(956, 0 - 1080, 75) rotation=0}, mDisplayShape=DisplayShape{ spec=-311912193 displayWidth=1440 displayHeight=3088 physicalPixelDisplaySizeRatio=1.0 rotation=0 offsetX=0 offsetY=0 scale=1.0}, mSources= { InsetsSource: {fd920000 mType=statusBars mFrame=[0,0][1080,75] mVisible=true mFlags=[]}, InsetsSource: {fd920005 mType=mandatorySystemGestures mFrame=[0,0][1080,109] mVisible=true mFlags=[]}, InsetsSource: {fd920006 mType=tappableElement mFrame=[0,0][1080,75] mVisible=true mFlags=[]}, InsetsSource: {27 mType=displayCutout mFrame=[0,0][1080,75] mVisible=true mFlags=[]}, InsetsSource: {174a0001 mType=navigationBars mFrame=[0,2181][1080,2316] mVisible=true mFlags=[]}, InsetsSource: {174a0004 mType=systemGestures mFrame=[0,0][0,0] mVisible=true mFlags=[]}, InsetsSource: {174a0005 mType=mandatorySystemGestures mFrame=[0,2181][1080,2316] mVisible=true mFlags=[]}, InsetsSource: {174a0006 mType=tappableElement mFrame=[0,2181][1080,2316] mVisible=true mFlags=[]}, InsetsSource: {174a0024 mType=systemGestures mFrame=[0,0][0,0] mVisible=true mFlags=[]} }
11-24 12:50:05.888 16341 16341 I ViewRootImpl@5528400[MessageList]: onDisplayChanged oldDisplayState=2 newDisplayState=2
11-24 12:50:05.896 16341 16341 I ViewRootImpl@5528400[MessageList]: handleWindowFocusChanged: 1 0 call from android.view.ViewRootImpl.-$$Nest$mhandleWindowFocusChanged:0
11-24 12:50:05.896 16341 16341 D ViewRootImpl@5528400[MessageList]: mThreadedRenderer.initializeIfNeeded()#2 mSurface={isValid=true 0xb400007480486000}
11-24 12:50:05.897 16341 16341 D InputMethodManagerUtils: startInputInner - Id : 0
11-24 12:50:05.897 16341 16341 I InputMethodManager: startInputInner - IInputMethodManagerGlobalInvoker.startInputOrWindowGainedFocus
11-24 12:50:05.906 16341 22496 I ViewRootImpl@5528400[MessageList]: Resizing android.view.ViewRootImpl@d3e1783: frame = [0,0][1080,2316] reportDraw = false forceLayout = false syncSeqId = -1
11-24 12:50:05.918 16341 16341 I InputMethodManager: invalidateInput
11-24 12:50:05.918 16341 16341 I InputMethodManager: invalidateInput
11-24 12:50:05.919 16341 16341 I InputMethodManager: invalidateInput
11-24 12:50:05.925 16341 16341 I InsetsController: onStateChanged: host=com.fsck.k9/com.fsck.k9.activity.MessageList, from=android.view.ViewRootImpl$ViewRootHandler.handleMessageImpl:7279, state=InsetsState: {mDisplayFrame=Rect(0, 0 - 1080, 2316), mDisplayCutout=DisplayCutout{insets=Rect(0, 75 - 0, 0) waterfall=Insets{left=0, top=0, right=0, bottom=0} boundingRect={Bounds=[Rect(0, 0 - 0, 0), Rect(513, 0 - 567, 75), Rect(0, 0 - 0, 0), Rect(0, 0 - 0, 0)]} cutoutPathParserInfo={CutoutPathParserInfo{displayWidth=1080 displayHeight=2316 physicalDisplayWidth=1080 physicalDisplayHeight=2316 density={2.8125} cutoutSpec={M 0,0 H -9.466666666666667 V 26.66666666666667‬ H 9.466666666666667 V 0 H 0 Z @dp} rotation={0} scale={1.0} physicalPixelDisplaySizeRatio={1.0}}}}, mRoundedCorners=RoundedCorners{[RoundedCorner{position=TopLeft, radius=8, center=Point(8, 8)}, RoundedCorner{position=TopRight, radius=8, center=Point(1072, 8)}, RoundedCorner{position=BottomRight, radius=8, center=Point(1072, 2308)}, RoundedCorner{position=BottomLeft, radius=8, center=Point(8, 2308)}]} mRoundedCornerFrame=Rect(0, 0 - 1080, 2316), mPrivacyIndicatorBounds=PrivacyIndicatorBounds {static bounds=Rect(956, 0 - 1080, 75) rotation=0}, mDisplayShape=DisplayShape{ spec=-311912193 displayWidth=1440 displayHeight=3088 physicalPixelDisplaySizeRatio=1.0 rotation=0 offsetX=0 offsetY=0 scale=1.0}, mSources= { InsetsSource: {fd920000 mType=statusBars mFrame=[0,0][1080,75] mVisible=true mFlags=[]}, InsetsSource: {fd920005 mType=mandatorySystemGestures mFrame=[0,0][1080,109] mVisible=true mFlags=[]}, InsetsSource: {fd920006 mType=tappableElement mFrame=[0,0][1080,75] mVisible=true mFlags=[]}, InsetsSource: {3 mType=ime mFrame=[0,0][0,0] mVisible=false mFlags=[]}, InsetsSource: {27 mType=displayCutout mFrame=[0,0][1080,75] mVisible=true mFlags=[]}, InsetsSource: {174a0001 mType=navigationBars mFrame=[0,2181][1080,2316] mVisible=true mFlags=[]}, InsetsSource: {174a0004 mType=systemGestures mFrame=[0,0][0,0] mVisible=true mFlags=[]}, InsetsSource: {174a0005 mType=mandatorySystemGestures mFrame=[0,2181][1080,2316] mVisible=true mFlags=[]}, InsetsSource: {174a0006 mType=tappableElement mFrame=[0,2181][1080,2316] mVisible=true mFlags=[]}, InsetsSource: {174a0024 mType=systemGestures mFrame=[0,0][0,0] mVisible=true mFlags=[]} }
11-24 12:50:05.925 16341 16341 I InsetsSourceConsumer: applyRequestedVisibilityToControl: visible=false, type=ime, host=com.fsck.k9/com.fsck.k9.activity.MessageList
11-24 12:50:05.926 16341 16341 I ViewRootImpl@5528400[MessageList]: handleResized, msg = 4 frames=ClientWindowFrames{frame=[0,0][1080,2316] display=[0,0][1080,2316] parentFrame=[0,0][0,0]} forceNextWindowRelayout=false displayId=0 dragResizing=false compatScale=1.0 frameChanged=false attachedFrameChanged=false configChanged=false displayChanged=false compatScaleChanged=false
11-24 12:50:09.595 16341 16341 I ViewRootImpl@5528400[MessageList]: ViewPostIme pointer 0
11-24 12:50:09.607 16341 16341 I GestureDetector: obtain mCurrentDownEvent. id: 579943596 caller: androidx.core.view.GestureDetectorCompat.onTouchEvent:98 app.k9mail.ui.utils.itemtouchhelper.ItemTouchHelper$2.onInterceptTouchEvent:314 androidx.recyclerview.widget.RecyclerView.findInterceptingOnItemTouchListener:3583
11-24 12:50:09.609 16341 16341 I GestureDetector: obtain mCurrentMotionEventRaw. action: 2 id: 125739603
11-24 12:50:09.747 16341 16341 I ViewRootImpl@5528400[MessageList]: ViewPostIme pointer 1
11-24 12:50:09.779 16341 16341 I InputMethodManager: invalidateInput
11-24 12:50:09.779 16341 16341 I ImeTracker: com.fsck.k9:b7e7d5a7: onRequestHide at ORIGIN_CLIENT_HIDE_SOFT_INPUT reason HIDE_SOFT_INPUT
11-24 12:50:09.780 16341 16341 I InputMethodManager_LC: hsifw() - flag : 0
11-24 12:50:09.780 16341 16341 I InputMethodManager_LC: hsifw() - mService.hideSoftInput
11-24 12:50:09.799 16341 16341 I DecorView: setWindowBackground: isPopOver=false color=ff131314 d=android.graphics.drawable.ColorDrawable@c6b1c90
11-24 12:50:09.804 16341 16341 D ScrollView: initGoToTop
11-24 12:50:09.813 16341 16341 I InputMethodManager: invalidateInput
11-24 12:50:09.814 16341 16341 I InputMethodManager: invalidateInput
11-24 12:50:09.815 16341 16341 I InputMethodManager: invalidateInput
11-24 12:50:09.816 16341 16341 I InputMethodManager: invalidateInput
11-24 12:50:09.817 16341 16341 I InputMethodManager: invalidateInput
11-24 12:50:09.817 16341 16341 I InputMethodManager: invalidateInput
11-24 12:50:09.818 16341 16341 I InputMethodManager: invalidateInput
11-24 12:50:09.818 16341 16341 I InputMethodManager: invalidateInput
11-24 12:50:09.819 16341 16341 I InputMethodManager: invalidateInput
11-24 12:50:09.819 16341 16341 I InputMethodManager: invalidateInput
11-24 12:50:09.819 16341 16341 I InputMethodManager: invalidateInput
11-24 12:50:09.821 16341 16341 I InputMethodManager: invalidateInput
11-24 12:50:09.821 16341 16341 I InputMethodManager: invalidateInput
11-24 12:50:09.822 16341 16341 I InputMethodManager: invalidateInput
11-24 12:50:09.822 16341 16341 I InputMethodManager: invalidateInput
11-24 12:50:09.824 16341 16341 I InputMethodManager: invalidateInput
11-24 12:50:09.824 16341 16341 I InputMethodManager: invalidateInput
11-24 12:50:09.827 16341 16341 W ziparchive: Unable to open '/data/app/~~L3-Fg_eSm53eOspiRjga3A==/com.google.android.trichromelibrary_672310733-NUA1vpi48gd9WblKoXlncQ==/base.dm': No such file or directory
11-24 12:50:09.827 16341 16341 W ziparchive: Unable to open '/data/app/~~L3-Fg_eSm53eOspiRjga3A==/com.google.android.trichromelibrary_672310733-NUA1vpi48gd9WblKoXlncQ==/base.dm': No such file or directory
11-24 12:50:09.827 16341 16341 W com.fsck.k9: Entry not found
11-24 12:50:09.828 16341 16341 D nativeloader: Configuring clns-5 for other apk /data/app/~~L3-Fg_eSm53eOspiRjga3A==/com.google.android.trichromelibrary_672310733-NUA1vpi48gd9WblKoXlncQ==/base.apk. target_sdk_version=34, uses_libraries=ALL, library_path=/data/app/~~wuEKnBlzYMmDoxSeysBTBA==/com.google.android.webview-V3AGHCLikvh6ZuLkO6OcaQ==/lib/arm64:/data/app/~~wuEKnBlzYMmDoxSeysBTBA==/com.google.android.webview-V3AGHCLikvh6ZuLkO6OcaQ==/base.apk!/lib/arm64-v8a:/data/app/~~L3-Fg_eSm53eOspiRjga3A==/com.google.android.trichromelibrary_672310733-NUA1vpi48gd9WblKoXlncQ==/base.apk!/lib/arm64-v8a, permitted_path=/data:/mnt/expand
