11-24 12:56:04.971 27301 27348 I K9StorageEditor: Committing preference changes
11-24 12:56:04.979 27301 27348 I K9StorageEditor: Preferences commit took 8 ms
11-24 12:56:04.979 27301 27355 V PushController: PushController.updatePushers()
11-24 12:56:04.979 27301 27348 I K9StorageEditor: Committing preference changes
11-24 12:56:04.986 27301 27348 I K9StorageEditor: Preferences commit took 7 ms
11-24 12:56:04.986 27301 27348 D MessagingController: Folder list successfully refreshed @ Sun Nov 24 12:56:04 GMT 2024
11-24 12:56:04.986 27301 27355 V PushController: ..Running PushControllers: []
11-24 12:56:04.986 27301 27348 I K9StorageEditor: Committing preference changes
11-24 12:56:04.992 27301 27348 I K9StorageEditor: Preferences commit took 6 ms
11-24 12:56:04.992 27301 27355 V PushServiceManager: PushServiceManager.stop()
11-24 12:56:04.992 27301 27355 V PushServiceManager: ..PushService is not running
11-24 12:56:04.992 27301 27355 V BootCompleteManager: Disable BootCompleteReceiver
11-24 12:56:04.993 27301 27348 I MessagingController: Command 'checkMail' completed
11-24 12:56:04.993 27301 27348 I MessagingController: Running command 'sendPendingMessages', seq = 24 (background priority)
11-24 12:56:04.993 27301 27348 I MessagingController: Command 'sendPendingMessages' completed
11-24 12:56:04.993 27301 27348 I MessagingController: Running command 'syncINBOX', seq = 25 (background priority)
11-24 12:56:04.993 27301 27348 V MessagingController: Folder INBOX was last synced @ Sun Nov 24 12:40:52 GMT 2024
11-24 12:56:04.993 27301 27348 D MessagingController: Last folder list refresh @ Sun Nov 24 12:56:04 GMT 2024. Not refreshing now.
11-24 12:56:04.994 27301 27355 V PushController: PushController.updatePushers()
11-24 12:56:04.995 27301 27348 I Pop3Sync: Synchronizing folder mobilesent:INBOX
11-24 12:56:04.995 27301 27348 D Pop3Sync: SYNC: About to process pending commands for account mobilesent
11-24 12:56:04.995 27301 27348 V Pop3Sync: SYNC: About to get local folder INBOX
11-24 12:56:04.995 27301 27355 V PushController: ..Running PushControllers: []
11-24 12:56:04.995 27301 27355 V PushServiceManager: PushServiceManager.stop()
11-24 12:56:04.995 27301 27355 V PushServiceManager: ..PushService is not running
11-24 12:56:04.995 27301 27355 V BootCompleteManager: Disable BootCompleteReceiver
11-24 12:56:04.996 27301 27355 V PushController: PushController.updatePushers()
11-24 12:56:04.997 27301 27355 V PushController: ..Running PushControllers: []
11-24 12:56:04.997 27301 27355 V PushServiceManager: PushServiceManager.stop()
11-24 12:56:04.997 27301 27355 V PushServiceManager: ..PushService is not running
11-24 12:56:04.997 27301 27355 V BootCompleteManager: Disable BootCompleteReceiver
11-24 12:56:04.998 27301 27348 V Pop3Sync: SYNC: About to get remote folder INBOX
11-24 12:56:04.998 27301 27348 V Pop3Sync: SYNC: About to open remote folder INBOX
11-24 12:56:04.998 27301 27348 D Pop3Connection: Connecting to mail.kingqueen.org.uk as mail.kingqueen.org.uk/91.207.50.30
11-24 12:56:04.998 27301 27348 D TrafficStats: tagSocket(155) with statsTag=0xffffffff, statsUid=-1
11-24 12:56:05.198 27301 27348 D Pop3Connection: <<< +OK Dovecot ready.
11-24 12:56:05.198 27301 27348 D Pop3Connection: >>> CAPA
11-24 12:56:05.240 27301 27348 D Pop3Connection: <<< +OK
11-24 12:56:05.240 27301 27348 D Pop3Connection: <<< CAPA
11-24 12:56:05.240 27301 27348 D Pop3Connection: <<< TOP
11-24 12:56:05.240 27301 27348 D Pop3Connection: <<< UIDL
11-24 12:56:05.241 27301 27348 D Pop3Connection: <<< RESP-CODES
11-24 12:56:05.241 27301 27348 D Pop3Connection: <<< PIPELINING
11-24 12:56:05.241 27301 27348 D Pop3Connection: <<< AUTH-RESP-CODE
11-24 12:56:05.241 27301 27348 D Pop3Connection: <<< USER
11-24 12:56:05.241 27301 27348 D Pop3Connection: <<< SASL PLAIN LOGIN
11-24 12:56:05.241 27301 27348 D Pop3Connection: <<< .
11-24 12:56:05.241 27301 27348 D Pop3Connection: >>> AUTH PLAIN
11-24 12:56:05.244 27301 27301 I ViewRootImpl@ba62ae4[MessageList]: ViewPostIme pointer 0
11-24 12:56:05.278 27301 27348 D Pop3Connection: <<< +
11-24 12:56:05.278 27301 27348 D Pop3Connection: >>> [Command Hidden, Enable Sensitive Debug Logging To Show]
11-24 12:56:05.316 27301 27301 I ViewRootImpl@ba62ae4[MessageList]: ViewPostIme pointer 1
11-24 12:56:05.348 27301 27348 D Pop3Connection: <<< +OK Logged in.
11-24 12:56:05.348 27301 27348 D Pop3Connection: >>> STAT
11-24 12:56:05.390 27301 27348 D Pop3Connection: <<< +OK 42 47171418
11-24 12:56:05.390 27301 27348 V Pop3Sync: SYNC: Remote message count for folder INBOX is 42
11-24 12:56:05.391 27301 27348 V Pop3Sync: SYNC: About to get messages 1 through 42 for folder INBOX
11-24 12:56:05.391 27301 27348 D Pop3Connection: >>> UIDL
11-24 12:56:05.423 27301 27348 D Pop3Connection: <<< +OK
11-24 12:56:05.423 27301 27348 D Pop3Connection: <<< 1 UID15295-1519151260
11-24 12:56:05.423 27301 27348 D Pop3Folder: Adding index for UID UID15295-1519151260 to msgNum 1
11-24 12:56:05.424 27301 27348 D Pop3Connection: <<< 2 UID15296-1519151260
11-24 12:56:05.424 27301 27348 D Pop3Folder: Adding index for UID UID15296-1519151260 to msgNum 2
11-24 12:56:05.424 27301 27348 D Pop3Connection: <<< 3 UID15297-1519151260
11-24 12:56:05.424 27301 27348 D Pop3Folder: Adding index for UID UID15297-1519151260 to msgNum 3
11-24 12:56:05.424 27301 27348 D Pop3Connection: <<< 4 UID15298-1519151260
11-24 12:56:05.424 27301 27348 D Pop3Folder: Adding index for UID UID15298-1519151260 to msgNum 4
11-24 12:56:05.424 27301 27348 D Pop3Connection: <<< 5 UID15299-1519151260
11-24 12:56:05.424 27301 27348 D Pop3Folder: Adding index for UID UID15299-1519151260 to msgNum 5
11-24 12:56:05.424 27301 27348 D Pop3Connection: <<< 6 UID15300-1519151260
11-24 12:56:05.424 27301 27348 D Pop3Folder: Adding index for UID UID15300-1519151260 to msgNum 6
11-24 12:56:05.424 27301 27348 D Pop3Connection: <<< 7 UID15301-1519151260
11-24 12:56:05.424 27301 27348 D Pop3Folder: Adding index for UID UID15301-1519151260 to msgNum 7
11-24 12:56:05.424 27301 27348 D Pop3Connection: <<< 8 UID15302-1519151260
11-24 12:56:05.424 27301 27348 D Pop3Folder: Adding index for UID UID15302-1519151260 to msgNum 8
11-24 12:56:05.424 27301 27348 D Pop3Connection: <<< 9 UID15303-1519151260
11-24 12:56:05.425 27301 27348 D Pop3Folder: Adding index for UID UID15303-1519151260 to msgNum 9
11-24 12:56:05.425 27301 27348 D Pop3Connection: <<< 10 UID15304-1519151260
11-24 12:56:05.425 27301 27348 D Pop3Folder: Adding index for UID UID15304-1519151260 to msgNum 10
11-24 12:56:05.425 27301 27348 D Pop3Connection: <<< 11 UID15305-1519151260
11-24 12:56:05.425 27301 27348 D Pop3Folder: Adding index for UID UID15305-1519151260 to msgNum 11
11-24 12:56:05.425 27301 27348 D Pop3Connection: <<< 12 UID15306-1519151260
11-24 12:56:05.425 27301 27348 D Pop3Folder: Adding index for UID UID15306-1519151260 to msgNum 12
11-24 12:56:05.425 27301 27348 D Pop3Connection: <<< 13 UID15307-1519151260
11-24 12:56:05.425 27301 27348 D Pop3Folder: Adding index for UID UID15307-1519151260 to msgNum 13
11-24 12:56:05.425 27301 27348 D Pop3Connection: <<< 14 UID15308-1519151260
11-24 12:56:05.425 27301 27348 D Pop3Folder: Adding index for UID UID15308-1519151260 to msgNum 14
11-24 12:56:05.425 27301 27348 D Pop3Connection: <<< 15 UID15309-1519151260
11-24 12:56:05.425 27301 27348 D Pop3Folder: Adding index for UID UID15309-1519151260 to msgNum 15
11-24 12:56:05.425 27301 27348 D Pop3Connection: <<< 16 UID15310-1519151260
11-24 12:56:05.426 27301 27348 D Pop3Folder: Adding index for UID UID15310-1519151260 to msgNum 16
11-24 12:56:05.426 27301 27348 D Pop3Connection: <<< 17 UID15311-1519151260
11-24 12:56:05.426 27301 27348 D Pop3Folder: Adding index for UID UID15311-1519151260 to msgNum 17
11-24 12:56:05.426 27301 27348 D Pop3Connection: <<< 18 UID15312-1519151260
11-24 12:56:05.426 27301 27348 D Pop3Folder: Adding index for UID UID15312-1519151260 to msgNum 18
11-24 12:56:05.426 27301 27348 D Pop3Connection: <<< 19 UID15313-1519151260
11-24 12:56:05.426 27301 27348 D Pop3Folder: Adding index for UID UID15313-1519151260 to msgNum 19
11-24 12:56:05.426 27301 27348 D Pop3Connection: <<< 20 UID15314-1519151260
11-24 12:56:05.426 27301 27348 D Pop3Folder: Adding index for UID UID15314-1519151260 to msgNum 20
11-24 12:56:05.426 27301 27348 D Pop3Connection: <<< 21 UID15315-1519151260
11-24 12:56:05.426 27301 27348 D Pop3Folder: Adding index for UID UID15315-1519151260 to msgNum 21
11-24 12:56:05.426 27301 27348 D Pop3Connection: <<< 22 UID15316-1519151260
11-24 12:56:05.426 27301 27348 D Pop3Folder: Adding index for UID UID15316-1519151260 to msgNum 22
11-24 12:56:05.426 27301 27348 D Pop3Connection: <<< 23 UID15317-1519151260
11-24 12:56:05.426 27301 27348 D Pop3Folder: Adding index for UID UID15317-1519151260 to msgNum 23
11-24 12:56:05.426 27301 27348 D Pop3Connection: <<< 24 UID15318-1519151260
11-24 12:56:05.426 27301 27348 D Pop3Folder: Adding index for UID UID15318-1519151260 to msgNum 24
11-24 12:56:05.426 27301 27348 D Pop3Connection: <<< 25 UID15319-1519151260
11-24 12:56:05.427 27301 27348 D Pop3Folder: Adding index for UID UID15319-1519151260 to msgNum 25
11-24 12:56:05.427 27301 27348 D Pop3Connection: <<< 26 UID15320-1519151260
11-24 12:56:05.427 27301 27348 D Pop3Folder: Adding index for UID UID15320-1519151260 to msgNum 26
11-24 12:56:05.427 27301 27348 D Pop3Connection: <<< 27 UID15321-1519151260
11-24 12:56:05.427 27301 27348 D Pop3Folder: Adding index for UID UID15321-1519151260 to msgNum 27
11-24 12:56:05.427 27301 27348 D Pop3Connection: <<< 28 UID15322-1519151260
11-24 12:56:05.427 27301 27348 D Pop3Folder: Adding index for UID UID15322-1519151260 to msgNum 28
11-24 12:56:05.427 27301 27348 D Pop3Connection: <<< 29 UID15323-1519151260
11-24 12:56:05.427 27301 27348 D Pop3Folder: Adding index for UID UID15323-1519151260 to msgNum 29
11-24 12:56:05.427 27301 27348 D Pop3Connection: <<< 30 UID15324-1519151260
11-24 12:56:05.427 27301 27348 D Pop3Folder: Adding index for UID UID15324-1519151260 to msgNum 30
11-24 12:56:05.427 27301 27348 D Pop3Connection: <<< 31 UID15325-1519151260
11-24 12:56:05.427 27301 27348 D Pop3Folder: Adding index for UID UID15325-1519151260 to msgNum 31
11-24 12:56:05.427 27301 27348 D Pop3Connection: <<< 32 UID15326-1519151260
11-24 12:56:05.427 27301 27348 D Pop3Folder: Adding index for UID UID15326-1519151260 to msgNum 32
11-24 12:56:05.427 27301 27348 D Pop3Connection: <<< 33 UID15327-1519151260
11-24 12:56:05.427 27301 27348 D Pop3Folder: Adding index for UID UID15327-1519151260 to msgNum 33
11-24 12:56:05.427 27301 27348 D Pop3Connection: <<< 34 UID15328-1519151260
11-24 12:56:05.428 27301 27348 D Pop3Folder: Adding index for UID UID15328-1519151260 to msgNum 34
11-24 12:56:05.428 27301 27348 D Pop3Connection: <<< 35 UID15329-1519151260
11-24 12:56:05.428 27301 27348 D Pop3Folder: Adding index for UID UID15329-1519151260 to msgNum 35
11-24 12:56:05.428 27301 27348 D Pop3Connection: <<< 36 UID15330-1519151260
11-24 12:56:05.428 27301 27348 D Pop3Folder: Adding index for UID UID15330-1519151260 to msgNum 36
11-24 12:56:05.428 27301 27348 D Pop3Connection: <<< 37 UID15331-1519151260
11-24 12:56:05.428 27301 27348 D Pop3Folder: Adding index for UID UID15331-1519151260 to msgNum 37
11-24 12:56:05.428 27301 27348 D Pop3Connection: <<< 38 UID15332-1519151260
11-24 12:56:05.428 27301 27348 D Pop3Folder: Adding index for UID UID15332-1519151260 to msgNum 38
11-24 12:56:05.428 27301 27348 D Pop3Connection: <<< 39 UID15333-1519151260
11-24 12:56:05.428 27301 27348 D Pop3Folder: Adding index for UID UID15333-1519151260 to msgNum 39
11-24 12:56:05.428 27301 27348 D Pop3Connection: <<< 40 UID15334-1519151260
11-24 12:56:05.428 27301 27348 D Pop3Folder: Adding index for UID UID15334-1519151260 to msgNum 40
11-24 12:56:05.428 27301 27348 D Pop3Connection: <<< 41 UID15335-1519151260
11-24 12:56:05.428 27301 27348 D Pop3Folder: Adding index for UID UID15335-1519151260 to msgNum 41
11-24 12:56:05.428 27301 27348 D Pop3Connection: <<< 42 UID15336-1519151260
11-24 12:56:05.429 27301 27348 D Pop3Folder: Adding index for UID UID15336-1519151260 to msgNum 42
11-24 12:56:05.429 27301 27348 D Pop3Connection: <<< .
11-24 12:56:05.429 27301 27348 V Pop3Sync: SYNC: Got 42 messages for folder INBOX
11-24 12:56:05.430 27301 27348 V Pop3Sync: Message with uid UID15295-1519151260 is present in the local store
11-24 12:56:05.431 27301 27348 V Pop3Sync: Message with uid UID15296-1519151260 is present in the local store
11-24 12:56:05.431 27301 27348 V Pop3Sync: Message with uid UID15297-1519151260 is present in the local store
11-24 12:56:05.431 27301 27348 V Pop3Sync: Message with uid UID15298-1519151260 is present in the local store
11-24 12:56:05.431 27301 27348 V Pop3Sync: Message with uid UID15299-1519151260 is present in the local store
11-24 12:56:05.431 27301 27348 V Pop3Sync: Message with uid UID15300-1519151260 is present in the local store
11-24 12:56:05.431 27301 27348 V Pop3Sync: Message with uid UID15301-1519151260 is present in the local store
11-24 12:56:05.431 27301 27348 V Pop3Sync: Message with uid UID15302-1519151260 is present in the local store
11-24 12:56:05.431 27301 27348 V Pop3Sync: Message with uid UID15303-1519151260 is present in the local store
11-24 12:56:05.431 27301 27348 V Pop3Sync: Message with uid UID15304-1519151260 is present in the local store
11-24 12:56:05.431 27301 27348 V Pop3Sync: Message with uid UID15305-1519151260 is present in the local store
11-24 12:56:05.431 27301 27348 V Pop3Sync: Message with uid UID15306-1519151260 is present in the local store
11-24 12:56:05.431 27301 27348 V Pop3Sync: Message with uid UID15307-1519151260 is present in the local store
11-24 12:56:05.431 27301 27348 V Pop3Sync: Message with uid UID15308-1519151260 is present in the local store
11-24 12:56:05.432 27301 27348 V Pop3Sync: Message with uid UID15309-1519151260 is present in the local store
11-24 12:56:05.432 27301 27348 V Pop3Sync: Message with uid UID15310-1519151260 is present in the local store
11-24 12:56:05.432 27301 27348 V Pop3Sync: Message with uid UID15311-1519151260 is present in the local store
11-24 12:56:05.432 27301 27348 V Pop3Sync: Message with uid UID15312-1519151260 is present in the local store
11-24 12:56:05.432 27301 27348 V Pop3Sync: Message with uid UID15313-1519151260 is present in the local store
11-24 12:56:05.432 27301 27348 V Pop3Sync: Message with uid UID15314-1519151260 is present in the local store
11-24 12:56:05.432 27301 27348 V Pop3Sync: Message with uid UID15315-1519151260 is present in the local store
11-24 12:56:05.432 27301 27348 V Pop3Sync: Message with uid UID15316-1519151260 is present in the local store
11-24 12:56:05.432 27301 27348 V Pop3Sync: Message with uid UID15317-1519151260 is present in the local store
11-24 12:56:05.432 27301 27348 V Pop3Sync: Message with uid UID15318-1519151260 is present in the local store
11-24 12:56:05.432 27301 27348 V Pop3Sync: Message with uid UID15319-1519151260 is present in the local store
11-24 12:56:05.432 27301 27348 V Pop3Sync: Message with uid UID15320-1519151260 is present in the local store
11-24 12:56:05.433 27301 27348 V Pop3Sync: Message with uid UID15321-1519151260 is present in the local store
11-24 12:56:05.433 27301 27348 V Pop3Sync: Message with uid UID15322-1519151260 is present in the local store
11-24 12:56:05.433 27301 27348 V Pop3Sync: Message with uid UID15323-1519151260 is present in the local store
11-24 12:56:05.433 27301 27348 V Pop3Sync: Message with uid UID15324-1519151260 is present in the local store
11-24 12:56:05.433 27301 27348 V Pop3Sync: Message with uid UID15325-1519151260 is present in the local store
11-24 12:56:05.433 27301 27348 V Pop3Sync: Message with uid UID15326-1519151260 is present in the local store
11-24 12:56:05.433 27301 27348 V Pop3Sync: Message with uid UID15327-1519151260 is present in the local store
11-24 12:56:05.433 27301 27348 V Pop3Sync: Message with uid UID15328-1519151260 is present in the local store
11-24 12:56:05.433 27301 27348 V Pop3Sync: Message with uid UID15329-1519151260 is present in the local store
11-24 12:56:05.433 27301 27348 V Pop3Sync: Message with uid UID15330-1519151260 is present in the local store
11-24 12:56:05.433 27301 27348 V Pop3Sync: Message with uid UID15331-1519151260 is present in the local store
11-24 12:56:05.433 27301 27348 V Pop3Sync: Message with uid UID15332-1519151260 is present in the local store
11-24 12:56:05.434 27301 27348 V Pop3Sync: Message with uid UID15333-1519151260 is present in the local store
11-24 12:56:05.434 27301 27348 V Pop3Sync: Message with uid UID15334-1519151260 is present in the local store
11-24 12:56:05.434 27301 27348 V Pop3Sync: Message with uid UID15335-1519151260 is present in the local store
11-24 12:56:05.434 27301 27348 V Pop3Sync: Message with uid UID15336-1519151260 is present in the local store
11-24 12:56:05.434 27301 27348 D Pop3Sync: SYNC: Have 0 unsynced messages
11-24 12:56:05.434 27301 27348 D Pop3Sync: SYNC: Have 0 large messages and 0 small messages out of 0 unsynced messages
11-24 12:56:05.434 27301 27348 D Pop3Sync: SYNC: Fetching 0 small messages for folder INBOX
11-24 12:56:05.434 27301 27348 D Pop3Sync: SYNC: Done fetching small messages for folder INBOX
11-24 12:56:05.434 27301 27348 D Pop3Sync: SYNC: Fetching large messages for folder INBOX
11-24 12:56:05.434 27301 27348 D Pop3Sync: SYNC: Done fetching large messages for folder INBOX
11-24 12:56:05.434 27301 27348 D Pop3Sync: SYNC: Synced remote messages for folder INBOX, 0 new messages
11-24 12:56:05.444 27301 27348 D Pop3Sync: Done synchronizing folder mobilesent:INBOX @ Sun Nov 24 12:56:05 GMT 2024 with 0 new messages
11-24 12:56:05.444 27301 27348 I Pop3Sync: Done synchronizing folder mobilesent:INBOX
11-24 12:56:05.444 27301 27348 D Pop3Connection: >>> QUIT
11-24 12:56:05.476 27301 27348 D Pop3Connection: <<< +OK Logging out.
11-24 12:56:05.477 27301 27348 I MessagingController: Command 'syncINBOX' completed
11-24 12:56:05.477 27301 27348 I MessagingController: Running command 'clear notification flag for 2b0c6b05-ea28-4ec1-9b59-48c87e57d922', seq = 26 (background priority)
11-24 12:56:05.477 27301 27348 V MessagingController: Clearing notification flag for 2b0c6b05-ea28-4ec1-9b59-48c87e57d922
11-24 12:56:05.478 27301 27348 I MessagingController: Command 'clear notification flag for 2b0c6b05-ea28-4ec1-9b59-48c87e57d922' completed
11-24 12:56:05.478 27301 27348 I MessagingController: Running command 'finalize sync', seq = 27 (background priority)
11-24 12:56:05.478 27301 27348 I MessagingController: Finished mail sync
11-24 12:56:05.478 27301 27348 I MessagingController: Command 'finalize sync' completed
11-24 12:56:05.478 27301 27348 I MessagingController: Running command 'sendPendingMessages', seq = 28 (background priority)
11-24 12:56:05.478 27301 27408 V MessagingController: performPeriodicMailSync(2b0c6b05-ea28-4ec1-9b59-48c87e57d922) got latch release
11-24 12:56:05.478 27301 27408 V MessagingController: Account 2b0c6b05-ea28-4ec1-9b59-48c87e57d922 successfully synced @ Sun Nov 24 12:56:05 GMT 2024
11-24 12:56:05.478 27301 27348 I MessagingController: Command 'sendPendingMessages' completed
11-24 12:56:05.478 27301 27348 I MessagingController: Running command 'syncINBOX', seq = 29 (background priority)
11-24 12:56:05.478 27301 27348 V MessagingController: Folder INBOX was last synced @ Sun Nov 24 12:41:00 GMT 2024
11-24 12:56:05.478 27301 27408 I K9StorageEditor: Committing preference changes
11-24 12:56:05.478 27301 27348 D MessagingController: Last folder list refresh @ Sun Nov 24 12:56:04 GMT 2024. Not refreshing now.
11-24 12:56:05.479 27301 27348 I ImapSync: Synchronizing folder RA:INBOX
11-24 12:56:05.479 27301 27348 V ImapSync: SYNC: About to get local folder INBOX
11-24 12:56:05.480 27301 27348 V ImapSync: SYNC: About to get remote folder INBOX
11-24 12:56:05.480 27301 27348 V ImapSync: SYNC: About to open remote folder INBOX
11-24 12:56:05.480 27301 27348 V RealImapConnection: conn225000706>>> 6 NOOP
11-24 12:56:05.491 27301 27408 I K9StorageEditor: Preferences commit took 13 ms
11-24 12:56:05.491 27301 27355 V PushController: PushController.updatePushers()
11-24 12:56:05.493 27301 27373 I WM-WorkerWrapper: Worker result SUCCESS for Work [ id=8eeef437-7609-4a68-8e96-63bbb3364a09, tags={ com.fsck.k9.job.MailSyncWorker, MailSync } ]
11-24 12:56:05.495 27301 27355 V PushController: ..Running PushControllers: []
11-24 12:56:05.495 27301 27355 V PushServiceManager: PushServiceManager.stop()
11-24 12:56:05.495 27301 27355 V PushServiceManager: ..PushService is not running
11-24 12:56:05.495 27301 27355 V BootCompleteManager: Disable BootCompleteReceiver
11-24 12:56:05.528 27301 27348 V ImapResponseParser: conn225000706<<<#6# [OK, NOOP completed (0.001 + 0.000 secs).]
11-24 12:56:05.529 27301 27348 V RealImapConnection: conn225000706>>> 7 EXAMINE "INBOX"
11-24 12:56:05.573 27301 27348 V ImapResponseParser: conn225000706<<<#null# [FLAGS, [\Answered, \Flagged, \Deleted, \Seen, \Draft, Important, Replied-To, $Forwarded, Junk, NonJunk, $label1, $label3, $label2, $label4, $MDNSent, $label5]]
11-24 12:56:05.574 27301 27348 V ImapResponseParser: conn225000706<<<#null# [OK, [PERMANENTFLAGS, []], Read-only mailbox.]
11-24 12:56:05.574 27301 27348 V ImapResponseParser: conn225000706<<<#null# [29, EXISTS]
11-24 12:56:05.574 27301 27348 V ImapResponseParser: conn225000706<<<#null# [0, RECENT]
11-24 12:56:05.574 27301 27348 V ImapResponseParser: conn225000706<<<#null# [OK, [UIDVALIDITY, 1542124742], UIDs valid]
11-24 12:56:05.574 27301 27348 V ImapResponseParser: conn225000706<<<#null# [OK, [UIDNEXT, 3197], Predicted next UID]
11-24 12:56:05.574 27301 27348 V ImapResponseParser: conn225000706<<<#null# [OK, [HIGHESTMODSEQ, 10508], Highest]
11-24 12:56:05.574 27301 27348 V ImapResponseParser: conn225000706<<<#7# [OK, [READ-ONLY], Examine completed (0.002 + 0.000 + 0.001 secs).]
11-24 12:56:05.574 27301 27348 D RealImapFolder: Got untagged EXISTS with value 29 for 2df70efa-45e1-4326-9c28-725b0768d567:INBOX/MessagingController/conn225000706
11-24 12:56:05.574 27301 27348 D RealImapFolder: Got UidNext = 3197 for 2df70efa-45e1-4326-9c28-725b0768d567:INBOX/MessagingController/conn225000706
11-24 12:56:05.583 27301 27348 V ImapSync: SYNC: Remote message count for folder INBOX is 29
11-24 12:56:05.583 27301 27348 V ImapSync: SYNC: About to get messages 1 through 29 for folder INBOX
11-24 12:56:05.583 27301 27348 V RealImapConnection: conn225000706>>> 8 UID SEARCH 1:29 NOT DELETED
11-24 12:56:05.620 27301 27348 V ImapResponseParser: conn225000706<<<#null# [SEARCH, 1342, 2133, 2134, 2226, 2310, 2385, 2724, 2770, 2821, 2822, 2879, 2933, 3000, 3025, 3056, 3063, 3069, 3071, 3076, 3085, 3092, 3094, 3103, 3110, 3122, 3163, 3176, 3179, 3182]
11-24 12:56:05.620 27301 27348 V ImapResponseParser: conn225000706<<<#8# [OK, Search completed (0.001 + 0.000 secs).]
11-24 12:56:05.620 27301 27348 V ImapSync: SYNC: Got 29 messages for folder INBOX
11-24 12:56:05.622 27301 27348 V ImapSync: Message with uid 3182 is present in the local store
11-24 12:56:05.622 27301 27348 V ImapSync: Message with uid 3179 is present in the local store
11-24 12:56:05.622 27301 27348 V ImapSync: Message with uid 3176 is present in the local store
11-24 12:56:05.622 27301 27348 V ImapSync: Message with uid 3163 is present in the local store
11-24 12:56:05.622 27301 27348 V ImapSync: Message with uid 3122 is present in the local store
11-24 12:56:05.623 27301 27348 V ImapSync: Message with uid 3110 is present in the local store
11-24 12:56:05.623 27301 27348 V ImapSync: Message with uid 3103 is present in the local store
11-24 12:56:05.623 27301 27348 V ImapSync: Message with uid 3094 is present in the local store
11-24 12:56:05.623 27301 27348 V ImapSync: Message with uid 3092 is present in the local store
11-24 12:56:05.623 27301 27348 V ImapSync: Message with uid 3085 is present in the local store
11-24 12:56:05.623 27301 27348 V ImapSync: Message with uid 3076 is present in the local store
11-24 12:56:05.624 27301 27348 V ImapSync: Message with uid 3071 is present in the local store
11-24 12:56:05.624 27301 27348 V ImapSync: Message with uid 3069 is present in the local store
11-24 12:56:05.624 27301 27348 V ImapSync: Message with uid 3063 is present in the local store
11-24 12:56:05.624 27301 27348 V ImapSync: Message with uid 3056 is present in the local store
11-24 12:56:05.624 27301 27348 V ImapSync: Message with uid 3025 is present in the local store
11-24 12:56:05.624 27301 27348 V ImapSync: Message with uid 3000 is present in the local store
11-24 12:56:05.624 27301 27348 V ImapSync: Message with uid 2933 is present in the local store
11-24 12:56:05.625 27301 27348 V ImapSync: Message with uid 2879 is present in the local store
11-24 12:56:05.625 27301 27348 V ImapSync: Message with uid 2822 is present in the local store
11-24 12:56:05.625 27301 27348 V ImapSync: Message with uid 2821 is present in the local store
11-24 12:56:05.625 27301 27348 V ImapSync: Message with uid 2770 is present in the local store
11-24 12:56:05.625 27301 27348 V ImapSync: Message with uid 2724 is present in the local store
11-24 12:56:05.625 27301 27348 V ImapSync: Message with uid 2385 is present in the local store
11-24 12:56:05.626 27301 27348 V ImapSync: Message with uid 2310 is present in the local store
11-24 12:56:05.626 27301 27348 V ImapSync: Message with uid 2226 is present in the local store
11-24 12:56:05.627 27301 27348 V ImapSync: Message with uid 2134 is present in the local store
11-24 12:56:05.627 27301 27348 V ImapSync: Message with uid 2133 is present in the local store
11-24 12:56:05.627 27301 27348 V ImapSync: Message with uid 1342 is present in the local store
11-24 12:56:05.627 27301 27348 D ImapSync: SYNC: Have 0 unsynced messages
11-24 12:56:05.627 27301 27348 D ImapSync: SYNC: Have 0 large messages and 0 small messages out of 0 unsynced messages
11-24 12:56:05.627 27301 27348 D ImapSync: SYNC: Fetching 0 small messages for folder INBOX
11-24 12:56:05.628 27301 27348 D ImapSync: SYNC: Done fetching small messages for folder INBOX
11-24 12:56:05.628 27301 27348 D ImapSync: SYNC: Fetching large messages for folder INBOX
11-24 12:56:05.628 27301 27348 D ImapSync: SYNC: Done fetching large messages for folder INBOX
11-24 12:56:05.628 27301 27348 D ImapSync: SYNC: About to sync flags for 29 remote messages for folder INBOX
11-24 12:56:05.628 27301 27348 V RealImapConnection: conn225000706>>> 9 UID FETCH 3182,3179,3176,3163,3122,3110,3103,3094,3092,3085,3076,3071,3069,3063,3056,3025,3000,2933,2879,2822,2821,2770,2724,2385,2310,2226,2134,2133,1342 (UID FLAGS)
11-24 12:56:05.668 27301 27348 V RealImapConnection: conn225000706<<<#null# [1, FETCH, [UID, 1342, FLAGS, [\Seen, $Forwarded, NonJunk, $label1]]]
11-24 12:56:05.669 27301 27348 V RealImapConnection: conn225000706<<<#null# [2, FETCH, [UID, 2133, FLAGS, [\Seen, NonJunk, $label1]]]
11-24 12:56:05.669 27301 27348 V RealImapConnection: conn225000706<<<#null# [3, FETCH, [UID, 2134, FLAGS, [\Seen, NonJunk, $label1]]]
11-24 12:56:05.669 27301 27348 V RealImapConnection: conn225000706<<<#null# [4, FETCH, [UID, 2226, FLAGS, [\Seen, $label1]]]
11-24 12:56:05.669 27301 27348 V RealImapConnection: conn225000706<<<#null# [5, FETCH, [UID, 2310, FLAGS, [\Seen, NonJunk, $label2]]]
11-24 12:56:05.669 27301 27348 V RealImapConnection: conn225000706<<<#null# [6, FETCH, [UID, 2385, FLAGS, [\Answered, \Seen, $label1]]]
11-24 12:56:05.669 27301 27348 V RealImapConnection: conn225000706<<<#null# [7, FETCH, [UID, 2724, FLAGS, [\Seen, NonJunk]]]
11-24 12:56:05.669 27301 27348 V RealImapConnection: conn225000706<<<#null# [8, FETCH, [UID, 2770, FLAGS, [\Seen, NonJunk]]]
11-24 12:56:05.669 27301 27348 V RealImapConnection: conn225000706<<<#null# [9, FETCH, [UID, 2821, FLAGS, [\Seen, NonJunk]]]
11-24 12:56:05.669 27301 27348 V RealImapConnection: conn225000706<<<#null# [10, FETCH, [UID, 2822, FLAGS, [\Seen, NonJunk]]]
11-24 12:56:05.669 27301 27348 V RealImapConnection: conn225000706<<<#null# [11, FETCH, [UID, 2879, FLAGS, [\Seen, NonJunk, $label1]]]
11-24 12:56:05.669 27301 27348 V RealImapConnection: conn225000706<<<#null# [12, FETCH, [UID, 2933, FLAGS, [\Answered, \Seen]]]
11-24 12:56:05.669 27301 27348 V RealImapConnection: conn225000706<<<#null# [13, FETCH, [UID, 3000, FLAGS, [\Seen, NonJunk]]]
11-24 12:56:05.669 27301 27348 V RealImapConnection: conn225000706<<<#null# [14, FETCH, [UID, 3025, FLAGS, [\Seen, NonJunk]]]
11-24 12:56:05.669 27301 27348 V RealImapConnection: conn225000706<<<#null# [15, FETCH, [UID, 3056, FLAGS, [\Seen, NonJunk]]]
11-24 12:56:05.669 27301 27348 V RealImapConnection: conn225000706<<<#null# [16, FETCH, [UID, 3063, FLAGS, [\Seen, NonJunk]]]
11-24 12:56:05.669 27301 27348 V RealImapConnection: conn225000706<<<#null# [17, FETCH, [UID, 3069, FLAGS, [\Seen, NonJunk]]]
11-24 12:56:05.669 27301 27348 V RealImapConnection: conn225000706<<<#null# [18, FETCH, [UID, 3071, FLAGS, [\Seen, NonJunk]]]
11-24 12:56:05.669 27301 27348 V RealImapConnection: conn225000706<<<#null# [19, FETCH, [UID, 3076, FLAGS, [\Seen, NonJunk]]]
11-24 12:56:05.669 27301 27348 V RealImapConnection: conn225000706<<<#null# [20, FETCH, [UID, 3085, FLAGS, [\Seen, NonJunk]]]
11-24 12:56:05.669 27301 27348 V RealImapConnection: conn225000706<<<#null# [21, FETCH, [UID, 3092, FLAGS, [\Seen, NonJunk]]]
11-24 12:56:05.670 27301 27348 V RealImapConnection: conn225000706<<<#null# [22, FETCH, [UID, 3094, FLAGS, [\Seen, NonJunk]]]
11-24 12:56:05.670 27301 27348 V RealImapConnection: conn225000706<<<#null# [23, FETCH, [UID, 3103, FLAGS, [\Seen, NonJunk]]]
11-24 12:56:05.670 27301 27348 V RealImapConnection: conn225000706<<<#null# [24, FETCH, [UID, 3110, FLAGS, [\Seen, NonJunk, $label1]]]
11-24 12:56:05.670 27301 27348 V RealImapConnection: conn225000706<<<#null# [25, FETCH, [UID, 3122, FLAGS, [\Seen, NonJunk]]]
11-24 12:56:05.670 27301 27348 V RealImapConnection: conn225000706<<<#null# [26, FETCH, [UID, 3163, FLAGS, [\Seen, NonJunk]]]
11-24 12:56:05.670 27301 27348 V RealImapConnection: conn225000706<<<#null# [27, FETCH, [UID, 3176, FLAGS, [\Seen, NonJunk]]]
11-24 12:56:05.670 27301 27348 V RealImapConnection: conn225000706<<<#null# [28, FETCH, [UID, 3179, FLAGS, [\Seen]]]
11-24 12:56:05.670 27301 27348 V RealImapConnection: conn225000706<<<#null# [29, FETCH, [UID, 3182, FLAGS, [\Seen, NonJunk]]]
11-24 12:56:05.670 27301 27348 V RealImapConnection: conn225000706<<<#9# [OK, Fetch completed (0.001 + 0.000 secs).]
11-24 12:56:05.674 27301 27348 D ImapSync: SYNC: Synced remote messages for folder INBOX, 0 new messages
11-24 12:56:05.679 27301 27348 D ImapSync: Done synchronizing folder RA:INBOX @ Sun Nov 24 12:56:05 GMT 2024
11-24 12:56:05.679 27301 27348 I ImapSync: Done synchronizing folder RA:INBOX
11-24 12:56:05.680 27301 27348 I MessagingController: Command 'syncINBOX' completed
11-24 12:56:05.680 27301 27348 I MessagingController: Running command 'clear notification flag for 2df70efa-45e1-4326-9c28-725b0768d567', seq = 30 (background priority)
11-24 12:56:05.680 27301 27348 V MessagingController: Clearing notification flag for 2df70efa-45e1-4326-9c28-725b0768d567
11-24 12:56:05.680 27301 27348 I MessagingController: Command 'clear notification flag for 2df70efa-45e1-4326-9c28-725b0768d567' completed
11-24 12:56:05.680 27301 27348 I MessagingController: Running command 'finalize sync', seq = 31 (background priority)
11-24 12:56:05.680 27301 27348 I MessagingController: Finished mail sync
11-24 12:56:05.680 27301 27348 I MessagingController: Command 'finalize sync' completed
11-24 12:56:05.680 27301 27409 V MessagingController: performPeriodicMailSync(2df70efa-45e1-4326-9c28-725b0768d567) got latch release
11-24 12:56:05.681 27301 27409 V MessagingController: Account 2df70efa-45e1-4326-9c28-725b0768d567 successfully synced @ Sun Nov 24 12:56:05 GMT 2024
11-24 12:56:05.681 27301 27409 I K9StorageEditor: Committing preference changes
11-24 12:56:05.690 27301 27409 I K9StorageEditor: Preferences commit took 10 ms
11-24 12:56:05.691 27301 27355 V PushController: PushController.updatePushers()
11-24 12:56:05.691 27301 27343 I WM-WorkerWrapper: Worker result SUCCESS for Work [ id=93604ce4-173d-40ea-b142-0c98c8f0dc9f, tags={ com.fsck.k9.job.MailSyncWorker, MailSync } ]
11-24 12:56:05.692 27301 27355 V PushController: ..Running PushControllers: []
11-24 12:56:05.692 27301 27355 V PushServiceManager: PushServiceManager.stop()
11-24 12:56:05.692 27301 27355 V PushServiceManager: ..PushService is not running
11-24 12:56:05.692 27301 27355 V BootCompleteManager: Disable BootCompleteReceiver
11-24 12:56:05.700 27301 27343 D ConnectivityManager: StackLog: [android.net.ConnectivityManager.unregisterNetworkCallback(ConnectivityManager.java:5076)] [androidx.work.impl.utils.NetworkApi21.unregisterNetworkCallbackCompat(NetworkApi21.kt:31)] [androidx.work.impl.constraints.trackers.NetworkStateTracker24.stopTracking(NetworkStateTracker.kt:153)] [androidx.work.impl.constraints.trackers.ConstraintTracker.removeListener(ConstraintTracker.kt:72)] [androidx.work.impl.constraints.controllers.ConstraintController$track$1$1.invoke(ContraintControllers.kt:56)] [androidx.work.impl.constraints.controllers.ConstraintController$track$1$1.invoke(ContraintControllers.kt:55)] [kotlinx.coroutines.channels.ProduceKt.awaitClose(Produce.kt:69)] [kotlinx.coroutines.channels.ProduceKt$awaitClose$1.invokeSuspend(Produce.kt:0)] [kotlin.coroutines.jvm.internal.BaseContinuationImpl.resumeWith(ContinuationImpl.kt:33)] [kotlinx.coroutines.DispatchedTask.run(DispatchedTask.kt:99)] [androidx.work.impl.utils.SerialExecutorImpl$Task.run(SerialExecutorImpl.java:96)] [java.util.concurrent.ThreadPoolExecutor.runWorker(ThreadPoolExecutor.java:1145)] [java.util.concurrent.ThreadPoolExecutor$Worker.run(ThreadPoolExecutor.java:644)] [java.lang.Thread.run(Thread.java:1012)]
11-24 12:56:05.729 27301 27301 I InputMethodManager: invalidateInput
11-24 12:56:05.730 27301 27301 I ImeTracker: com.fsck.k9:e7fbdf0b: onRequestHide at ORIGIN_CLIENT_HIDE_SOFT_INPUT reason HIDE_SOFT_INPUT
11-24 12:56:05.730 27301 27301 I InputMethodManager_LC: hsifw() - flag : 0
11-24 12:56:05.730 27301 27301 I InputMethodManager_LC: hsifw() - mService.hideSoftInput
11-24 12:56:07.855 27301 27301 I ViewRootImpl@ba62ae4[MessageList]: ViewPostIme pointer 0
11-24 12:56:07.942 27301 27301 I ViewRootImpl@ba62ae4[MessageList]: ViewPostIme pointer 1
11-24 12:56:07.966 27301 27301 I DecorView: setWindowBackground: isPopOver=false color=ff131314 d=android.graphics.drawable.ColorDrawable@1597706
11-24 12:56:07.979 27301 27352 D NativeCustomFrequencyManager: [NativeCFMS] BpCustomFrequencyManager::BpCustomFrequencyManager()
11-24 12:56:07.982 27301 27301 I InsetsController: onStateChanged: host=com.fsck.k9/com.fsck.k9.ui.settings.SettingsActivity, from=android.view.ViewRootImpl.setView:1797, state=InsetsState: {mDisplayFrame=Rect(0, 0 - 1080, 2316), mDisplayCutout=DisplayCutout{insets=Rect(0, 75 - 0, 0) waterfall=Insets{left=0, top=0, right=0, bottom=0} boundingRect={Bounds=[Rect(0, 0 - 0, 0), Rect(513, 0 - 567, 75), Rect(0, 0 - 0, 0), Rect(0, 0 - 0, 0)]} cutoutPathParserInfo={CutoutPathParserInfo{displayWidth=1080 displayHeight=2316 physicalDisplayWidth=1080 physicalDisplayHeight=2316 density={2.8125} cutoutSpec={M 0,0 H -9.466666666666667 V 26.66666666666667‬ H 9.466666666666667 V 0 H 0 Z @dp} rotation={0} scale={1.0} physicalPixelDisplaySizeRatio={1.0}}}}, mRoundedCorners=RoundedCorners{[RoundedCorner{position=TopLeft, radius=8, center=Point(8, 8)}, RoundedCorner{position=TopRight, radius=8, center=Point(1072, 8)}, RoundedCorner{position=BottomRight, radius=8, center=Point(1072, 2308)}, RoundedCorner{position=BottomLeft, radius=8, center=Point(8, 2308)}]} mRoundedCornerFrame=Rect(0, 0 - 1080, 2316), mPrivacyIndicatorBounds=PrivacyIndicatorBounds {static bounds=Rect(956, 0 - 1080, 75) rotation=0}, mDisplayShape=DisplayShape{ spec=-311912193 displayWidth=1440 displayHeight=3088 physicalPixelDisplaySizeRatio=1.0 rotation=0 offsetX=0 offsetY=0 scale=1.0}, mSources= { InsetsSource: {fd920000 mType=statusBars mFrame=[0,0][1080,75] mVisible=true mFlags=[]}, InsetsSource: {fd920005 mType=mandatorySystemGestures mFrame=[0,0][1080,109] mVisible=true mFlags=[]}, InsetsSource: {fd920006 mType=tappableElement mFrame=[0,0][1080,75] mVisible=true mFlags=[]}, InsetsSource: {27 mType=displayCutout mFrame=[0,0][1080,75] mVisible=true mFlags=[]}, InsetsSource: {174a0001 mType=navigationBars mFrame=[0,2181][1080,2316] mVisible=true mFlags=[]}, InsetsSource: {174a0004 mType=systemGestures mFrame=[0,0][0,0] mVisible=true mFlags=[]}, InsetsSource: {174a0005 mType=mandatorySystemGestures mFrame=[0,2181][1080,2316] mVisible=true mFlags=[]}, InsetsSource: {174a0006 mType=tappableElement mFrame=[0,2181][1080,2316] mVisible=true mFlags=[]}, InsetsSource: {174a0024 mType=systemGestures mFrame=[0,0][0,0] mVisible=true mFlags=[]} }
11-24 12:56:07.982 27301 27301 I ViewRootImpl@fef681[SettingsActivity]: synced displayState. AttachInfo displayState=2
11-24 12:56:07.982 27301 27301 I ViewRootImpl@fef681[SettingsActivity]: setView = com.android.internal.policy.DecorView@f1c3008 TM=true
11-24 12:56:07.988 27301 27301 I InsetsController: onStateChanged: host=com.fsck.k9/com.fsck.k9.ui.settings.SettingsActivity, from=android.view.ViewRootImpl.relayoutWindow:10165, state=InsetsState: {mDisplayFrame=Rect(0, 0 - 1080, 2316), mDisplayCutout=DisplayCutout{insets=Rect(0, 75 - 0, 0) waterfall=Insets{left=0, top=0, right=0, bottom=0} boundingRect={Bounds=[Rect(0, 0 - 0, 0), Rect(513, 0 - 567, 75), Rect(0, 0 - 0, 0), Rect(0, 0 - 0, 0)]} cutoutPathParserInfo={CutoutPathParserInfo{displayWidth=1080 displayHeight=2316 physicalDisplayWidth=1080 physicalDisplayHeight=2316 density={2.8125} cutoutSpec={M 0,0 H -9.466666666666667 V 26.66666666666667‬ H 9.466666666666667 V 0 H 0 Z @dp} rotation={0} scale={1.0} physicalPixelDisplaySizeRatio={1.0}}}}, mRoundedCorners=RoundedCorners{[RoundedCorner{position=TopLeft, radius=8, center=Point(8, 8)}, RoundedCorner{position=TopRight, radius=8, center=Point(1072, 8)}, RoundedCorner{position=BottomRight, radius=8, center=Point(1072, 2308)}, RoundedCorner{position=BottomLeft, radius=8, center=Point(8, 2308)}]} mRoundedCornerFrame=Rect(0, 0 - 1080, 2316), mPrivacyIndicatorBounds=PrivacyIndicatorBounds {static bounds=Rect(956, 0 - 1080, 75) rotation=0}, mDisplayShape=DisplayShape{ spec=-311912193 displayWidth=1440 displayHeight=3088 physicalPixelDisplaySizeRatio=1.0 rotation=0 offsetX=0 offsetY=0 scale=1.0}, mSources= { InsetsSource: {fd920000 mType=statusBars mFrame=[0,0][1080,75] mVisible=true mFlags=[]}, InsetsSource: {fd920005 mType=mandatorySystemGestures mFrame=[0,0][1080,109] mVisible=true mFlags=[]}, InsetsSource: {fd920006 mType=tappableElement mFrame=[0,0][1080,75] mVisible=true mFlags=[]}, InsetsSource: {3 mType=ime mFrame=[0,0][0,0] mVisible=false mFlags=[]}, InsetsSource: {27 mType=displayCutout mFrame=[0,0][1080,75] mVisible=true mFlags=[]}, InsetsSource: {174a0001 mType=navigationBars mFrame=[0,2181][1080,2316] mVisible=true mFlags=[]}, InsetsSource: {174a0004 mType=systemGestures mFrame=[0,0][0,0] mVisible=true mFlags=[]}, InsetsSource: {174a0005 mType=mandatorySystemGestures mFrame=[0,2181][1080,2316] mVisible=true mFlags=[]}, InsetsSource: {174a0006 mType=tappableElement mFrame=[0,2181][1080,2316] mVisible=true mFlags=[]}, InsetsSource: {174a0024 mType=systemGestures mFrame=[0,0][0,0] mVisible=true mFlags=[]} }
11-24 12:56:07.988 27301 27301 I BufferQueueProducer: [](id:6aa500000001,api:0,p:0,c:27301) setDequeueTimeout:2077252342
11-24 12:56:07.988 27301 27301 I BLASTBufferQueue_Java: new BLASTBufferQueue, mName= ViewRootImpl@fef681[SettingsActivity] mNativeObject= 0xb4000073df4cd800 sc.mNativeObject= 0xb4000073df370ac0 caller= android.view.ViewRootImpl.updateBlastSurfaceIfNeeded:3085 android.view.ViewRootImpl.relayoutWindow:10224 android.view.ViewRootImpl.performTraversals:4167 android.view.ViewRootImpl.doTraversal:3345 android.view.ViewRootImpl$TraversalRunnable.run:11437 android.view.Choreographer$CallbackRecord.run:1690 android.view.Choreographer$CallbackRecord.run:1699 android.view.Choreographer.doCallbacks:1154 android.view.Choreographer.doFrame:1080 android.view.Choreographer$FrameDisplayEventReceiver.run:1647
11-24 12:56:07.989 27301 27301 I BLASTBufferQueue_Java: update, w= 1080 h= 2316 mName = ViewRootImpl@fef681[SettingsActivity] mNativeObject= 0xb4000073df4cd800 sc.mNativeObject= 0xb4000073df370ac0 format= -1 caller= android.graphics.BLASTBufferQueue.:89 android.view.ViewRootImpl.updateBlastSurfaceIfNeeded:3085 android.view.ViewRootImpl.relayoutWindow:10224 android.view.ViewRootImpl.performTraversals:4167 android.view.ViewRootImpl.doTraversal:3345 android.view.ViewRootImpl$TraversalRunnable.run:11437
11-24 12:56:07.989 27301 27301 I ViewRootImpl@fef681[SettingsActivity]: Relayout returned: old=(0,0,1080,2316) new=(0,0,1080,2316) relayoutAsync=false req=(1080,2316)0 dur=5 res=0x403 s={true 0xb4000073e948e800} ch=true seqId=0
11-24 12:56:07.989 27301 27301 I ViewRootImpl@fef681[SettingsActivity]: performConfigurationChange setNightDimText nightDimLevel=0
11-24 12:56:07.989 27301 27301 D ViewRootImpl@fef681[SettingsActivity]: mThreadedRenderer.initialize() mSurface={isValid=true 0xb4000073e948e800} hwInitialized=true
11-24 12:56:07.990 27301 27301 D ViewRootImpl@fef681[SettingsActivity]: reportNextDraw android.view.ViewRootImpl.performTraversals:4781 android.view.ViewRootImpl.doTraversal:3345 android.view.ViewRootImpl$TraversalRunnable.run:11437 android.view.Choreographer$CallbackRecord.run:1690 android.view.Choreographer$CallbackRecord.run:1699
11-24 12:56:07.990 27301 27301 I ViewRootImpl@fef681[SettingsActivity]: Setup new sync=wmsSync-ViewRootImpl@fef681[SettingsActivity]#2
11-24 12:56:07.990 27301 27301 I ViewRootImpl@fef681[SettingsActivity]: Creating new active sync group ViewRootImpl@fef681[SettingsActivity]#3
11-24 12:56:07.990 27301 27301 I SurfaceSyncGroup: addLocalSync=ViewRootImpl@fef681[SettingsActivity]#3 to name=wmsSync-ViewRootImpl@fef681[SettingsActivity]#2, callers=android.window.SurfaceSyncGroup.add:431 android.window.SurfaceSyncGroup.add:392 android.window.SurfaceSyncGroup.add:340 android.view.ViewRootImpl.createSyncIfNeeded:4912 android.view.ViewRootImpl.performTraversals:4796 android.view.ViewRootImpl.doTraversal:3345
11-24 12:56:07.991 27301 27301 I ViewRootImpl@fef681[SettingsActivity]: registerCallbacksForSync syncBuffer=false
11-24 12:56:07.992 27301 27387 I ViewRootImpl@fef681[SettingsActivity]: Received frameDrawingCallback syncResult=0 frameNum=1.
11-24 12:56:07.992 27301 27387 I ViewRootImpl@fef681[SettingsActivity]: mWNT: t=0xb4000073df4cf900 mBlastBufferQueue=0xb4000073df4cd800 fn= 1 mRenderHdrSdrRatio=1.0 caller= android.view.ViewRootImpl$8.onFrameDraw:13946 android.view.ThreadedRenderer$1.onFrameDraw:792
11-24 12:56:07.992 27301 27387 I ViewRootImpl@fef681[SettingsActivity]: Setting up sync and frameCommitCallback
11-24 12:56:07.994 27301 27352 I BLASTBufferQueue: [ViewRootImpl@fef681[SettingsActivity]#1](f:0,a:0,s:0) onFrameAvailable the first frame is available
11-24 12:56:07.994 27301 27352 I ViewRootImpl@fef681[SettingsActivity]: Received frameCommittedCallback lastAttemptedDrawFrameNum=1 didProduceBuffer=true
11-24 12:56:07.994 27301 27352 I SurfaceSyncGroup: onTransactionReady mName=wmsSync-ViewRootImpl@fef681[SettingsActivity]#2 callback=31497138
11-24 12:56:07.994 27301 27352 D OpenGLRenderer: CFMS:: SetUp Pid : 27301 Tid : 27352
11-24 12:56:07.994 27301 27301 I ViewRootImpl@fef681[SettingsActivity]: reportDrawFinished seqId=0
11-24 12:56:07.996 27301 27352 D OpenGLRenderer: HWUI - treat SMPTE_170M as sRGB
11-24 12:56:07.996 27301 27301 I ViewRootImpl@ba62ae4[MessageList]: handleWindowFocusChanged: 0 0 call from android.view.ViewRootImpl.-$$Nest$mhandleWindowFocusChanged:0
11-24 12:56:07.996 27301 27301 I ImeFocusController: onPreWindowFocus: skipped, hasWindowFocus=false mHasImeFocus=true
11-24 12:56:07.996 27301 27301 I ImeFocusController: onPostWindowFocus: skipped, hasWindowFocus=false mHasImeFocus=true
11-24 12:56:08.004 27301 27301 D AnimatorSet: mReversing is false. Don't call initChildren.
11-24 12:56:08.005 27301 27301 D AnimatorSet: mReversing is false. Don't call initChildren.
11-24 12:56:08.006 27301 27301 D AnimatorSet: mReversing is false. Don't call initChildren.
11-24 12:56:08.007 27301 27301 D AnimatorSet: mReversing is false. Don't call initChildren.
11-24 12:56:08.008 27301 27301 D AnimatorSet: mReversing is false. Don't call initChildren.
11-24 12:56:08.009 27301 27301 D AnimatorSet: mReversing is false. Don't call initChildren.
11-24 12:56:08.017 27301 27301 I InsetsSourceConsumer: applyRequestedVisibilityToControl: visible=true, type=navigationBars, host=com.fsck.k9/com.fsck.k9.ui.settings.SettingsActivity
11-24 12:56:08.018 27301 27301 I InsetsSourceConsumer: applyRequestedVisibilityToControl: visible=true, type=statusBars, host=com.fsck.k9/com.fsck.k9.ui.settings.SettingsActivity
11-24 12:56:08.056 27301 27301 I ViewRootImpl@fef681[SettingsActivity]: handleWindowFocusChanged: 1 0 call from android.view.ViewRootImpl.-$$Nest$mhandleWindowFocusChanged:0
11-24 12:56:08.056 27301 27301 D ViewRootImpl@fef681[SettingsActivity]: mThreadedRenderer.initializeIfNeeded()#2 mSurface={isValid=true 0xb4000073e948e800}
11-24 12:56:08.056 27301 27301 D InputMethodManagerUtils: startInputInner - Id : 0
11-24 12:56:08.056 27301 27301 I InputMethodManager: startInputInner - IInputMethodManagerGlobalInvoker.startInputOrWindowGainedFocus
11-24 12:56:08.065 27301 27301 I InsetsSourceConsumer: applyRequestedVisibilityToControl: visible=false, type=ime, host=com.fsck.k9/com.fsck.k9.ui.settings.SettingsActivity
11-24 12:56:08.257 27301 28195 D ProfileInstaller: Skipping profile installation for com.fsck.k9
11-24 12:56:08.448 27301 27301 I ViewRootImpl@ba62ae4[MessageList]: handleAppVisibility mAppVisible = true visible = false
11-24 12:56:08.459 27301 27301 I ViewRootImpl@ba62ae4[MessageList]: destroyHardwareResources: Callers=android.view.ViewRootImpl.performTraversals:3989 android.view.ViewRootImpl.doTraversal:3345 android.view.ViewRootImpl$TraversalRunnable.run:11437 android.view.Choreographer$CallbackRecord.run:1690 android.view.Choreographer$CallbackRecord.run:1699 android.view.Choreographer.doCallbacks:1154 android.view.Choreographer.doFrame:1080 android.view.Choreographer$FrameDisplayEventReceiver.run:1647 android.os.Handler.handleCallback:958 android.os.Handler.dispatchMessage:99
11-24 12:56:08.464 27301 27301 I ViewRootImpl@ba62ae4[MessageList]: Relayout returned: old=(0,0,1080,2316) new=(0,0,1080,2316) relayoutAsync=false req=(1080,2316)8 dur=2 res=0x402 s={false 0x0} ch=true seqId=0
11-24 12:56:08.464 27301 27301 D ConnectivityManager: StackLog: [android.net.ConnectivityManager.unregisterNetworkCallback(ConnectivityManager.java:5076)] [com.bumptech.glide.manager.SingletonConnectivityReceiver$FrameworkConnectivityMonitorPostApi24.unregister(SingletonConnectivityReceiver.java:205)] [com.bumptech.glide.manager.SingletonConnectivityReceiver.maybeUnregisterReceiver(SingletonConnectivityReceiver.java:122)] [com.bumptech.glide.manager.SingletonConnectivityReceiver.unregister(SingletonConnectivityReceiver.java:105)] [com.bumptech.glide.manager.DefaultConnectivityMonitor.unregister(DefaultConnectivityMonitor.java:29)] [com.bumptech.glide.manager.DefaultConnectivityMonitor.onStop(DefaultConnectivityMonitor.java:39)] [com.bumptech.glide.manager.LifecycleLifecycle.onStop(LifecycleLifecycle.java:35)] [java.lang.reflect.Method.invoke(Native Method)] [androidx.lifecycle.ClassesInfoCache$MethodReference.invokeCallback(ClassesInfoCache.java:225)] [androidx.lifecycle.ClassesInfoCache$CallbackInfo.invokeMethodsForEvent(ClassesInfoCache.java:199)] [androidx.lifecycle.ClassesInfoCache$CallbackInfo.invokeCallbacks(ClassesInfoCache.java:190)] [androidx.lifecycle.ReflectiveGenericLifecycleObserver.onStateChanged(ReflectiveGenericLifecycleObserver.java:40)] [androidx.lifecycle.LifecycleRegistry$ObserverWithState.dispatchEvent(LifecycleRegistry.jvm.kt:320)] [androidx.lifecycle.LifecycleRegistry.backwardPass(LifecycleRegistry.jvm.kt:272)] [androidx.lifecycle.LifecycleRegistry.sync(LifecycleRegistry.jvm.kt:289)] [androidx.lifecycle.LifecycleRegistry.moveToState(LifecycleRegistry.jvm.kt:142)] [androidx.lifecycle.LifecycleRegistry.handleLifecycleEvent(LifecycleRegistry.jvm.kt:124)] [androidx.lifecycle.ReportFragment$Companion.dispatch$lifecycle_runtime_release(ReportFragment.android.kt:190)] [androidx.lifecycle.ReportFragment$LifecycleCallbacks.onActivityPreStopped(ReportFragment.android.kt:135)] [android.app.Activity.dispatchActivityPreStopped(Activity.java:1597)] [android.app.Activity.performStop(Activity.java:9258)] [android.app.ActivityThread.callActivityOnStop(ActivityThread.java:5983)] [android.app.ActivityThread.performStopActivityInner(ActivityThread.java:5957)] [android.app.ActivityThread.handleStopActivity(ActivityThread.java:6028)] [android.app.servertransaction.StopActivityItem.execute(StopActivityItem.java:43)] [android.app.servertransaction.ActivityTransactionItem.execute(ActivityTransactionItem.java:45)] [android.app.servertransaction.TransactionExecutor.executeLifecycleState(TransactionExecutor.java:180)] [android.app.servertransaction.TransactionExecutor.execute(TransactionExecutor.java:98)] [android.app.ActivityThread$H.handleMessage(ActivityThread.java:2693)]
11-24 12:56:08.465 27301 27301 I ViewRootImpl@ba62ae4[MessageList]: stopped(true) old = false
11-24 12:56:08.465 27301 27301 D ViewRootImpl@ba62ae4[MessageList]: WindowStopped on com.fsck.k9/com.fsck.k9.activity.MessageList set to true
11-24 12:56:08.474 27301 27301 I ViewRootImpl@ba62ae4[MessageList]: Relayout returned: old=(0,0,1080,2316) new=(0,0,1080,2316) relayoutAsync=false req=(1080,2316)8 dur=3 res=0x402 s={false 0x0} ch=false seqId=0
11-24 12:56:09.417 27301 27301 I ViewRootImpl@fef681[SettingsActivity]: ViewPostIme pointer 0
