11-24 12:55:01.849 26845 26845 I ImeFocusController: onPreWindowFocus: skipped, hasWindowFocus=false mHasImeFocus=true
11-24 12:55:01.850 26845 26845 I ImeFocusController: onPostWindowFocus: skipped, hasWindowFocus=false mHasImeFocus=true
11-24 12:55:01.852 26845 27140 V MessageExtractor: No body present for this message part
11-24 12:55:01.856 26845 26855 D InputTransport: Input channel destroyed: 'ClientS', fd=143
11-24 12:55:01.856 26845 26855 D InputTransport: Input channel destroyed: 'ClientS', fd=138
11-24 12:55:01.856 26845 26855 D InputTransport: Input channel destroyed: 'ClientS', fd=122
11-24 12:55:01.862 26845 26856 W com.fsck.k9: ApkAssets: Deleting an ApkAssets object ' and /data/app/~~wuEKnBlzYMmDoxSeysBTBA==/com.google.android.webview-V3AGHCLikvh6ZuLkO6OcaQ==/base.apk' with 1 weak references
11-24 12:55:01.862 26845 26856 W com.fsck.k9: ApkAssets: Deleting an ApkAssets object ' and /data/app/~~wuEKnBlzYMmDoxSeysBTBA==/com.google.android.webview-V3AGHCLikvh6ZuLkO6OcaQ==/split_config.en.apk' with 1 weak references
11-24 12:55:01.863 26845 26845 I InsetsSourceConsumer: applyRequestedVisibilityToControl: visible=true, type=navigationBars, host=com.fsck.k9/com.fsck.k9.activity.MessageCompose
11-24 12:55:01.863 26845 26845 I InsetsSourceConsumer: applyRequestedVisibilityToControl: visible=true, type=statusBars, host=com.fsck.k9/com.fsck.k9.activity.MessageCompose
11-24 12:55:01.871 26845 26845 I InputMethodManager: invalidateInput
11-24 12:55:01.871 26845 26845 D IdentityHeaderParser: Decoding identity: !l=10047&o=105&fo=82710&pl=9833&po=0&qs=PREFIX&f=HTML
11-24 12:55:01.871 26845 26845 D IdentityHeaderParser: &s=--%20%0D%0ASent%20from%20my%20Android%20device%20with%20K-9%20Mail.%
11-24 12:55:01.871 26845 26845 D IdentityHeaderParser: 20Please%20excuse%20my%20brevity%20and%20any%20autocorrect%20errors.&m=
11-24 12:55:01.871 26845 26845 D IdentityHeaderParser: %23%3AMzQ5MmU1OTAtNGEwNC00NzU5LWE0YTYtNGFhM2QxMzU0MTM4%3AMw%3D%3D%3ASzl
11-24 12:55:01.871 26845 26845 D IdentityHeaderParser: MT0NBTDpjMzBiODMzNC1jY2YzLTRkM2MtYmQ1ZS00NjRhZjNmZGExYmU%3D&p=9737&q=SH
11-24 12:55:01.871 26845 26845 D IdentityHeaderParser: OW
11-24 12:55:01.872 26845 26845 D IdentityHeaderParser: Decoded identity: {PLAIN_LENGTH=9833, CURSOR_POSITION=9737, MESSAGE_FORMAT=HTML, FOOTER_OFFSET=82710, QUOTE_STYLE=PREFIX, OFFSET=105, PLAIN_OFFSET=0, SIGNATURE=--
11-24 12:55:01.872 26845 26845 D IdentityHeaderParser: Sent from my Android device with K-9 Mail. Please excuse my brevity and any autocorrect errors., ORIGINAL_MESSAGE=#:MzQ5MmU1OTAtNGEwNC00NzU5LWE0YTYtNGFhM2QxMzU0MTM4:Mw==:SzlMT0NBTDpjMzBiODMzNC1jY2YzLTRkM2MtYmQ1ZS00NjRhZjNmZGExYmU=, LENGTH=10047, QUOTED_TEXT_MODE=SHOW}
11-24 12:55:01.874 26845 26845 I InputMethodManager: invalidateInput
11-24 12:55:01.875 26845 26845 E SpannableStringBuilder: SPAN_EXCLUSIVE_EXCLUSIVE spans cannot have a zero length
11-24 12:55:01.875 26845 26845 E SpannableStringBuilder: SPAN_EXCLUSIVE_EXCLUSIVE spans cannot have a zero length
11-24 12:55:01.875 26845 26845 V MessageExtractor: No body present for this message part
11-24 12:55:01.875 26845 26845 D QuotedMessagePresenter: Empty message; skipping.
11-24 12:55:01.876 26845 26845 I InputMethodManager: invalidateInput
11-24 12:55:01.876 26845 26845 D AndroidRuntime: Shutting down VM
11-24 12:55:01.876 26845 26845 E AndroidRuntime: FATAL EXCEPTION: main
11-24 12:55:01.876 26845 26845 E AndroidRuntime: Process: com.fsck.k9, PID: 26845
11-24 12:55:01.876 26845 26845 E AndroidRuntime: java.lang.NullPointerException: Attempt to invoke virtual method 'java.lang.String java.lang.String.substring(int, int)' on a null object reference
11-24 12:55:01.876 26845 26845 E AndroidRuntime: at com.fsck.k9.ui.compose.QuotedMessagePresenter.processDraftMessage(QuotedMessagePresenter.java:287)
11-24 12:55:01.876 26845 26845 E AndroidRuntime: at com.fsck.k9.activity.MessageCompose.processDraftMessage(MessageCompose.java:1451)
11-24 12:55:01.876 26845 26845 E AndroidRuntime: at com.fsck.k9.activity.MessageCompose.processSourceMessage(MessageCompose.java:1262)
11-24 12:55:01.876 26845 26845 E AndroidRuntime: at com.fsck.k9.activity.MessageCompose.loadLocalMessageForDisplay(MessageCompose.java:1659)
11-24 12:55:01.876 26845 26845 E AndroidRuntime: at com.fsck.k9.activity.MessageCompose$11.onMessageViewInfoLoadFinished(MessageCompose.java:1679)
11-24 12:55:01.876 26845 26845 E AndroidRuntime: at com.fsck.k9.activity.MessageLoaderHelper.onDecodeMessageFinished(MessageLoaderHelper.java:405)
11-24 12:55:01.876 26845 26845 E AndroidRuntime: at com.fsck.k9.activity.MessageLoaderHelper.-$$Nest$monDecodeMessageFinished(MessageLoaderHelper.java:0)
11-24 12:55:01.876 26845 26845 E AndroidRuntime: at com.fsck.k9.activity.MessageLoaderHelper$3.onLoadFinished(MessageLoaderHelper.java:441)
11-24 12:55:01.876 26845 26845 E AndroidRuntime: at com.fsck.k9.activity.MessageLoaderHelper$3.onLoadFinished(MessageLoaderHelper.java:418)
11-24 12:55:01.876 26845 26845 E AndroidRuntime: at androidx.loader.app.LoaderManagerImpl$LoaderObserver.onChanged(LoaderManagerImpl.java:250)
11-24 12:55:01.876 26845 26845 E AndroidRuntime: at androidx.lifecycle.LiveData.considerNotify(LiveData.java:133)
11-24 12:55:01.876 26845 26845 E AndroidRuntime: at androidx.lifecycle.LiveData.dispatchingValue(LiveData.java:151)
11-24 12:55:01.876 26845 26845 E AndroidRuntime: at androidx.lifecycle.LiveData.setValue(LiveData.java:309)
11-24 12:55:01.876 26845 26845 E AndroidRuntime: at androidx.lifecycle.MutableLiveData.setValue(MutableLiveData.java:50)
11-24 12:55:01.876 26845 26845 E AndroidRuntime: at androidx.loader.app.LoaderManagerImpl$LoaderInfo.setValue(LoaderManagerImpl.java:189)
11-24 12:55:01.876 26845 26845 E AndroidRuntime: at androidx.loader.app.LoaderManagerImpl$LoaderInfo.onLoadComplete(LoaderManagerImpl.java:174)
11-24 12:55:01.876 26845 26845 E AndroidRuntime: at androidx.loader.content.Loader.deliverResult(Loader.java:132)
11-24 12:55:01.876 26845 26845 E AndroidRuntime: at com.fsck.k9.ui.message.LocalMessageExtractorLoader.deliverResult(LocalMessageExtractorLoader.java:47)
11-24 12:55:01.876 26845 26845 E AndroidRuntime: at com.fsck.k9.ui.message.LocalMessageExtractorLoader.deliverResult(LocalMessageExtractorLoader.java:16)
11-24 12:55:01.876 26845 26845 E AndroidRuntime: at androidx.loader.content.AsyncTaskLoader.dispatchOnLoadComplete(AsyncTaskLoader.java:258)
11-24 12:55:01.876 26845 26845 E AndroidRuntime: at androidx.loader.content.AsyncTaskLoader$LoadTask.onPostExecute(AsyncTaskLoader.java:83)
11-24 12:55:01.876 26845 26845 E AndroidRuntime: at androidx.loader.content.ModernAsyncTask.finish(ModernAsyncTask.java:490)
11-24 12:55:01.876 26845 26845 E AndroidRuntime: at androidx.loader.content.ModernAsyncTask$InternalHandler.handleMessage(ModernAsyncTask.java:507)
11-24 12:55:01.876 26845 26845 E AndroidRuntime: at android.os.Handler.dispatchMessage(Handler.java:106)
11-24 12:55:01.876 26845 26845 E AndroidRuntime: at android.os.Looper.loopOnce(Looper.java:230)
11-24 12:55:01.876 26845 26845 E AndroidRuntime: at android.os.Looper.loop(Looper.java:319)
11-24 12:55:01.876 26845 26845 E AndroidRuntime: at android.app.ActivityThread.main(ActivityThread.java:9063)
11-24 12:55:01.876 26845 26845 E AndroidRuntime: at java.lang.reflect.Method.invoke(Native Method)
11-24 12:55:01.876 26845 26845 E AndroidRuntime: at com.android.internal.os.RuntimeInit$MethodAndArgsCaller.run(RuntimeInit.java:588)
11-24 12:55:01.876 26845 26845 E AndroidRuntime: at com.android.internal.os.ZygoteInit.main(ZygoteInit.java:1103)
11-24 12:55:01.888 26845 26845 I Process : Sending signal. PID: 26845 SIG: 9
11-24 12:56:02.822 27301 27301 I com.fsck.k9: Using CollectorTypeCMC GC.
11-24 12:56:02.825 27301 27301 E com.fsck.k9: Not starting debugger since process cannot load the jdwp agent.
11-24 12:56:02.831 27301 27301 D ActivityThread: setConscryptValidator
11-24 12:56:02.832 27301 27301 D ActivityThread: setConscryptValidator - put
11-24 12:56:02.841 27301 27301 D CompatibilityChangeReporter: Compat change id reported: 171979766; UID 10516; state: ENABLED
11-24 12:56:02.841 27301 27301 D CompatibilityChangeReporter: Compat change id reported: 242716250; UID 10516; state: ENABLED
11-24 12:56:02.855 27301 27301 D nativeloader: Configuring clns-4 for other apk /data/app/~~RadT3sxHHkyhkJtLag-bwg==/com.fsck.k9-0p-60oR3J8Qs317V3x0_sA==/base.apk. target_sdk_version=34, uses_libraries=, library_path=/data/app/~~RadT3sxHHkyhkJtLag-bwg==/com.fsck.k9-0p-60oR3J8Qs317V3x0_sA==/lib/arm64:/data/app/~~RadT3sxHHkyhkJtLag-bwg==/com.fsck.k9-0p-60oR3J8Qs317V3x0_sA==/base.apk!/lib/arm64-v8a, permitted_path=/data:/mnt/expand:/data/user/0/com.fsck.k9
11-24 12:56:02.863 27301 27301 V GraphicsEnvironment: Currently set values for:
11-24 12:56:02.863 27301 27301 V GraphicsEnvironment: angle_gl_driver_selection_pkgs=[]
11-24 12:56:02.863 27301 27301 V GraphicsEnvironment: angle_gl_driver_selection_values=[]
11-24 12:56:02.863 27301 27301 V GraphicsEnvironment: ANGLE GameManagerService for com.fsck.k9: false
11-24 12:56:02.863 27301 27301 V GraphicsEnvironment: com.fsck.k9 is not listed in per-application setting
11-24 12:56:02.864 27301 27301 V GraphicsEnvironment: App is not on the allowlist for updatable production driver.
11-24 12:56:02.910 27301 27301 D WM-PackageManagerHelper: Skipping component enablement for androidx.work.impl.background.systemjob.SystemJobService
11-24 12:56:02.910 27301 27301 D WM-Schedulers: Created SystemJobScheduler and enabled SystemJobService
11-24 12:56:02.910 27301 27301 V K9JobManager: scheduling all jobs
11-24 12:56:02.910 27301 27301 V K9JobManager: canceling mail sync job
11-24 12:56:02.911 27301 27301 V MailSyncWorkerManager: Scheduling mail sync worker for 3492e590-4a04-4759-a4a6-4aa3d1354138
11-24 12:56:02.911 27301 27301 V MailSyncWorkerManager: sync interval: 15 minutes
11-24 12:56:02.911 27301 27301 V MailSyncWorkerManager: last sync time: Sun Nov 24 12:40:54 GMT 2024
11-24 12:56:02.911 27301 27301 V MailSyncWorkerManager: initial delay: 0 ms
11-24 12:56:02.912 27301 27301 V MailSyncWorkerManager: Scheduling mail sync worker for 5bf73c30-e12c-4b87-bd1f-289fadc142be
11-24 12:56:02.912 27301 27301 V MailSyncWorkerManager: sync interval: 15 minutes
11-24 12:56:02.912 27301 27301 V MailSyncWorkerManager: last sync time: Sun Nov 24 12:40:57 GMT 2024
11-24 12:56:02.912 27301 27301 V MailSyncWorkerManager: initial delay: 0 ms
11-24 12:56:02.912 27301 27301 V MailSyncWorkerManager: Scheduling mail sync worker for 9207f9b1-307e-46ff-99a0-176c05056138
11-24 12:56:02.912 27301 27301 V MailSyncWorkerManager: sync interval: 15 minutes
11-24 12:56:02.912 27301 27301 V MailSyncWorkerManager: last sync time: Sun Nov 24 12:40:53 GMT 2024
11-24 12:56:02.912 27301 27301 V MailSyncWorkerManager: initial delay: 0 ms
11-24 12:56:02.912 27301 27301 V MailSyncWorkerManager: Scheduling mail sync worker for efdcab86-4d5f-426d-92e8-cb9e2151f0cb
11-24 12:56:02.912 27301 27301 V MailSyncWorkerManager: sync interval: 15 minutes
11-24 12:56:02.912 27301 27301 V MailSyncWorkerManager: last sync time: Sun Nov 24 12:40:53 GMT 2024
11-24 12:56:02.912 27301 27301 V MailSyncWorkerManager: initial delay: 0 ms
11-24 12:56:02.912 27301 27301 V MailSyncWorkerManager: Scheduling mail sync worker for 2b0c6b05-ea28-4ec1-9b59-48c87e57d922
11-24 12:56:02.912 27301 27301 V MailSyncWorkerManager: sync interval: 15 minutes
11-24 12:56:02.912 27301 27301 V MailSyncWorkerManager: last sync time: Sun Nov 24 12:40:52 GMT 2024
11-24 12:56:02.912 27301 27301 V MailSyncWorkerManager: initial delay: 0 ms
11-24 12:56:02.912 27301 27301 V MailSyncWorkerManager: Scheduling mail sync worker for 2df70efa-45e1-4326-9c28-725b0768d567
11-24 12:56:02.912 27301 27301 V MailSyncWorkerManager: sync interval: 15 minutes
11-24 12:56:02.912 27301 27301 V MailSyncWorkerManager: last sync time: Sun Nov 24 12:41:00 GMT 2024
11-24 12:56:02.912 27301 27301 V MailSyncWorkerManager: initial delay: 0 ms
11-24 12:56:02.913 27301 27301 V SystemLocaleManager: Enable LocaleBroadcastReceiver
11-24 12:56:02.917 27301 27301 D CompatibilityChangeReporter: Compat change id reported: 160794467; UID 10516; state: ENABLED
11-24 12:56:02.926 27301 27301 D OpenGLRenderer: HWUI - treat SMPTE_170M as sRGB
11-24 12:56:02.942 27301 27301 D AppCompatDelegate: Checking for metadata for AppLocalesMetadataHolderService : Service not found
11-24 12:56:02.950 27301 27352 I AdrenoGLES-0: QUALCOMM build : 7b26bdd942, Iab69c31769
11-24 12:56:02.950 27301 27352 I AdrenoGLES-0: Build Date : 08/28/23
11-24 12:56:02.950 27301 27352 I AdrenoGLES-0: OpenGL ES Shader Compiler Version: E031.41.03.44
11-24 12:56:02.950 27301 27352 I AdrenoGLES-0: Local Branch :
11-24 12:56:02.950 27301 27352 I AdrenoGLES-0: Remote Branch : refs/tags/AU_LINUX_ANDROID_LA.VENDOR.13.2.0.11.00.00.855.659
11-24 12:56:02.950 27301 27352 I AdrenoGLES-0: Remote Branch : NONE
11-24 12:56:02.950 27301 27352 I AdrenoGLES-0: Reconstruct Branch : NOTHING
11-24 12:56:02.950 27301 27352 I AdrenoGLES-0: Build Config : S P 14.1.4 AArch64
11-24 12:56:02.950 27301 27352 I AdrenoGLES-0: Driver Path : /vendor/lib64/egl/libGLESv2_adreno.so
11-24 12:56:02.950 27301 27352 I AdrenoGLES-0: Driver Version : 0676.42
11-24 12:56:02.954 27301 27355 V PushController: PushController.initInBackground()
11-24 12:56:02.954 27301 27355 V PushController: PushController.updatePushers()
11-24 12:56:02.959 27301 27352 I AdrenoGLES-0: PFP: 0x01740158, ME: 0x00000000
11-24 12:56:02.961 27301 27301 I DecorView: setWindowBackground: isPopOver=false color=ff131314 d=android.graphics.drawable.ColorDrawable@a172cc7
11-24 12:56:02.967 27301 27301 D CompatibilityChangeReporter: Compat change id reported: 210923482; UID 10516; state: ENABLED
11-24 12:56:02.974 27301 27355 V PushController: ..Running PushControllers: []
11-24 12:56:02.974 27301 27345 I NotificationManager: com.fsck.k9: notify(48, null, Notification(channel=messages_channel_9207f9b1-307e-46ff-99a0-176c05056138_1690912860 shortcut=null contentView=null vibrate=null sound=null tick defaults=0x0 flags=0x0 color=0xff669900 category=email groupKey=newMailNotifications-2 actions=2 vis=PRIVATE semFlags=0x0 semPriority=0 semMissedCount=0)) as user
11-24 12:56:02.974 27301 27355 V PushServiceManager: PushServiceManager.stop()
11-24 12:56:02.974 27301 27355 V PushServiceManager: ..PushService is not running
11-24 12:56:02.974 27301 27355 V BootCompleteManager: Disable BootCompleteReceiver
11-24 12:56:02.975 27301 27355 V PushController: PushController.updatePushers()
11-24 12:56:02.976 27301 27355 V PushController: ..Running PushControllers: []
11-24 12:56:02.976 27301 27355 V PushServiceManager: PushServiceManager.stop()
11-24 12:56:02.976 27301 27355 V PushServiceManager: ..PushService is not running
11-24 12:56:02.976 27301 27355 V BootCompleteManager: Disable BootCompleteReceiver
11-24 12:56:02.976 27301 27355 V PushController: PushController.updatePushers()
11-24 12:56:02.977 27301 27355 V PushController: ..Running PushControllers: []
11-24 12:56:02.977 27301 27355 V PushServiceManager: PushServiceManager.stop()
11-24 12:56:02.977 27301 27355 V PushServiceManager: ..PushService is not running
11-24 12:56:02.977 27301 27355 V BootCompleteManager: Disable BootCompleteReceiver
11-24 12:56:02.978 27301 27355 V PushController: PushController.updatePushers()
11-24 12:56:02.978 27301 27352 W Adreno-AppProfiles: Could not find QSPM HAL service. Skipping adreno profile processing.
11-24 12:56:02.978 27301 27348 I MessagingController: Running command 'clearNotifications', seq = 0 (foreground priority)
11-24 12:56:02.978 27301 27348 V NotificationController: Removing some notifications for account 3492e590-4a04-4759-a4a6-4aa3d1354138
11-24 12:56:02.979 27301 27355 V PushController: ..Running PushControllers: []
11-24 12:56:02.979 27301 27355 V PushServiceManager: PushServiceManager.stop()
11-24 12:56:02.979 27301 27355 V PushServiceManager: ..PushService is not running
11-24 12:56:02.979 27301 27355 V BootCompleteManager: Disable BootCompleteReceiver
11-24 12:56:02.981 27301 27355 V PushController: PushController.updatePushers()
11-24 12:56:02.982 27301 27345 I NotificationManager: com.fsck.k9: notify(47, null, Notification(channel=messages_channel_9207f9b1-307e-46ff-99a0-176c05056138_1690912860 shortcut=null contentView=null vibrate=null sound=null tick defaults=0x0 flags=0x0 color=0xff669900 category=email groupKey=newMailNotifications-2 actions=2 vis=PRIVATE semFlags=0x0 semPriority=0 semMissedCount=0)) as user
11-24 12:56:02.982 27301 27355 V PushController: ..Running PushControllers: []
11-24 12:56:02.983 27301 27355 V PushServiceManager: PushServiceManager.stop()
11-24 12:56:02.983 27301 27355 V PushServiceManager: ..PushService is not running
11-24 12:56:02.983 27301 27355 V BootCompleteManager: Disable BootCompleteReceiver
11-24 12:56:02.983 27301 27355 V PushController: PushController.updatePushers()
11-24 12:56:02.985 27301 27352 I AdrenoUtils: : Reading chip ID through GSL
11-24 12:56:02.985 27301 27355 V PushController: ..Running PushControllers: []
11-24 12:56:02.986 27301 27345 I NotificationManager: com.fsck.k9: notify(46, null, Notification(channel=messages_channel_9207f9b1-307e-46ff-99a0-176c05056138_1690912860 shortcut=null contentView=null vibrate=null sound=null tick defaults=0x0 flags=0x0 color=0xff669900 category=email groupKey=newMailNotifications-2 actions=2 vis=PRIVATE semFlags=0x0 semPriority=0 semMissedCount=0)) as user
11-24 12:56:02.986 27301 27355 V PushServiceManager: PushServiceManager.stop()
11-24 12:56:02.986 27301 27355 V PushServiceManager: ..PushService is not running
11-24 12:56:02.986 27301 27355 V BootCompleteManager: Disable BootCompleteReceiver
11-24 12:56:02.986 27301 27355 V PushController: PushController.updatePushers()
11-24 12:56:02.988 27301 27355 V PushController: ..Running PushControllers: []
11-24 12:56:02.988 27301 27355 V PushServiceManager: PushServiceManager.stop()
11-24 12:56:02.988 27301 27355 V PushServiceManager: ..PushService is not running
11-24 12:56:02.989 27301 27355 V BootCompleteManager: Disable BootCompleteReceiver
11-24 12:56:02.991 27301 27301 D CompatibilityChangeReporter: Compat change id reported: 237531167; UID 10516; state: DISABLED
11-24 12:56:02.993 27301 27355 V PushController: PushController.updatePushers()
11-24 12:56:02.994 27301 27345 I NotificationManager: com.fsck.k9: notify(45, null, Notification(channel=messages_channel_9207f9b1-307e-46ff-99a0-176c05056138_1690912860 shortcut=null contentView=null vibrate=null sound=null tick defaults=0x0 flags=0x0 color=0xff669900 category=email groupKey=newMailNotifications-2 actions=2 vis=PRIVATE semFlags=0x0 semPriority=0 semMissedCount=0)) as user
11-24 12:56:02.998 27301 27373 D CompatibilityChangeReporter: Compat change id reported: 194532703; UID 10516; state: ENABLED
11-24 12:56:02.998 27301 27373 D CompatibilityChangeReporter: Compat change id reported: 253665015; UID 10516; state: ENABLED
11-24 12:56:02.998 27301 27355 V PushController: ..Running PushControllers: []
11-24 12:56:02.998 27301 27355 V PushServiceManager: PushServiceManager.stop()
11-24 12:56:02.998 27301 27355 V PushServiceManager: ..PushService is not running
11-24 12:56:02.998 27301 27355 V BootCompleteManager: Disable BootCompleteReceiver
11-24 12:56:02.998 27301 27345 I NotificationManager: com.fsck.k9: notify(44, null, Notification(channel=messages_channel_9207f9b1-307e-46ff-99a0-176c05056138_1690912860 shortcut=null contentView=null vibrate=null sound=null tick defaults=0x0 flags=0x0 color=0xff669900 category=email groupKey=newMailNotifications-2 actions=2 vis=PRIVATE semFlags=0x0 semPriority=0 semMissedCount=0)) as user
11-24 12:56:02.999 27301 27355 D CompatibilityChangeReporter: Compat change id reported: 247079863; UID 10516; state: ENABLED
11-24 12:56:02.999 27301 27355 V PushController$updatePushEnabledListeners: ..Starting to listen for push enabled changes in account: 2df70efa-45e1-4326-9c28-725b0768d567
11-24 12:56:03.000 27301 27355 V PushController: PushController.updatePushers()
11-24 12:56:03.000 27301 27352 D NativeCustomFrequencyManager: [NativeCFMS] BpCustomFrequencyManager::BpCustomFrequencyManager()
11-24 12:56:03.000 27301 27345 I NotificationManager: com.fsck.k9: notify(43, null, Notification(channel=messages_channel_9207f9b1-307e-46ff-99a0-176c05056138_1690912860 shortcut=null contentView=null vibrate=null sound=null tick defaults=0x0 flags=0x0 color=0xff669900 category=email groupKey=newMailNotifications-2 actions=2 vis=PRIVATE semFlags=0x0 semPriority=0 semMissedCount=0)) as user
11-24 12:56:03.003 27301 27355 V PushController: ..Running PushControllers: []
11-24 12:56:03.003 27301 27355 V PushServiceManager: PushServiceManager.stop()
11-24 12:56:03.003 27301 27355 V PushServiceManager: ..PushService is not running
11-24 12:56:03.003 27301 27355 V BootCompleteManager: Disable BootCompleteReceiver
11-24 12:56:03.007 27301 27301 I InsetsController: onStateChanged: host=com.fsck.k9/com.fsck.k9.activity.MessageList, from=android.view.ViewRootImpl.setView:1797, state=InsetsState: {mDisplayFrame=Rect(0, 0 - 1080, 2316), mDisplayCutout=DisplayCutout{insets=Rect(0, 75 - 0, 0) waterfall=Insets{left=0, top=0, right=0, bottom=0} boundingRect={Bounds=[Rect(0, 0 - 0, 0), Rect(513, 0 - 567, 75), Rect(0, 0 - 0, 0), Rect(0, 0 - 0, 0)]} cutoutPathParserInfo={CutoutPathParserInfo{displayWidth=1080 displayHeight=2316 physicalDisplayWidth=1080 physicalDisplayHeight=2316 density={2.8125} cutoutSpec={M 0,0 H -9.466666666666667 V 26.66666666666667‬ H 9.466666666666667 V 0 H 0 Z @dp} rotation={0} scale={1.0} physicalPixelDisplaySizeRatio={1.0}}}}, mRoundedCorners=RoundedCorners{[RoundedCorner{position=TopLeft, radius=8, center=Point(8, 8)}, RoundedCorner{position=TopRight, radius=8, center=Point(1072, 8)}, RoundedCorner{position=BottomRight, radius=8, center=Point(1072, 2308)}, RoundedCorner{position=BottomLeft, radius=8, center=Point(8, 2308)}]} mRoundedCornerFrame=Rect(0, 0 - 1080, 2316), mPrivacyIndicatorBounds=PrivacyIndicatorBounds {static bounds=Rect(956, 0 - 1080, 75) rotation=0}, mDisplayShape=DisplayShape{ spec=-311912193 displayWidth=1440 displayHeight=3088 physicalPixelDisplaySizeRatio=1.0 rotation=0 offsetX=0 offsetY=0 scale=1.0}, mSources= { InsetsSource: {fd920000 mType=statusBars mFrame=[0,0][1080,75] mVisible=true mFlags=[]}, InsetsSource: {fd920005 mType=mandatorySystemGestures mFrame=[0,0][1080,109] mVisible=true mFlags=[]}, InsetsSource: {fd920006 mType=tappableElement mFrame=[0,0][1080,75] mVisible=true mFlags=[]}, InsetsSource: {3 mType=ime mFrame=[0,0][0,0] mVisible=false mFlags=[]}, InsetsSource: {27 mType=displayCutout mFrame=[0,0][1080,75] mVisible=true mFlags=[]}, InsetsSource: {174a0001 mType=navigationBars mFrame=[0,2181][1080,2316] mVisible=true mFlags=[]}, InsetsSource: {174a0004 mType=systemGestures mFrame=[0,0][0,0] mVisible=true mFlags=[]}, InsetsSource: {174a0005 mType=mandatorySystemGestures mFrame=[0,2181][1080,2316] mVisible=true mFlags=[]}, InsetsSource: {174a0006 mType=tappableElement mFrame=[0,2181][1080,2316] mVisible=true mFlags=[]}, InsetsSource: {174a0024 mType=systemGestures mFrame=[0,0][0,0] mVisible=true mFlags=[]} }
11-24 12:56:03.007 27301 27301 I ViewRootImpl@ba62ae4[MessageList]: synced displayState. AttachInfo displayState=2
11-24 12:56:03.007 27301 27345 I NotificationManager: com.fsck.k9: notify(42, null, Notification(channel=messages_channel_9207f9b1-307e-46ff-99a0-176c05056138_1690912860 shortcut=null contentView=null vibrate=null sound=null tick defaults=0x0 flags=0x0 color=0xff669900 category=email groupKey=newMailNotifications-2 actions=2 vis=PRIVATE semFlags=0x0 semPriority=0 semMissedCount=0)) as user
11-24 12:56:03.007 27301 27301 I ViewRootImpl@ba62ae4[MessageList]: setView = com.android.internal.policy.DecorView@f0968fe TM=true
11-24 12:56:03.007 27301 27301 I IDS_TAG : Starting IDS observe window
11-24 12:56:03.007 27301 27301 I IDS_TAG : Getting Shared Preference for app.k9mail.K9App@21f4f75 uid = 10516
11-24 12:56:03.008 27301 27301 I IDS_TAG : App app.k9mail.K9App@21f4f75 being boosted by IDS
11-24 12:56:03.008 27301 27301 I IDS_TAG : Closing IDS observe window
11-24 12:56:03.008 27301 27301 I IDS_TAG : Getting Shared Preference for app.k9mail.K9App@21f4f75 uid = 10516
11-24 12:56:03.009 27301 27301 D AnimatorSet: mReversing is false. Don't call initChildren.
11-24 12:56:03.012 27301 27345 V SummaryNotificationCreator: Creating inbox-style summary notification (silent=true): Notification(channel=messages_channel_9207f9b1-307e-46ff-99a0-176c05056138_1690912860 shortcut=null contentView=null vibrate=null sound=null tick defaults=0x0 flags=0x200 color=0xff669900 category=email groupKey=newMailNotifications-2 actions=1 vis=PRIVATE publicVersion=Notification(channel=messages_channel_9207f9b1-307e-46ff-99a0-176c05056138_1690912860 shortcut=null contentView=null vibrate=null sound=null defaults=0x0 flags=0x0 color=0xff669900 category=email vis=PRIVATE semFlags=0x0 semPriority=0 semMissedCount=0) semFlags=0x0 semPriority=0 semMissedCount=0)
11-24 12:56:03.012 27301 27345 I NotificationManager: com.fsck.k9: notify(41, null, Notification(channel=messages_channel_9207f9b1-307e-46ff-99a0-176c05056138_1690912860 shortcut=null contentView=null vibrate=null sound=null tick defaults=0x0 flags=0x200 color=0xff669900 category=email groupKey=newMailNotifications-2 actions=1 vis=PRIVATE publicVersion=Notification(channel=messages_channel_9207f9b1-307e-46ff-99a0-176c05056138_1690912860 shortcut=null contentView=null vibrate=null sound=null defaults=0x0 flags=0x0 color=0xff669900 category=email vis=PRIVATE semFlags=0x0 semPriority=0 semMissedCount=0) semFlags=0x0 semPriority=0 semMissedCount=0)) as user
11-24 12:56:03.021 27301 27348 I MessagingController: Command 'clearNotifications' completed
11-24 12:56:03.021 27301 27348 I MessagingController: Running command 'clearNotifications', seq = 1 (foreground priority)
11-24 12:56:03.021 27301 27348 V NotificationController: Removing some notifications for account 3492e590-4a04-4759-a4a6-4aa3d1354138
11-24 12:56:03.021 27301 27348 I MessagingController: Command 'clearNotifications' completed
11-24 12:56:03.056 27301 27301 I BufferQueueProducer: [](id:6aa500000000,api:0,p:-1812874035,c:27301) setDequeueTimeout:2077252342
11-24 12:56:03.056 27301 27301 I BLASTBufferQueue_Java: new BLASTBufferQueue, mName= ViewRootImpl@ba62ae4[MessageList] mNativeObject= 0xb400007493e8e500 sc.mNativeObject= 0xb400007493ee92c0 caller= android.view.ViewRootImpl.updateBlastSurfaceIfNeeded:3085 android.view.ViewRootImpl.relayoutWindow:10224 android.view.ViewRootImpl.performTraversals:4167 android.view.ViewRootImpl.doTraversal:3345 android.view.ViewRootImpl$TraversalRunnable.run:11437 android.view.Choreographer$CallbackRecord.run:1690 android.view.Choreographer$CallbackRecord.run:1699 android.view.Choreographer.doCallbacks:1154 android.view.Choreographer.doFrame:1080 android.view.Choreographer$FrameDisplayEventReceiver.run:1647
11-24 12:56:03.056 27301 27301 I BLASTBufferQueue_Java: update, w= 1080 h= 2316 mName = ViewRootImpl@ba62ae4[MessageList] mNativeObject= 0xb400007493e8e500 sc.mNativeObject= 0xb400007493ee92c0 format= -1 caller= android.graphics.BLASTBufferQueue.:89 android.view.ViewRootImpl.updateBlastSurfaceIfNeeded:3085 android.view.ViewRootImpl.relayoutWindow:10224 android.view.ViewRootImpl.performTraversals:4167 android.view.ViewRootImpl.doTraversal:3345 android.view.ViewRootImpl$TraversalRunnable.run:11437
11-24 12:56:03.057 27301 27301 I ViewRootImpl@ba62ae4[MessageList]: Relayout returned: old=(0,0,1080,2316) new=(0,0,1080,2316) relayoutAsync=false req=(1080,2316)0 dur=18 res=0x403 s={true 0xb4000074edce0800} ch=true seqId=0
11-24 12:56:03.057 27301 27301 I ViewRootImpl@ba62ae4[MessageList]: performConfigurationChange setNightDimText nightDimLevel=0
11-24 12:56:03.057 27301 27301 D ViewRootImpl@ba62ae4[MessageList]: mThreadedRenderer.initialize() mSurface={isValid=true 0xb4000074edce0800} hwInitialized=true
11-24 12:56:03.058 27301 27301 D ViewRootImpl@ba62ae4[MessageList]: reportNextDraw android.view.ViewRootImpl.performTraversals:4781 android.view.ViewRootImpl.doTraversal:3345 android.view.ViewRootImpl$TraversalRunnable.run:11437 android.view.Choreographer$CallbackRecord.run:1690 android.view.Choreographer$CallbackRecord.run:1699
11-24 12:56:03.058 27301 27301 I ViewRootImpl@ba62ae4[MessageList]: Setup new sync=wmsSync-ViewRootImpl@ba62ae4[MessageList]#0
11-24 12:56:03.058 27301 27301 I ViewRootImpl@ba62ae4[MessageList]: Creating new active sync group ViewRootImpl@ba62ae4[MessageList]#1
11-24 12:56:03.058 27301 27301 I SurfaceSyncGroup: addLocalSync=ViewRootImpl@ba62ae4[MessageList]#1 to name=wmsSync-ViewRootImpl@ba62ae4[MessageList]#0, callers=android.window.SurfaceSyncGroup.add:431 android.window.SurfaceSyncGroup.add:392 android.window.SurfaceSyncGroup.add:340 android.view.ViewRootImpl.createSyncIfNeeded:4912 android.view.ViewRootImpl.performTraversals:4796 android.view.ViewRootImpl.doTraversal:3345
11-24 12:56:03.061 27301 27301 I ViewRootImpl@ba62ae4[MessageList]: registerCallbacksForSync syncBuffer=false
11-24 12:56:03.064 27301 27386 I ViewRootImpl@ba62ae4[MessageList]: Received frameDrawingCallback syncResult=0 frameNum=1.
11-24 12:56:03.065 27301 27386 I ViewRootImpl@ba62ae4[MessageList]: mWNT: t=0xb400007493f63480 mBlastBufferQueue=0xb400007493e8e500 fn= 1 mRenderHdrSdrRatio=1.0 caller= android.view.ViewRootImpl$8.onFrameDraw:13946 android.view.ThreadedRenderer$1.onFrameDraw:792
11-24 12:56:03.065 27301 27386 I ViewRootImpl@ba62ae4[MessageList]: Setting up sync and frameCommitCallback
11-24 12:56:03.072 27301 27352 I BLASTBufferQueue: [ViewRootImpl@ba62ae4[MessageList]#0](f:0,a:0,s:0) onFrameAvailable the first frame is available
11-24 12:56:03.073 27301 27352 I ViewRootImpl@ba62ae4[MessageList]: Received frameCommittedCallback lastAttemptedDrawFrameNum=1 didProduceBuffer=true
11-24 12:56:03.073 27301 27352 I SurfaceSyncGroup: onTransactionReady mName=wmsSync-ViewRootImpl@ba62ae4[MessageList]#0 callback=66173696
11-24 12:56:03.073 27301 27352 D OpenGLRenderer: CFMS:: SetUp Pid : 27301 Tid : 27352
11-24 12:56:03.073 27301 27301 I ViewRootImpl@ba62ae4[MessageList]: reportDrawFinished seqId=0
11-24 12:56:03.074 27301 27352 D OpenGLRenderer: HWUI - treat SMPTE_170M as sRGB
11-24 12:56:03.075 27301 27380 D ConnectivityManager: StackLog: [android.net.ConnectivityManager.sendRequestForNetwork(ConnectivityManager.java:4402)] [android.net.ConnectivityManager.registerDefaultNetworkCallbackForUid(ConnectivityManager.java:4966)] [android.net.ConnectivityManager.registerDefaultNetworkCallback(ConnectivityManager.java:4933)] [android.net.ConnectivityManager.registerDefaultNetworkCallback(ConnectivityManager.java:4907)] [androidx.work.impl.utils.NetworkApi24$$ExternalSyntheticApiModelOutline0.m(R8$$SyntheticClass:0)] [androidx.work.impl.utils.NetworkApi24.registerDefaultNetworkCallbackCompat(NetworkApi24.kt:28)] [androidx.work.impl.constraints.trackers.NetworkStateTracker24.startTracking(NetworkStateTracker.kt:138)] [androidx.work.impl.constraints.trackers.ConstraintTracker.addListener(ConstraintTracker.kt:56)] [androidx.work.impl.constraints.controllers.ConstraintController$track$1.invokeSuspend(ContraintControllers.kt:54)] [androidx.work.impl.constraints.controllers.ConstraintController$track$1.invoke(ContraintControllers.kt:0)] [androidx.work.impl.constraints.controllers.ConstraintController$track$1.invoke(ContraintControllers.kt:0)] [kotlinx.coroutines.flow.ChannelFlowBuilder.collectTo$suspendImpl(Builders.kt:316)] [kotlinx.coroutines.flow.ChannelFlowBuilder.collectTo(Builders.kt:0)] [kotlinx.coroutines.flow.CallbackFlowBuilder.collectTo(Builders.kt:330)] [kotlinx.coroutines.flow.internal.ChannelFlow$collectToFun$1.invokeSuspend(ChannelFlow.kt:56)] [kotlin.coroutines.jvm.internal.BaseContinuationImpl.resumeWith(ContinuationImpl.kt:33)] [kotlinx.coroutines.DispatchedTask.run(DispatchedTask.kt:101)] [androidx.work.impl.utils.SerialExecutorImpl$Task.run(SerialExecutorImpl.java:96)] [java.util.concurrent.ThreadPoolExecutor.runWorker(ThreadPoolExecutor.java:1145)] [java.util.concurrent.ThreadPoolExecutor$Worker.run(ThreadPoolExecutor.java:644)] [java.lang.Thread.run(Thread.java:1012)]
11-24 12:56:03.079 27301 27301 I InputMethodManager: invalidateInput
11-24 12:56:03.080 27301 27301 I InputMethodManager: invalidateInput
11-24 12:56:03.080 27301 27301 I InputMethodManager: invalidateInput
11-24 12:56:03.081 27301 27301 I InputMethodManager: invalidateInput
11-24 12:56:03.081 27301 27301 I ImeTracker: com.fsck.k9:835f38b9: onRequestHide at ORIGIN_CLIENT_HIDE_SOFT_INPUT reason HIDE_SOFT_INPUT
11-24 12:56:03.082 27301 27301 I InputMethodManager_LC: hsifw() - flag : 0
11-24 12:56:03.082 27301 27301 I ImeTracker: com.fsck.k9:835f38b9: onFailed at PHASE_CLIENT_VIEW_SERVED
11-24 12:56:03.082 27301 27301 I InputMethodManager_LC: hsifw() ignored windowToken=null servedView=null mDisplayId=0
11-24 12:56:03.083 27301 27301 D AutofillManager: view not autofillable - not passing ime action check
11-24 12:56:03.090 27301 27380 D CompatibilityChangeReporter: Compat change id reported: 263076149; UID 10516; state: ENABLED
11-24 12:56:03.092 27301 27301 I InsetsSourceConsumer: applyRequestedVisibilityToControl: visible=true, type=navigationBars, host=com.fsck.k9/com.fsck.k9.activity.MessageList
11-24 12:56:03.092 27301 27301 I InsetsSourceConsumer: applyRequestedVisibilityToControl: visible=true, type=statusBars, host=com.fsck.k9/com.fsck.k9.activity.MessageList
11-24 12:56:03.101 27301 27301 I ViewRootImpl@ba62ae4[MessageList]: handleWindowFocusChanged: 1 0 call from android.view.ViewRootImpl.-$$Nest$mhandleWindowFocusChanged:0
11-24 12:56:03.101 27301 27301 D ViewRootImpl@ba62ae4[MessageList]: mThreadedRenderer.initializeIfNeeded()#2 mSurface={isValid=true 0xb4000074edce0800}
11-24 12:56:03.102 27301 27301 D InputMethodManagerUtils: startInputInner - Id : 0
11-24 12:56:03.102 27301 27301 I InputMethodManager: startInputInner - IInputMethodManagerGlobalInvoker.startInputOrWindowGainedFocus
11-24 12:56:03.108 27301 27408 D MailSyncWorker: Executing periodic mail sync for account 9207f9b1-307e-46ff-99a0-176c05056138
11-24 12:56:03.109 27301 27348 I MessagingController: Running command 'checkMail', seq = 2 (background priority)
11-24 12:56:03.110 27301 27348 I MessagingController: Starting mail check
11-24 12:56:03.110 27301 27348 I MessagingController: Synchronizing account 9207f9b1-307e-46ff-99a0-176c05056138
11-24 12:56:03.110 27301 27348 D MessagingController: Last folder list refresh @ Sun Nov 24 12:40:52 GMT 2024. Not refreshing now.
11-24 12:56:03.110 27301 27348 I MessagingController: Command 'checkMail' completed
11-24 12:56:03.110 27301 27348 I MessagingController: Running command 'sendPendingMessages', seq = 3 (background priority)
11-24 12:56:03.110 27301 27348 I MessagingController: Command 'sendPendingMessages' completed
11-24 12:56:03.110 27301 27348 I MessagingController: Running command 'syncINBOX', seq = 4 (background priority)
11-24 12:56:03.110 27301 27348 V MessagingController: Folder INBOX was last synced @ Sun Nov 24 12:40:53 GMT 2024
11-24 12:56:03.110 27301 27348 D MessagingController: Last folder list refresh @ Sun Nov 24 12:40:52 GMT 2024. Not refreshing now.
11-24 12:56:03.112 27301 27409 D MailSyncWorker: Executing periodic mail sync for account efdcab86-4d5f-426d-92e8-cb9e2151f0cb
11-24 12:56:03.112 27301 27348 I Pop3Sync: Synchronizing folder Automated:INBOX
11-24 12:56:03.112 27301 27348 D Pop3Sync: SYNC: About to process pending commands for account Automated
11-24 12:56:03.112 27301 27348 V Pop3Sync: SYNC: About to get local folder INBOX
11-24 12:56:03.115 27301 27301 D InputMethodManagerUtils: startInputInner - Id : 0
11-24 12:56:03.116 27301 27407 D MailSyncWorker: Executing periodic mail sync for account 5bf73c30-e12c-4b87-bd1f-289fadc142be
11-24 12:56:03.116 27301 27409 V MessagingController: performPeriodicMailSync(efdcab86-4d5f-426d-92e8-cb9e2151f0cb) about to await latch release
11-24 12:56:03.116 27301 27407 V MessagingController: performPeriodicMailSync(5bf73c30-e12c-4b87-bd1f-289fadc142be) about to await latch release
11-24 12:56:03.116 27301 27408 V MessagingController: performPeriodicMailSync(9207f9b1-307e-46ff-99a0-176c05056138) about to await latch release
11-24 12:56:03.116 27301 27406 D MailSyncWorker: Executing periodic mail sync for account 3492e590-4a04-4759-a4a6-4aa3d1354138
11-24 12:56:03.117 27301 27406 V MessagingController: performPeriodicMailSync(3492e590-4a04-4759-a4a6-4aa3d1354138) about to await latch release
11-24 12:56:03.118 27301 27348 V Pop3Sync: SYNC: About to get remote folder INBOX
11-24 12:56:03.118 27301 27348 V Pop3Sync: SYNC: About to open remote folder INBOX
11-24 12:56:03.122 27301 27348 D Pop3Connection: Connecting to mail.kingqueen.org.uk as mail.kingqueen.org.uk/91.207.50.30
11-24 12:56:03.122 27301 27348 W System.err: SLF4J: Failed to load class "org.slf4j.impl.StaticLoggerBinder".
11-24 12:56:03.122 27301 27348 W System.err: SLF4J: Defaulting to no-operation (NOP) logger implementation
11-24 12:56:03.122 27301 27348 W System.err: SLF4J: See http://www.slf4j.org/codes.html#StaticLoggerBinder for further details.
11-24 12:56:03.124 27301 27348 D TrafficStats: tagSocket(146) with statsTag=0xffffffff, statsUid=-1
11-24 12:56:03.125 27301 27301 I InsetsSourceConsumer: applyRequestedVisibilityToControl: visible=false, type=ime, host=com.fsck.k9/com.fsck.k9.activity.MessageList
11-24 12:56:03.278 27301 27348 D Pop3Connection: <<< +OK Dovecot ready.
11-24 12:56:03.278 27301 27348 D Pop3Connection: >>> CAPA
11-24 12:56:03.326 27301 27348 D Pop3Connection: <<< +OK
11-24 12:56:03.326 27301 27348 D Pop3Connection: <<< CAPA
11-24 12:56:03.326 27301 27348 D Pop3Connection: <<< TOP
11-24 12:56:03.326 27301 27348 D Pop3Connection: <<< UIDL
11-24 12:56:03.326 27301 27348 D Pop3Connection: <<< RESP-CODES
11-24 12:56:03.326 27301 27348 D Pop3Connection: <<< PIPELINING
11-24 12:56:03.326 27301 27348 D Pop3Connection: <<< AUTH-RESP-CODE
11-24 12:56:03.326 27301 27348 D Pop3Connection: <<< USER
11-24 12:56:03.326 27301 27348 D Pop3Connection: <<< SASL PLAIN LOGIN
11-24 12:56:03.326 27301 27348 D Pop3Connection: <<< .
11-24 12:56:03.326 27301 27348 D Pop3Connection: >>> AUTH PLAIN
11-24 12:56:03.358 27301 27348 D Pop3Connection: <<< +
11-24 12:56:03.358 27301 27348 D Pop3Connection: >>> [Command Hidden, Enable Sensitive Debug Logging To Show]
11-24 12:56:03.422 27301 27348 D Pop3Connection: <<< +OK Logged in.
11-24 12:56:03.422 27301 27348 D Pop3Connection: >>> STAT
11-24 12:56:03.455 27301 27348 D Pop3Connection: <<< +OK 38 1289664
11-24 12:56:03.456 27301 27348 V Pop3Sync: SYNC: Remote message count for folder INBOX is 38
11-24 12:56:03.456 27301 27348 V Pop3Sync: SYNC: About to get messages 1 through 38 for folder INBOX
11-24 12:56:03.456 27301 27348 D Pop3Connection: >>> UIDL
11-24 12:56:03.493 27301 27348 D Pop3Connection: <<< +OK
11-24 12:56:03.493 27301 27348 D Pop3Connection: <<< 1 UID19501-1517194985
11-24 12:56:03.493 27301 27348 D Pop3Folder: Adding index for UID UID19501-1517194985 to msgNum 1
11-24 12:56:03.493 27301 27348 D Pop3Connection: <<< 2 UID19502-1517194985
11-24 12:56:03.493 27301 27348 D Pop3Folder: Adding index for UID UID19502-1517194985 to msgNum 2
11-24 12:56:03.493 27301 27348 D Pop3Connection: <<< 3 UID19503-1517194985
11-24 12:56:03.493 27301 27348 D Pop3Folder: Adding index for UID UID19503-1517194985 to msgNum 3
11-24 12:56:03.493 27301 27348 D Pop3Connection: <<< 4 UID19504-1517194985
11-24 12:56:03.493 27301 27348 D Pop3Folder: Adding index for UID UID19504-1517194985 to msgNum 4
11-24 12:56:03.493 27301 27348 D Pop3Connection: <<< 5 UID19505-1517194985
11-24 12:56:03.493 27301 27348 D Pop3Folder: Adding index for UID UID19505-1517194985 to msgNum 5
11-24 12:56:03.493 27301 27348 D Pop3Connection: <<< 6 UID19506-1517194985
11-24 12:56:03.493 27301 27348 D Pop3Folder: Adding index for UID UID19506-1517194985 to msgNum 6
11-24 12:56:03.493 27301 27348 D Pop3Connection: <<< 7 UID19507-1517194985
11-24 12:56:03.493 27301 27348 D Pop3Folder: Adding index for UID UID19507-1517194985 to msgNum 7
11-24 12:56:03.493 27301 27348 D Pop3Connection: <<< 8 UID19508-1517194985
11-24 12:56:03.493 27301 27348 D Pop3Folder: Adding index for UID UID19508-1517194985 to msgNum 8
11-24 12:56:03.493 27301 27348 D Pop3Connection: <<< 9 UID19509-1517194985
11-24 12:56:03.493 27301 27348 D Pop3Folder: Adding index for UID UID19509-1517194985 to msgNum 9
11-24 12:56:03.493 27301 27348 D Pop3Connection: <<< 10 UID19510-1517194985
11-24 12:56:03.493 27301 27348 D Pop3Folder: Adding index for UID UID19510-1517194985 to msgNum 10
11-24 12:56:03.493 27301 27348 D Pop3Connection: <<< 11 UID19511-1517194985
11-24 12:56:03.493 27301 27348 D Pop3Folder: Adding index for UID UID19511-1517194985 to msgNum 11
11-24 12:56:03.493 27301 27348 D Pop3Connection: <<< 12 UID19512-1517194985
11-24 12:56:03.493 27301 27348 D Pop3Folder: Adding index for UID UID19512-1517194985 to msgNum 12
11-24 12:56:03.493 27301 27348 D Pop3Connection: <<< 13 UID19513-1517194985
11-24 12:56:03.493 27301 27348 D Pop3Folder: Adding index for UID UID19513-1517194985 to msgNum 13
11-24 12:56:03.493 27301 27348 D Pop3Connection: <<< 14 UID19514-1517194985
11-24 12:56:03.494 27301 27348 D Pop3Folder: Adding index for UID UID19514-1517194985 to msgNum 14
11-24 12:56:03.494 27301 27348 D Pop3Connection: <<< 15 UID19515-1517194985
11-24 12:56:03.494 27301 27348 D Pop3Folder: Adding index for UID UID19515-1517194985 to msgNum 15
11-24 12:56:03.494 27301 27348 D Pop3Connection: <<< 16 UID19516-1517194985
11-24 12:56:03.494 27301 27348 D Pop3Folder: Adding index for UID UID19516-1517194985 to msgNum 16
11-24 12:56:03.494 27301 27348 D Pop3Connection: <<< 17 UID19517-1517194985
11-24 12:56:03.494 27301 27348 D Pop3Folder: Adding index for UID UID19517-1517194985 to msgNum 17
11-24 12:56:03.494 27301 27348 D Pop3Connection: <<< 18 UID19518-1517194985
11-24 12:56:03.494 27301 27348 D Pop3Folder: Adding index for UID UID19518-1517194985 to msgNum 18
11-24 12:56:03.494 27301 27348 D Pop3Connection: <<< 19 UID19519-1517194985
11-24 12:56:03.494 27301 27348 D Pop3Folder: Adding index for UID UID19519-1517194985 to msgNum 19
11-24 12:56:03.494 27301 27348 D Pop3Connection: <<< 20 UID19520-1517194985
11-24 12:56:03.494 27301 27348 D Pop3Folder: Adding index for UID UID19520-1517194985 to msgNum 20
11-24 12:56:03.494 27301 27348 D Pop3Connection: <<< 21 UID19521-1517194985
11-24 12:56:03.494 27301 27348 D Pop3Folder: Adding index for UID UID19521-1517194985 to msgNum 21
11-24 12:56:03.494 27301 27348 D Pop3Connection: <<< 22 UID19522-1517194985
11-24 12:56:03.494 27301 27348 D Pop3Folder: Adding index for UID UID19522-1517194985 to msgNum 22
11-24 12:56:03.494 27301 27348 D Pop3Connection: <<< 23 UID19523-1517194985
11-24 12:56:03.495 27301 27348 D Pop3Folder: Adding index for UID UID19523-1517194985 to msgNum 23
11-24 12:56:03.495 27301 27348 D Pop3Connection: <<< 24 UID19524-1517194985
11-24 12:56:03.495 27301 27348 D Pop3Folder: Adding index for UID UID19524-1517194985 to msgNum 24
11-24 12:56:03.495 27301 27348 D Pop3Connection: <<< 25 UID19525-1517194985
11-24 12:56:03.495 27301 27348 D Pop3Folder: Adding index for UID UID19525-1517194985 to msgNum 25
11-24 12:56:03.495 27301 27348 D Pop3Connection: <<< 26 UID19526-1517194985
11-24 12:56:03.495 27301 27348 D Pop3Folder: Adding index for UID UID19526-1517194985 to msgNum 26
11-24 12:56:03.495 27301 27348 D Pop3Connection: <<< 27 UID19527-1517194985
11-24 12:56:03.495 27301 27348 D Pop3Folder: Adding index for UID UID19527-1517194985 to msgNum 27
11-24 12:56:03.495 27301 27348 D Pop3Connection: <<< 28 UID19528-1517194985
11-24 12:56:03.495 27301 27348 D Pop3Folder: Adding index for UID UID19528-1517194985 to msgNum 28
11-24 12:56:03.495 27301 27348 D Pop3Connection: <<< 29 UID19529-1517194985
11-24 12:56:03.495 27301 27348 D Pop3Folder: Adding index for UID UID19529-1517194985 to msgNum 29
11-24 12:56:03.495 27301 27348 D Pop3Connection: <<< 30 UID19530-1517194985
11-24 12:56:03.495 27301 27348 D Pop3Folder: Adding index for UID UID19530-1517194985 to msgNum 30
11-24 12:56:03.495 27301 27348 D Pop3Connection: <<< 31 UID19531-1517194985
11-24 12:56:03.495 27301 27348 D Pop3Folder: Adding index for UID UID19531-1517194985 to msgNum 31
11-24 12:56:03.495 27301 27348 D Pop3Connection: <<< 32 UID19532-1517194985
11-24 12:56:03.496 27301 27348 D Pop3Folder: Adding index for UID UID19532-1517194985 to msgNum 32
11-24 12:56:03.496 27301 27348 D Pop3Connection: <<< 33 UID19533-1517194985
11-24 12:56:03.496 27301 27348 D Pop3Folder: Adding index for UID UID19533-1517194985 to msgNum 33
11-24 12:56:03.496 27301 27348 D Pop3Connection: <<< 34 UID19534-1517194985
11-24 12:56:03.496 27301 27348 D Pop3Folder: Adding index for UID UID19534-1517194985 to msgNum 34
11-24 12:56:03.496 27301 27348 D Pop3Connection: <<< 35 UID19535-1517194985
11-24 12:56:03.496 27301 27348 D Pop3Folder: Adding index for UID UID19535-1517194985 to msgNum 35
11-24 12:56:03.496 27301 27348 D Pop3Connection: <<< 36 UID19536-1517194985
11-24 12:56:03.496 27301 27348 D Pop3Folder: Adding index for UID UID19536-1517194985 to msgNum 36
11-24 12:56:03.496 27301 27348 D Pop3Connection: <<< 37 UID19537-1517194985
11-24 12:56:03.496 27301 27348 D Pop3Folder: Adding index for UID UID19537-1517194985 to msgNum 37
11-24 12:56:03.496 27301 27348 D Pop3Connection: <<< 38 UID19538-1517194985
11-24 12:56:03.496 27301 27348 D Pop3Folder: Adding index for UID UID19538-1517194985 to msgNum 38
11-24 12:56:03.496 27301 27348 D Pop3Connection: <<< .
11-24 12:56:03.501 27301 27348 V Pop3Sync: SYNC: Got 38 messages for folder INBOX
11-24 12:56:03.501 27301 27348 V Pop3Sync: Message with uid UID19501-1517194985 is present in the local store
11-24 12:56:03.502 27301 27348 V Pop3Sync: Message with uid UID19502-1517194985 is present in the local store
11-24 12:56:03.502 27301 27348 V Pop3Sync: Message with uid UID19503-1517194985 is present in the local store
11-24 12:56:03.502 27301 27348 V Pop3Sync: Message with uid UID19504-1517194985 is present in the local store
11-24 12:56:03.502 27301 27348 V Pop3Sync: Message with uid UID19505-1517194985 is present in the local store
11-24 12:56:03.502 27301 27348 V Pop3Sync: Message with uid UID19506-1517194985 is present in the local store
11-24 12:56:03.502 27301 27348 V Pop3Sync: Message with uid UID19507-1517194985 is present in the local store
11-24 12:56:03.503 27301 27348 V Pop3Sync: Message with uid UID19508-1517194985 is present in the local store
11-24 12:56:03.503 27301 27348 V Pop3Sync: Message with uid UID19509-1517194985 is present in the local store
11-24 12:56:03.503 27301 27348 V Pop3Sync: Message with uid UID19510-1517194985 is present in the local store
11-24 12:56:03.503 27301 27348 V Pop3Sync: Message with uid UID19511-1517194985 is present in the local store
11-24 12:56:03.503 27301 27348 V Pop3Sync: Message with uid UID19512-1517194985 is present in the local store
11-24 12:56:03.503 27301 27348 V Pop3Sync: Message with uid UID19513-1517194985 is present in the local store
11-24 12:56:03.504 27301 27348 V Pop3Sync: Message with uid UID19514-1517194985 is present in the local store
11-24 12:56:03.504 27301 27348 V Pop3Sync: Message with uid UID19515-1517194985 is present in the local store
11-24 12:56:03.504 27301 27348 V Pop3Sync: Message with uid UID19516-1517194985 is present in the local store
11-24 12:56:03.504 27301 27348 V Pop3Sync: Message with uid UID19517-1517194985 is present in the local store
11-24 12:56:03.504 27301 27348 V Pop3Sync: Message with uid UID19518-1517194985 is present in the local store
11-24 12:56:03.504 27301 27348 V Pop3Sync: Message with uid UID19519-1517194985 is present in the local store
11-24 12:56:03.505 27301 27348 V Pop3Sync: Message with uid UID19520-1517194985 is present in the local store
11-24 12:56:03.505 27301 27348 V Pop3Sync: Message with uid UID19521-1517194985 is present in the local store
11-24 12:56:03.505 27301 27348 V Pop3Sync: Message with uid UID19522-1517194985 is present in the local store
11-24 12:56:03.505 27301 27348 V Pop3Sync: Message with uid UID19523-1517194985 is present in the local store
11-24 12:56:03.505 27301 27348 V Pop3Sync: Message with uid UID19524-1517194985 is present in the local store
11-24 12:56:03.505 27301 27348 V Pop3Sync: Message with uid UID19525-1517194985 is present in the local store
11-24 12:56:03.506 27301 27348 V Pop3Sync: Message with uid UID19526-1517194985 is present in the local store
11-24 12:56:03.506 27301 27348 V Pop3Sync: Message with uid UID19527-1517194985 is present in the local store
11-24 12:56:03.506 27301 27348 V Pop3Sync: Message with uid UID19528-1517194985 is present in the local store
11-24 12:56:03.506 27301 27348 V Pop3Sync: Message with uid UID19529-1517194985 is present in the local store
11-24 12:56:03.506 27301 27348 V Pop3Sync: Message with uid UID19530-1517194985 is present in the local store
11-24 12:56:03.506 27301 27348 V Pop3Sync: Message with uid UID19531-1517194985 is present in the local store
11-24 12:56:03.507 27301 27348 V Pop3Sync: Message with uid UID19532-1517194985 is present in the local store
11-24 12:56:03.507 27301 27348 V Pop3Sync: Message with uid UID19533-1517194985 is present in the local store
11-24 12:56:03.507 27301 27348 V Pop3Sync: Message with uid UID19534-1517194985 is present in the local store
11-24 12:56:03.507 27301 27348 V Pop3Sync: Message with uid UID19535-1517194985 is present in the local store
11-24 12:56:03.507 27301 27348 V Pop3Sync: Message with uid UID19536-1517194985 is present in the local store
11-24 12:56:03.507 27301 27348 V Pop3Sync: Message with uid UID19537-1517194985 is present in the local store
11-24 12:56:03.507 27301 27348 V Pop3Sync: Message with uid UID19538-1517194985 is present in the local store
11-24 12:56:03.508 27301 27348 D Pop3Sync: SYNC: Have 0 unsynced messages
