11-24 12:56:09.418 27301 27301 I GestureDetector: obtain mCurrentDownEvent. id: 22719459 caller: androidx.core.view.GestureDetectorCompat.onTouchEvent:98 androidx.recyclerview.widget.ItemTouchHelper$2.onInterceptTouchEvent:320 androidx.recyclerview.widget.RecyclerView.findInterceptingOnItemTouchListener:3583
11-24 12:56:09.429 27301 27301 I GestureDetector: obtain mCurrentMotionEventRaw. action: 2 id: 199223298
11-24 12:56:09.467 27301 27301 I ViewRootImpl@fef681[SettingsActivity]: ViewPostIme pointer 1
11-24 12:56:09.499 27301 27301 I DecorView: setWindowBackground: isPopOver=false color=ff131314 d=android.graphics.drawable.ColorDrawable@450408c
11-24 12:56:09.512 27301 27352 D NativeCustomFrequencyManager: [NativeCFMS] BpCustomFrequencyManager::BpCustomFrequencyManager()
11-24 12:56:09.515 27301 27301 I InsetsController: onStateChanged: host=com.fsck.k9/com.fsck.k9.ui.settings.general.GeneralSettingsActivity, from=android.view.ViewRootImpl.setView:1797, state=InsetsState: {mDisplayFrame=Rect(0, 0 - 1080, 2316), mDisplayCutout=DisplayCutout{insets=Rect(0, 75 - 0, 0) waterfall=Insets{left=0, top=0, right=0, bottom=0} boundingRect={Bounds=[Rect(0, 0 - 0, 0), Rect(513, 0 - 567, 75), Rect(0, 0 - 0, 0), Rect(0, 0 - 0, 0)]} cutoutPathParserInfo={CutoutPathParserInfo{displayWidth=1080 displayHeight=2316 physicalDisplayWidth=1080 physicalDisplayHeight=2316 density={2.8125} cutoutSpec={M 0,0 H -9.466666666666667 V 26.66666666666667‬ H 9.466666666666667 V 0 H 0 Z @dp} rotation={0} scale={1.0} physicalPixelDisplaySizeRatio={1.0}}}}, mRoundedCorners=RoundedCorners{[RoundedCorner{position=TopLeft, radius=8, center=Point(8, 8)}, RoundedCorner{position=TopRight, radius=8, center=Point(1072, 8)}, RoundedCorner{position=BottomRight, radius=8, center=Point(1072, 2308)}, RoundedCorner{position=BottomLeft, radius=8, center=Point(8, 2308)}]} mRoundedCornerFrame=Rect(0, 0 - 1080, 2316), mPrivacyIndicatorBounds=PrivacyIndicatorBounds {static bounds=Rect(956, 0 - 1080, 75) rotation=0}, mDisplayShape=DisplayShape{ spec=-311912193 displayWidth=1440 displayHeight=3088 physicalPixelDisplaySizeRatio=1.0 rotation=0 offsetX=0 offsetY=0 scale=1.0}, mSources= { InsetsSource: {fd920000 mType=statusBars mFrame=[0,0][1080,75] mVisible=true mFlags=[]}, InsetsSource: {fd920005 mType=mandatorySystemGestures mFrame=[0,0][1080,109] mVisible=true mFlags=[]}, InsetsSource: {fd920006 mType=tappableElement mFrame=[0,0][1080,75] mVisible=true mFlags=[]}, InsetsSource: {27 mType=displayCutout mFrame=[0,0][1080,75] mVisible=true mFlags=[]}, InsetsSource: {174a0001 mType=navigationBars mFrame=[0,2181][1080,2316] mVisible=true mFlags=[]}, InsetsSource: {174a0004 mType=systemGestures mFrame=[0,0][0,0] mVisible=true mFlags=[]}, InsetsSource: {174a0005 mType=mandatorySystemGestures mFrame=[0,2181][1080,2316] mVisible=true mFlags=[]}, InsetsSource: {174a0006 mType=tappableElement mFrame=[0,2181][1080,2316] mVisible=true mFlags=[]}, InsetsSource: {174a0024 mType=systemGestures mFrame=[0,0][0,0] mVisible=true mFlags=[]} }
11-24 12:56:09.515 27301 27301 I ViewRootImpl@563769[GeneralSettingsActivity]: synced displayState. AttachInfo displayState=2
11-24 12:56:09.515 27301 27301 I ViewRootImpl@563769[GeneralSettingsActivity]: setView = com.android.internal.policy.DecorView@2ef711c TM=true
11-24 12:56:09.521 27301 27301 I InsetsController: onStateChanged: host=com.fsck.k9/com.fsck.k9.ui.settings.general.GeneralSettingsActivity, from=android.view.ViewRootImpl.relayoutWindow:10165, state=InsetsState: {mDisplayFrame=Rect(0, 0 - 1080, 2316), mDisplayCutout=DisplayCutout{insets=Rect(0, 75 - 0, 0) waterfall=Insets{left=0, top=0, right=0, bottom=0} boundingRect={Bounds=[Rect(0, 0 - 0, 0), Rect(513, 0 - 567, 75), Rect(0, 0 - 0, 0), Rect(0, 0 - 0, 0)]} cutoutPathParserInfo={CutoutPathParserInfo{displayWidth=1080 displayHeight=2316 physicalDisplayWidth=1080 physicalDisplayHeight=2316 density={2.8125} cutoutSpec={M 0,0 H -9.466666666666667 V 26.66666666666667‬ H 9.466666666666667 V 0 H 0 Z @dp} rotation={0} scale={1.0} physicalPixelDisplaySizeRatio={1.0}}}}, mRoundedCorners=RoundedCorners{[RoundedCorner{position=TopLeft, radius=8, center=Point(8, 8)}, RoundedCorner{position=TopRight, radius=8, center=Point(1072, 8)}, RoundedCorner{position=BottomRight, radius=8, center=Point(1072, 2308)}, RoundedCorner{position=BottomLeft, radius=8, center=Point(8, 2308)}]} mRoundedCornerFrame=Rect(0, 0 - 1080, 2316), mPrivacyIndicatorBounds=PrivacyIndicatorBounds {static bounds=Rect(956, 0 - 1080, 75) rotation=0}, mDisplayShape=DisplayShape{ spec=-311912193 displayWidth=1440 displayHeight=3088 physicalPixelDisplaySizeRatio=1.0 rotation=0 offsetX=0 offsetY=0 scale=1.0}, mSources= { InsetsSource: {fd920000 mType=statusBars mFrame=[0,0][1080,75] mVisible=true mFlags=[]}, InsetsSource: {fd920005 mType=mandatorySystemGestures mFrame=[0,0][1080,109] mVisible=true mFlags=[]}, InsetsSource: {fd920006 mType=tappableElement mFrame=[0,0][1080,75] mVisible=true mFlags=[]}, InsetsSource: {3 mType=ime mFrame=[0,0][0,0] mVisible=false mFlags=[]}, InsetsSource: {27 mType=displayCutout mFrame=[0,0][1080,75] mVisible=true mFlags=[]}, InsetsSource: {174a0001 mType=navigationBars mFrame=[0,2181][1080,2316] mVisible=true mFlags=[]}, InsetsSource: {174a0004 mType=systemGestures mFrame=[0,0][0,0] mVisible=true mFlags=[]}, InsetsSource: {174a0005 mType=mandatorySystemGestures mFrame=[0,2181][1080,2316] mVisible=true mFlags=[]}, InsetsSource: {174a0006 mType=tappableElement mFrame=[0,2181][1080,2316] mVisible=true mFlags=[]}, InsetsSource: {174a0024 mType=systemGestures mFrame=[0,0][0,0] mVisible=true mFlags=[]} }
11-24 12:56:09.521 27301 27301 I BufferQueueProducer: [](id:6aa500000002,api:0,p:0,c:27301) setDequeueTimeout:2077252342
11-24 12:56:09.521 27301 27301 I BLASTBufferQueue_Java: new BLASTBufferQueue, mName= ViewRootImpl@563769[GeneralSettingsActivity] mNativeObject= 0xb4000073df548000 sc.mNativeObject= 0xb4000073df6372c0 caller= android.view.ViewRootImpl.updateBlastSurfaceIfNeeded:3085 android.view.ViewRootImpl.relayoutWindow:10224 android.view.ViewRootImpl.performTraversals:4167 android.view.ViewRootImpl.doTraversal:3345 android.view.ViewRootImpl$TraversalRunnable.run:11437 android.view.Choreographer$CallbackRecord.run:1690 android.view.Choreographer$CallbackRecord.run:1699 android.view.Choreographer.doCallbacks:1154 android.view.Choreographer.doFrame:1080 android.view.Choreographer$FrameDisplayEventReceiver.run:1647
11-24 12:56:09.522 27301 27301 I BLASTBufferQueue_Java: update, w= 1080 h= 2316 mName = ViewRootImpl@563769[GeneralSettingsActivity] mNativeObject= 0xb4000073df548000 sc.mNativeObject= 0xb4000073df6372c0 format= -1 caller= android.graphics.BLASTBufferQueue.:89 android.view.ViewRootImpl.updateBlastSurfaceIfNeeded:3085 android.view.ViewRootImpl.relayoutWindow:10224 android.view.ViewRootImpl.performTraversals:4167 android.view.ViewRootImpl.doTraversal:3345 android.view.ViewRootImpl$TraversalRunnable.run:11437
11-24 12:56:09.522 27301 27301 I ViewRootImpl@563769[GeneralSettingsActivity]: Relayout returned: old=(0,0,1080,2316) new=(0,0,1080,2316) relayoutAsync=false req=(1080,2316)0 dur=5 res=0x403 s={true 0xb4000074edce0800} ch=true seqId=0
11-24 12:56:09.522 27301 27301 I ViewRootImpl@563769[GeneralSettingsActivity]: performConfigurationChange setNightDimText nightDimLevel=0
11-24 12:56:09.522 27301 27301 D ViewRootImpl@563769[GeneralSettingsActivity]: mThreadedRenderer.initialize() mSurface={isValid=true 0xb4000074edce0800} hwInitialized=true
11-24 12:56:09.535 27301 27301 D ViewRootImpl@563769[GeneralSettingsActivity]: reportNextDraw android.view.ViewRootImpl.performTraversals:4781 android.view.ViewRootImpl.doTraversal:3345 android.view.ViewRootImpl$TraversalRunnable.run:11437 android.view.Choreographer$CallbackRecord.run:1690 android.view.Choreographer$CallbackRecord.run:1699
11-24 12:56:09.535 27301 27301 I ViewRootImpl@563769[GeneralSettingsActivity]: Setup new sync=wmsSync-ViewRootImpl@563769[GeneralSettingsActivity]#4
11-24 12:56:09.535 27301 27301 I ViewRootImpl@563769[GeneralSettingsActivity]: Creating new active sync group ViewRootImpl@563769[GeneralSettingsActivity]#5
11-24 12:56:09.535 27301 27301 I SurfaceSyncGroup: addLocalSync=ViewRootImpl@563769[GeneralSettingsActivity]#5 to name=wmsSync-ViewRootImpl@563769[GeneralSettingsActivity]#4, callers=android.window.SurfaceSyncGroup.add:431 android.window.SurfaceSyncGroup.add:392 android.window.SurfaceSyncGroup.add:340 android.view.ViewRootImpl.createSyncIfNeeded:4912 android.view.ViewRootImpl.performTraversals:4796 android.view.ViewRootImpl.doTraversal:3345
11-24 12:56:09.535 27301 27301 I ViewRootImpl@563769[GeneralSettingsActivity]: registerCallbacksForSync syncBuffer=false
11-24 12:56:09.536 27301 27386 I ViewRootImpl@563769[GeneralSettingsActivity]: Received frameDrawingCallback syncResult=0 frameNum=1.
11-24 12:56:09.536 27301 27386 I ViewRootImpl@563769[GeneralSettingsActivity]: mWNT: t=0xb4000073e94e7c00 mBlastBufferQueue=0xb4000073df548000 fn= 1 mRenderHdrSdrRatio=1.0 caller= android.view.ViewRootImpl$8.onFrameDraw:13946 android.view.ThreadedRenderer$1.onFrameDraw:792
11-24 12:56:09.536 27301 27386 I ViewRootImpl@563769[GeneralSettingsActivity]: Setting up sync and frameCommitCallback
11-24 12:56:09.539 27301 27352 I BLASTBufferQueue: [ViewRootImpl@563769[GeneralSettingsActivity]#2](f:0,a:0,s:0) onFrameAvailable the first frame is available
11-24 12:56:09.539 27301 27352 I ViewRootImpl@563769[GeneralSettingsActivity]: Received frameCommittedCallback lastAttemptedDrawFrameNum=1 didProduceBuffer=true
11-24 12:56:09.539 27301 27352 I SurfaceSyncGroup: onTransactionReady mName=wmsSync-ViewRootImpl@563769[GeneralSettingsActivity]#4 callback=204484628
11-24 12:56:09.539 27301 27352 D OpenGLRenderer: CFMS:: SetUp Pid : 27301 Tid : 27352
11-24 12:56:09.539 27301 27301 I ViewRootImpl@563769[GeneralSettingsActivity]: reportDrawFinished seqId=0
11-24 12:56:09.540 27301 27352 D OpenGLRenderer: HWUI - treat SMPTE_170M as sRGB
11-24 12:56:09.540 27301 27301 I ViewRootImpl@fef681[SettingsActivity]: handleWindowFocusChanged: 0 0 call from android.view.ViewRootImpl.-$$Nest$mhandleWindowFocusChanged:0
11-24 12:56:09.540 27301 27301 I ImeFocusController: onPreWindowFocus: skipped, hasWindowFocus=false mHasImeFocus=true
11-24 12:56:09.540 27301 27301 I ImeFocusController: onPostWindowFocus: skipped, hasWindowFocus=false mHasImeFocus=true
11-24 12:56:09.545 27301 27301 I InputMethodManager: invalidateInput
11-24 12:56:09.545 27301 27301 I InputMethodManager: invalidateInput
11-24 12:56:09.545 27301 27301 I InputMethodManager: invalidateInput
11-24 12:56:09.551 27301 27301 I InsetsSourceConsumer: applyRequestedVisibilityToControl: visible=true, type=navigationBars, host=com.fsck.k9/com.fsck.k9.ui.settings.general.GeneralSettingsActivity
11-24 12:56:09.551 27301 27301 I InsetsSourceConsumer: applyRequestedVisibilityToControl: visible=true, type=statusBars, host=com.fsck.k9/com.fsck.k9.ui.settings.general.GeneralSettingsActivity
11-24 12:56:09.600 27301 27301 I ViewRootImpl@563769[GeneralSettingsActivity]: handleWindowFocusChanged: 1 0 call from android.view.ViewRootImpl.-$$Nest$mhandleWindowFocusChanged:0
11-24 12:56:09.600 27301 27301 D ViewRootImpl@563769[GeneralSettingsActivity]: mThreadedRenderer.initializeIfNeeded()#2 mSurface={isValid=true 0xb4000074edce0800}
11-24 12:56:09.600 27301 27301 D InputMethodManagerUtils: startInputInner - Id : 0
11-24 12:56:09.600 27301 27301 I InputMethodManager: startInputInner - IInputMethodManagerGlobalInvoker.startInputOrWindowGainedFocus
11-24 12:56:09.607 27301 27301 I InsetsSourceConsumer: applyRequestedVisibilityToControl: visible=false, type=ime, host=com.fsck.k9/com.fsck.k9.ui.settings.general.GeneralSettingsActivity
11-24 12:56:09.718 27301 27301 I GestureDetector: handleMessage TAP
11-24 12:56:09.990 27301 27301 I ViewRootImpl@fef681[SettingsActivity]: handleAppVisibility mAppVisible = true visible = false
11-24 12:56:09.996 27301 27301 I ViewRootImpl@fef681[SettingsActivity]: destroyHardwareResources: Callers=android.view.ViewRootImpl.performTraversals:3989 android.view.ViewRootImpl.doTraversal:3345 android.view.ViewRootImpl$TraversalRunnable.run:11437 android.view.Choreographer$CallbackRecord.run:1690 android.view.Choreographer$CallbackRecord.run:1699 android.view.Choreographer.doCallbacks:1154 android.view.Choreographer.doFrame:1080 android.view.Choreographer$FrameDisplayEventReceiver.run:1647 android.os.Handler.handleCallback:958 android.os.Handler.dispatchMessage:99
11-24 12:56:10.013 27301 27301 I ViewRootImpl@fef681[SettingsActivity]: Relayout returned: old=(0,0,1080,2316) new=(0,0,1080,2316) relayoutAsync=false req=(1080,2316)8 dur=13 res=0x402 s={false 0x0} ch=true seqId=0
11-24 12:56:10.014 27301 27301 I ViewRootImpl@fef681[SettingsActivity]: stopped(true) old = false
11-24 12:56:10.014 27301 27301 D ViewRootImpl@fef681[SettingsActivity]: WindowStopped on com.fsck.k9/com.fsck.k9.ui.settings.SettingsActivity set to true
11-24 12:56:10.026 27301 27301 I ViewRootImpl@fef681[SettingsActivity]: Relayout returned: old=(0,0,1080,2316) new=(0,0,1080,2316) relayoutAsync=false req=(1080,2316)8 dur=5 res=0x402 s={false 0x0} ch=false seqId=0
11-24 12:56:11.211 27301 27301 I ViewRootImpl@563769[GeneralSettingsActivity]: ViewPostIme pointer 0
11-24 12:56:11.267 27301 27301 I ViewRootImpl@563769[GeneralSettingsActivity]: ViewPostIme pointer 1
11-24 12:56:11.273 27301 27301 W WindowOnBackDispatcher: OnBackInvokedCallback is not enabled for the application.
11-24 12:56:11.273 27301 27301 W WindowOnBackDispatcher: Set 'android:enableOnBackInvokedCallback="true"' in the application manifest.
11-24 12:56:11.287 27301 27301 I InputMethodManager: invalidateInput
11-24 12:56:11.287 27301 27301 I InputMethodManager: invalidateInput
11-24 12:56:11.288 27301 27301 I InputMethodManager: invalidateInput
11-24 12:56:11.290 27301 27301 I BLASTBufferQueue_Java: update, w= 1080 h= 2316 mName = ViewRootImpl@563769[GeneralSettingsActivity] mNativeObject= 0xb4000073df548000 sc.mNativeObject= 0xb4000073df6372c0 format= -1 caller= android.view.ViewRootImpl.updateBlastSurfaceIfNeeded:3074 android.view.ViewRootImpl.relayoutWindow:10224 android.view.ViewRootImpl.performTraversals:4167 android.view.ViewRootImpl.doTraversal:3345 android.view.ViewRootImpl$TraversalRunnable.run:11437 android.view.Choreographer$CallbackRecord.run:1690
11-24 12:56:11.290 27301 27301 I ViewRootImpl@563769[GeneralSettingsActivity]: Relayout returned: old=(0,0,1080,2316) new=(0,0,1080,2316) relayoutAsync=true req=(1080,2316)0 dur=0 res=0x0 s={true 0xb4000074edce0800} ch=false seqId=0
11-24 12:56:11.305 27301 27301 I ViewRootImpl@563769[GeneralSettingsActivity]: registerCallbackForPendingTransactions
11-24 12:56:11.306 27301 27387 I ViewRootImpl@563769[GeneralSettingsActivity]: mWNT: t=0xb4000073df579f80 mBlastBufferQueue=0xb4000073df548000 fn= 9 mRenderHdrSdrRatio=1.0 caller= android.view.ViewRootImpl$6.onFrameDraw:5705 android.view.ViewRootImpl$2.onFrameDraw:2190 android.view.ThreadedRenderer$1.onFrameDraw:792
11-24 12:56:12.631 27301 27301 I ViewRootImpl@563769[GeneralSettingsActivity]: ViewPostIme pointer 0
11-24 12:56:12.726 27301 27301 I ViewRootImpl@563769[GeneralSettingsActivity]: ViewPostIme pointer 1
11-24 12:56:13.510 27301 27312 D InputTransport: Input channel destroyed: 'ClientS', fd=142
11-24 12:56:13.510 27301 27312 D InputTransport: Input channel destroyed: 'ClientS', fd=160
11-24 12:56:13.616 27301 27301 I ViewRootImpl@563769[GeneralSettingsActivity]: ViewPostIme pointer 0
11-24 12:56:13.676 27301 27301 I ViewRootImpl@563769[GeneralSettingsActivity]: ViewPostIme pointer 1
11-24 12:56:13.694 27301 27301 D CompatibilityChangeReporter: Compat change id reported: 171228096; UID 10516; state: ENABLED
11-24 12:56:13.702 27301 27301 I WindowManager: WindowManagerGlobal#addView, ty=1002, view=android.widget.PopupWindow$PopupDecorView{cef2f32 V.E..V... R.....I. 0,0-0,0}, caller=android.view.WindowManagerImpl.addView:150 android.widget.PopupWindow.invokePopup:1721 android.widget.PopupWindow.showAsDropDown:1502
11-24 12:56:13.703 27301 27352 D NativeCustomFrequencyManager: [NativeCFMS] BpCustomFrequencyManager::BpCustomFrequencyManager()
11-24 12:56:13.708 27301 27301 I InsetsController: onStateChanged: host=PopupWindow:e4a2b3d, from=android.view.ViewRootImpl.setView:1797, state=InsetsState: {mDisplayFrame=Rect(0, 0 - 1080, 2316), mDisplayCutout=DisplayCutout{insets=Rect(0, 75 - 0, 0) waterfall=Insets{left=0, top=0, right=0, bottom=0} boundingRect={Bounds=[Rect(0, 0 - 0, 0), Rect(513, 0 - 567, 75), Rect(0, 0 - 0, 0), Rect(0, 0 - 0, 0)]} cutoutPathParserInfo={CutoutPathParserInfo{displayWidth=1080 displayHeight=2316 physicalDisplayWidth=1080 physicalDisplayHeight=2316 density={2.8125} cutoutSpec={M 0,0 H -9.466666666666667 V 26.66666666666667‬ H 9.466666666666667 V 0 H 0 Z @dp} rotation={0} scale={1.0} physicalPixelDisplaySizeRatio={1.0}}}}, mRoundedCorners=RoundedCorners{[RoundedCorner{position=TopLeft, radius=8, center=Point(8, 8)}, RoundedCorner{position=TopRight, radius=8, center=Point(1072, 8)}, RoundedCorner{position=BottomRight, radius=8, center=Point(1072, 2308)}, RoundedCorner{position=BottomLeft, radius=8, center=Point(8, 2308)}]} mRoundedCornerFrame=Rect(0, 0 - 1080, 2316), mPrivacyIndicatorBounds=PrivacyIndicatorBounds {static bounds=Rect(956, 0 - 1080, 75) rotation=0}, mDisplayShape=DisplayShape{ spec=-311912193 displayWidth=1440 displayHeight=3088 physicalPixelDisplaySizeRatio=1.0 rotation=0 offsetX=0 offsetY=0 scale=1.0}, mSources= { InsetsSource: {fd920000 mType=statusBars mFrame=[0,0][1080,75] mVisible=true mFlags=[]}, InsetsSource: {fd920005 mType=mandatorySystemGestures mFrame=[0,0][1080,109] mVisible=true mFlags=[]}, InsetsSource: {fd920006 mType=tappableElement mFrame=[0,0][1080,75] mVisible=true mFlags=[]}, InsetsSource: {27 mType=displayCutout mFrame=[0,0][1080,75] mVisible=true mFlags=[]}, InsetsSource: {174a0001 mType=navigationBars mFrame=[0,2181][1080,2316] mVisible=true mFlags=[]}, InsetsSource: {174a0004 mType=systemGestures mFrame=[0,0][0,0] mVisible=true mFlags=[]}, InsetsSource: {174a0005 mType=mandatorySystemGestures mFrame=[0,2181][1080,2316] mVisible=true mFlags=[]}, InsetsSource: {174a0006 mType=tappableElement mFrame=[0,2181][1080,2316] mVisible=true mFlags=[]}, InsetsSource: {174a0024 mType=systemGestures mFrame=[0,0][0,0] mVisible=true mFlags=[]} }
11-24 12:56:13.709 27301 27301 I ViewRootImpl@4e48483[PopupWindow:e4a2b3d]: synced displayState. AttachInfo displayState=2
11-24 12:56:13.709 27301 27301 I ViewRootImpl@4e48483[PopupWindow:e4a2b3d]: setView = android.widget.PopupWindow$PopupDecorView@cef2f32 TM=true
11-24 12:56:13.716 27301 27379 I ViewRootImpl@4e48483[PopupWindow:e4a2b3d]: Resizing android.view.ViewRootImpl@e39728a: frame = [518,98][1069,277] reportDraw = true forceLayout = false syncSeqId = -1
11-24 12:56:13.717 27301 27301 I InsetsSourceConsumer: applyRequestedVisibilityToControl: visible=true, type=navigationBars, host=PopupWindow:e4a2b3d
11-24 12:56:13.717 27301 27301 I InsetsSourceConsumer: applyRequestedVisibilityToControl: visible=true, type=statusBars, host=PopupWindow:e4a2b3d
11-24 12:56:13.717 27301 27301 I BufferQueueProducer: [](id:6aa500000003,api:0,p:0,c:27301) setDequeueTimeout:2077252342
11-24 12:56:13.718 27301 27301 I BLASTBufferQueue_Java: new BLASTBufferQueue, mName= ViewRootImpl@4e48483[PopupWindow:e4a2b3d] mNativeObject= 0xb4000073df548c00 sc.mNativeObject= 0xb400007493ee9200 caller= android.view.ViewRootImpl.updateBlastSurfaceIfNeeded:3085 android.view.ViewRootImpl.relayoutWindow:10224 android.view.ViewRootImpl.performTraversals:4167 android.view.ViewRootImpl.doTraversal:3345 android.view.ViewRootImpl$TraversalRunnable.run:11437 android.view.Choreographer$CallbackRecord.run:1690 android.view.Choreographer$CallbackRecord.run:1699 android.view.Choreographer.doCallbacks:1154 android.view.Choreographer.doFrame:1080 android.view.Choreographer$FrameDisplayEventReceiver.run:1647
11-24 12:56:13.718 27301 27301 I BLASTBufferQueue_Java: update, w= 585 h= 213 mName = ViewRootImpl@4e48483[PopupWindow:e4a2b3d] mNativeObject= 0xb4000073df548c00 sc.mNativeObject= 0xb400007493ee9200 format= -3 caller= android.graphics.BLASTBufferQueue.:89 android.view.ViewRootImpl.updateBlastSurfaceIfNeeded:3085 android.view.ViewRootImpl.relayoutWindow:10224 android.view.ViewRootImpl.performTraversals:4167 android.view.ViewRootImpl.doTraversal:3345 android.view.ViewRootImpl$TraversalRunnable.run:11437
11-24 12:56:13.718 27301 27301 I ViewRootImpl@4e48483[PopupWindow:e4a2b3d]: Relayout returned: old=(518,98,1069,98) new=(518,98,1069,277) relayoutAsync=false req=(551,179)0 dur=5 res=0x403 s={true 0xb4000073e948e800} ch=true seqId=0
11-24 12:56:13.718 27301 27301 I ViewRootImpl@4e48483[PopupWindow:e4a2b3d]: performConfigurationChange setNightDimText nightDimLevel=0
11-24 12:56:13.719 27301 27301 D ViewRootImpl@4e48483[PopupWindow:e4a2b3d]: mThreadedRenderer.initialize() mSurface={isValid=true 0xb4000073e948e800} hwInitialized=true
11-24 12:56:13.720 27301 27301 D AbsListView: in onLayout changed
11-24 12:56:13.723 27301 27301 D ViewRootImpl@4e48483[PopupWindow:e4a2b3d]: reportNextDraw android.view.ViewRootImpl.performTraversals:4781 android.view.ViewRootImpl.doTraversal:3345 android.view.ViewRootImpl$TraversalRunnable.run:11437 android.view.Choreographer$CallbackRecord.run:1690 android.view.Choreographer$CallbackRecord.run:1699
11-24 12:56:13.724 27301 27301 D AnimatorSet: mReversing is false. Don't call initChildren.
11-24 12:56:13.724 27301 27301 I ViewRootImpl@4e48483[PopupWindow:e4a2b3d]: Setup new sync=wmsSync-ViewRootImpl@4e48483[PopupWindow:e4a2b3d]#6
11-24 12:56:13.724 27301 27301 I ViewRootImpl@4e48483[PopupWindow:e4a2b3d]: Creating new active sync group ViewRootImpl@4e48483[PopupWindow:e4a2b3d]#7
11-24 12:56:13.724 27301 27301 I SurfaceSyncGroup: addLocalSync=ViewRootImpl@4e48483[PopupWindow:e4a2b3d]#7 to name=wmsSync-ViewRootImpl@4e48483[PopupWindow:e4a2b3d]#6, callers=android.window.SurfaceSyncGroup.add:431 android.window.SurfaceSyncGroup.add:392 android.window.SurfaceSyncGroup.add:340 android.view.ViewRootImpl.createSyncIfNeeded:4912 android.view.ViewRootImpl.performTraversals:4796 android.view.ViewRootImpl.doTraversal:3345
11-24 12:56:13.725 27301 27301 I ViewRootImpl@4e48483[PopupWindow:e4a2b3d]: registerCallbacksForSync syncBuffer=false
11-24 12:56:13.725 27301 27386 I ViewRootImpl@4e48483[PopupWindow:e4a2b3d]: Received frameDrawingCallback syncResult=0 frameNum=1.
11-24 12:56:13.725 27301 27386 I ViewRootImpl@4e48483[PopupWindow:e4a2b3d]: mWNT: t=0xb4000074f6729100 mBlastBufferQueue=0xb4000073df548c00 fn= 1 mRenderHdrSdrRatio=1.0 caller= android.view.ViewRootImpl$8.onFrameDraw:13946 android.view.ThreadedRenderer$1.onFrameDraw:792
11-24 12:56:13.725 27301 27386 I ViewRootImpl@4e48483[PopupWindow:e4a2b3d]: Setting up sync and frameCommitCallback
11-24 12:56:13.727 27301 27352 I BLASTBufferQueue: [ViewRootImpl@4e48483[PopupWindow:e4a2b3d]#3](f:0,a:0,s:0) onFrameAvailable the first frame is available
11-24 12:56:13.727 27301 27352 I ViewRootImpl@4e48483[PopupWindow:e4a2b3d]: Received frameCommittedCallback lastAttemptedDrawFrameNum=1 didProduceBuffer=true
11-24 12:56:13.727 27301 27352 I SurfaceSyncGroup: onTransactionReady mName=wmsSync-ViewRootImpl@4e48483[PopupWindow:e4a2b3d]#6 callback=243476393
11-24 12:56:13.728 27301 27352 D OpenGLRenderer: CFMS:: SetUp Pid : 27301 Tid : 27352
11-24 12:56:13.728 27301 27301 I ViewRootImpl@4e48483[PopupWindow:e4a2b3d]: reportDrawFinished seqId=0
11-24 12:56:13.728 27301 27352 D OpenGLRenderer: HWUI - treat SMPTE_170M as sRGB
11-24 12:56:13.729 27301 27301 I ViewRootImpl@4e48483[PopupWindow:e4a2b3d]: handleResized, msg = 5 frames=ClientWindowFrames{frame=[518,98][1069,277] display=[-100000,-100000][100000,100000] parentFrame=[0,0][0,0] attachedFrame=[0,0][1080,2316]} forceNextWindowRelayout=false displayId=0 dragResizing=false compatScale=1.0 frameChanged=false attachedFrameChanged=false configChanged=false displayChanged=false compatScaleChanged=false
11-24 12:56:13.729 27301 27301 I ViewRootImpl@4e48483[PopupWindow:e4a2b3d]: handleResized mSyncSeqId = 0
11-24 12:56:13.729 27301 27301 D ViewRootImpl@4e48483[PopupWindow:e4a2b3d]: reportNextDraw android.view.ViewRootImpl.handleResized:2574 android.view.ViewRootImpl.-$$Nest$mhandleResized:0 android.view.ViewRootImpl$ViewRootHandler.handleMessageImpl:7267 android.view.ViewRootImpl$ViewRootHandler.handleMessage:7236 android.os.Handler.dispatchMessage:106
11-24 12:56:13.730 27301 27301 I ViewRootImpl@4e48483[PopupWindow:e4a2b3d]: Setup new sync=wmsSync-ViewRootImpl@4e48483[PopupWindow:e4a2b3d]#8
11-24 12:56:13.730 27301 27301 I ViewRootImpl@4e48483[PopupWindow:e4a2b3d]: Creating new active sync group ViewRootImpl@4e48483[PopupWindow:e4a2b3d]#9
11-24 12:56:13.730 27301 27301 I SurfaceSyncGroup: addLocalSync=ViewRootImpl@4e48483[PopupWindow:e4a2b3d]#9 to name=wmsSync-ViewRootImpl@4e48483[PopupWindow:e4a2b3d]#8, callers=android.window.SurfaceSyncGroup.add:431 android.window.SurfaceSyncGroup.add:392 android.window.SurfaceSyncGroup.add:340 android.view.ViewRootImpl.createSyncIfNeeded:4912 android.view.ViewRootImpl.performTraversals:4796 android.view.ViewRootImpl.doTraversal:3345
11-24 12:56:13.730 27301 27301 I ViewRootImpl@4e48483[PopupWindow:e4a2b3d]: registerCallbacksForSync syncBuffer=false
11-24 12:56:13.730 27301 27387 I ViewRootImpl@4e48483[PopupWindow:e4a2b3d]: Received frameDrawingCallback syncResult=0 frameNum=2.
11-24 12:56:13.730 27301 27387 I ViewRootImpl@4e48483[PopupWindow:e4a2b3d]: mWNT: t=0xb4000074edd4e300 mBlastBufferQueue=0xb4000073df548c00 fn= 2 mRenderHdrSdrRatio=1.0 caller= android.view.ViewRootImpl$8.onFrameDraw:13946 android.view.ThreadedRenderer$1.onFrameDraw:792
11-24 12:56:13.730 27301 27387 I ViewRootImpl@4e48483[PopupWindow:e4a2b3d]: Setting up sync and frameCommitCallback
11-24 12:56:13.731 27301 27352 I ViewRootImpl@4e48483[PopupWindow:e4a2b3d]: Received frameCommittedCallback lastAttemptedDrawFrameNum=2 didProduceBuffer=true
11-24 12:56:13.731 27301 27352 I SurfaceSyncGroup: onTransactionReady mName=wmsSync-ViewRootImpl@4e48483[PopupWindow:e4a2b3d]#8 callback=140791388
11-24 12:56:13.731 27301 27301 I ViewRootImpl@4e48483[PopupWindow:e4a2b3d]: reportDrawFinished seqId=0
11-24 12:56:13.733 27301 27301 I ViewRootImpl@563769[GeneralSettingsActivity]: handleWindowFocusChanged: 0 0 call from android.view.ViewRootImpl.-$$Nest$mhandleWindowFocusChanged:0
11-24 12:56:13.733 27301 27301 I ImeFocusController: onPreWindowFocus: skipped, hasWindowFocus=false mHasImeFocus=true
11-24 12:56:13.733 27301 27301 I ImeFocusController: onPostWindowFocus: skipped, hasWindowFocus=false mHasImeFocus=true
11-24 12:56:13.740 27301 27301 I ViewRootImpl@4e48483[PopupWindow:e4a2b3d]: handleWindowFocusChanged: 1 0 call from android.view.ViewRootImpl.-$$Nest$mhandleWindowFocusChanged:0
11-24 12:56:13.741 27301 27301 D ViewRootImpl@4e48483[PopupWindow:e4a2b3d]: mThreadedRenderer.initializeIfNeeded()#2 mSurface={isValid=true 0xb4000073e948e800}
11-24 12:56:13.741 27301 27301 I ImeFocusController: onPreWindowFocus: skipped, hasWindowFocus=true mHasImeFocus=false
11-24 12:56:13.741 27301 27301 I ImeFocusController: onPostWindowFocus: skipped, hasWindowFocus=true mHasImeFocus=false
11-24 12:56:15.091 27301 27301 I ViewRootImpl@4e48483[PopupWindow:e4a2b3d]: ViewPostIme pointer 0
11-24 12:56:15.193 27301 27301 I ViewRootImpl@4e48483[PopupWindow:e4a2b3d]: ViewPostIme pointer 1
11-24 12:56:15.193 27301 27301 D AbsListView: onTouchUp() mTouchMode : 2
11-24 12:56:15.217 27301 27301 I BLASTBufferQueue_Java: update, w= 585 h= 213 mName = ViewRootImpl@4e48483[PopupWindow:e4a2b3d] mNativeObject= 0xb4000073df548c00 sc.mNativeObject= 0xb400007493ee9200 format= -3 caller= android.view.ViewRootImpl.updateBlastSurfaceIfNeeded:3074 android.view.ViewRootImpl.relayoutWindow:10224 android.view.ViewRootImpl.performTraversals:4167 android.view.ViewRootImpl.doTraversal:3345 android.view.ViewRootImpl$TraversalRunnable.run:11437 android.view.Choreographer$CallbackRecord.run:1690
11-24 12:56:15.217 27301 27301 I ViewRootImpl@4e48483[PopupWindow:e4a2b3d]: Relayout returned: old=(518,98,1069,277) new=(518,98,1069,277) relayoutAsync=true req=(551,179)0 dur=0 res=0x0 s={true 0xb4000073e948e800} ch=false seqId=0
11-24 12:56:15.217 27301 27301 I ViewRootImpl@4e48483[PopupWindow:e4a2b3d]: registerCallbackForPendingTransactions
11-24 12:56:15.220 27301 27386 I ViewRootImpl@4e48483[PopupWindow:e4a2b3d]: mWNT: t=0xb4000074edd4e900 mBlastBufferQueue=0xb4000073df548c00 fn= 31 mRenderHdrSdrRatio=1.0 caller= android.view.ViewRootImpl$6.onFrameDraw:5705 android.view.ViewRootImpl$2.onFrameDraw:2190 android.view.ThreadedRenderer$1.onFrameDraw:792
11-24 12:56:15.226 27301 27301 I InsetsSourceConsumer: applyRequestedVisibilityToControl: visible=true, type=navigationBars, host=com.fsck.k9/com.fsck.k9.ui.settings.general.GeneralSettingsActivity
11-24 12:56:15.226 27301 27301 I InsetsSourceConsumer: applyRequestedVisibilityToControl: visible=true, type=statusBars, host=com.fsck.k9/com.fsck.k9.ui.settings.general.GeneralSettingsActivity
11-24 12:56:15.235 27301 27301 I ViewRootImpl@4e48483[PopupWindow:e4a2b3d]: handleWindowFocusChanged: 0 0 call from android.view.ViewRootImpl.-$$Nest$mhandleWindowFocusChanged:0
11-24 12:56:15.235 27301 27301 I ImeFocusController: onPreWindowFocus: skipped, hasWindowFocus=false mHasImeFocus=false
11-24 12:56:15.235 27301 27301 I ImeFocusController: onPostWindowFocus: skipped, hasWindowFocus=false mHasImeFocus=false
11-24 12:56:15.239 27301 27301 I ViewRootImpl@563769[GeneralSettingsActivity]: handleWindowFocusChanged: 1 0 call from android.view.ViewRootImpl.-$$Nest$mhandleWindowFocusChanged:0
11-24 12:56:15.239 27301 27301 D ViewRootImpl@563769[GeneralSettingsActivity]: mThreadedRenderer.initializeIfNeeded()#2 mSurface={isValid=true 0xb4000074edce0800}
11-24 12:56:15.239 27301 27301 D InputMethodManagerUtils: startInputInner - Id : 0
11-24 12:56:15.239 27301 27301 I InputMethodManager: startInputInner - IInputMethodManagerGlobalInvoker.startInputOrWindowGainedFocus
11-24 12:56:15.253 27301 27301 D InputMethodManagerUtils: startInputInner - Id : 0
11-24 12:56:15.253 27301 27301 I InputMethodManager: startInputInner - IInputMethodManagerGlobalInvoker.startInputOrWindowGainedFocus
11-24 12:56:15.254 27301 27301 I ViewRootImpl@563769[GeneralSettingsActivity]: handleWindowFocusChanged: 0 0 call from android.view.ViewRootImpl.-$$Nest$mhandleWindowFocusChanged:0
11-24 12:56:15.254 27301 27301 I ImeFocusController: onPreWindowFocus: skipped, hasWindowFocus=false mHasImeFocus=true
11-24 12:56:15.254 27301 27301 I ImeFocusController: onPostWindowFocus: skipped, hasWindowFocus=false mHasImeFocus=true
11-24 12:56:15.515 27301 27301 D InputTransport: Input channel destroyed: 'ClientS', fd=154
11-24 12:56:15.528 27301 27301 I WindowManager: WindowManagerGlobal#removeView, ty=1002, view=android.widget.PopupWindow$PopupDecorView{cef2f32 V.E..V... R.....ID 0,0-551,179}, caller=android.view.WindowManagerGlobal.removeView:648 android.view.WindowManagerImpl.removeViewImmediate:208 android.widget.PopupWindow.dismissImmediate:2422
11-24 12:56:15.528 27301 27301 W WindowOnBackDispatcher: sendCancelIfRunning: isInProgress=falsecallback=android.view.ViewRootImpl$$ExternalSyntheticLambda19@70084f5
11-24 12:56:15.533 27301 27301 I ViewRootImpl@4e48483[PopupWindow:e4a2b3d]: dispatchDetachedFromWindow
11-24 12:56:15.545 27301 27301 D InputTransport: Input channel destroyed: 'dcf2b7c', fd=137
11-24 12:56:15.709 27301 27301 I ViewRootImpl@4e48483[PopupWindow:e4a2b3d]: handleAppVisibility mAppVisible = true visible = false
11-24 12:56:15.709 27301 27301 I ViewRootImpl@563769[GeneralSettingsActivity]: handleAppVisibility mAppVisible = true visible = false
11-24 12:56:15.713 27301 27301 I ViewRootImpl@563769[GeneralSettingsActivity]: destroyHardwareResources: Callers=android.view.ViewRootImpl.performTraversals:3989 android.view.ViewRootImpl.doTraversal:3345 android.view.ViewRootImpl$TraversalRunnable.run:11437 android.view.Choreographer$CallbackRecord.run:1690 android.view.Choreographer$CallbackRecord.run:1699 android.view.Choreographer.doCallbacks:1154 android.view.Choreographer.doFrame:1080 android.view.Choreographer$FrameDisplayEventReceiver.run:1647 android.os.Handler.handleCallback:958 android.os.Handler.dispatchMessage:99
11-24 12:56:15.714 27301 27352 D OpenGLRenderer: CacheManager::trimMemory(20)
11-24 12:56:15.729 27301 27301 I ViewRootImpl@563769[GeneralSettingsActivity]: Relayout returned: old=(0,0,1080,2316) new=(0,0,1080,2316) relayoutAsync=false req=(1080,2316)8 dur=7 res=0x402 s={false 0x0} ch=true seqId=0
11-24 12:56:15.729 27301 27352 D OpenGLRenderer: CacheManager::trimMemory(20)
11-24 12:56:15.730 27301 27301 I ViewRootImpl@563769[GeneralSettingsActivity]: stopped(true) old = false
11-24 12:56:15.730 27301 27301 D ViewRootImpl@563769[GeneralSettingsActivity]: WindowStopped on com.fsck.k9/com.fsck.k9.ui.settings.general.GeneralSettingsActivity set to true
11-24 12:56:15.730 27301 27352 D OpenGLRenderer: CacheManager::trimMemory(20)
11-24 12:56:15.741 27301 27301 I ViewRootImpl@563769[GeneralSettingsActivity]: Relayout returned: old=(0,0,1080,2316) new=(0,0,1080,2316) relayoutAsync=false req=(1080,2316)8 dur=3 res=0x402 s={false 0x0} ch=false seqId=0
11-24 12:56:18.850 27301 27301 I ViewRootImpl@563769[GeneralSettingsActivity]: handleAppVisibility mAppVisible = false visible = true
11-24 12:56:18.851 27301 27301 D CompatibilityChangeReporter: Compat change id reported: 78294732; UID 10516; state: ENABLED
11-24 12:56:18.851 27301 27301 I ViewRootImpl@563769[GeneralSettingsActivity]: stopped(false) old = true
11-24 12:56:18.851 27301 27301 D ViewRootImpl@563769[GeneralSettingsActivity]: WindowStopped on com.fsck.k9/com.fsck.k9.ui.settings.general.GeneralSettingsActivity set to false
11-24 12:56:18.864 27301 27301 W WindowOnBackDispatcher: OnBackInvokedCallback is not enabled for the application.
11-24 12:56:18.864 27301 27301 W WindowOnBackDispatcher: Set 'android:enableOnBackInvokedCallback="true"' in the application manifest.
11-24 12:56:18.928 27301 27301 I InputMethodManager: invalidateInput
11-24 12:56:18.928 27301 27301 I InputMethodManager: invalidateInput
11-24 12:56:18.929 27301 27301 I InputMethodManager: invalidateInput
11-24 12:56:18.946 27301 27301 I BufferQueueProducer: [](id:6aa500000004,api:0,p:-1,c:27301) setDequeueTimeout:2077252342
11-24 12:56:18.946 27301 27301 I BLASTBufferQueue_Java: new BLASTBufferQueue, mName= ViewRootImpl@563769[GeneralSettingsActivity] mNativeObject= 0xb4000073df548900 sc.mNativeObject= 0xb4000073e98c2600 caller= android.view.ViewRootImpl.updateBlastSurfaceIfNeeded:3085 android.view.ViewRootImpl.relayoutWindow:10224 android.view.ViewRootImpl.performTraversals:4167 android.view.ViewRootImpl.doTraversal:3345 android.view.ViewRootImpl$TraversalRunnable.run:11437 android.view.Choreographer$CallbackRecord.run:1690 android.view.Choreographer$CallbackRecord.run:1699 android.view.Choreographer.doCallbacks:1154 android.view.Choreographer.doFrame:1080 android.view.Choreographer$FrameDisplayEventReceiver.run:1647
11-24 12:56:18.947 27301 27301 I BLASTBufferQueue_Java: update, w= 1080 h= 2316 mName = ViewRootImpl@563769[GeneralSettingsActivity] mNativeObject= 0xb4000073df548900 sc.mNativeObject= 0xb4000073e98c2600 format= -1 caller= android.graphics.BLASTBufferQueue.:89 android.view.ViewRootImpl.updateBlastSurfaceIfNeeded:3085 android.view.ViewRootImpl.relayoutWindow:10224 android.view.ViewRootImpl.performTraversals:4167 android.view.ViewRootImpl.doTraversal:3345 android.view.ViewRootImpl$TraversalRunnable.run:11437
11-24 12:56:18.947 27301 27301 I ViewRootImpl@563769[GeneralSettingsActivity]: Relayout returned: old=(0,0,1080,2316) new=(0,0,1080,2316) relayoutAsync=false req=(1080,2316)0 dur=8 res=0x403 s={true 0xb4000074edce0800} ch=true seqId=0
11-24 12:56:18.947 27301 27301 D ViewRootImpl@563769[GeneralSettingsActivity]: mThreadedRenderer.initialize() mSurface={isValid=true 0xb4000074edce0800} hwInitialized=true
11-24 12:56:18.949 27301 27301 D ViewRootImpl@563769[GeneralSettingsActivity]: reportNextDraw android.view.ViewRootImpl.performTraversals:4781 android.view.ViewRootImpl.doTraversal:3345 android.view.ViewRootImpl$TraversalRunnable.run:11437 android.view.Choreographer$CallbackRecord.run:1690 android.view.Choreographer$CallbackRecord.run:1699
11-24 12:56:18.949 27301 27301 I ViewRootImpl@563769[GeneralSettingsActivity]: Setup new sync=wmsSync-ViewRootImpl@563769[GeneralSettingsActivity]#10
11-24 12:56:18.949 27301 27301 I ViewRootImpl@563769[GeneralSettingsActivity]: Creating new active sync group ViewRootImpl@563769[GeneralSettingsActivity]#11
11-24 12:56:18.949 27301 27301 I SurfaceSyncGroup: addLocalSync=ViewRootImpl@563769[GeneralSettingsActivity]#11 to name=wmsSync-ViewRootImpl@563769[GeneralSettingsActivity]#10, callers=android.window.SurfaceSyncGroup.add:431 android.window.SurfaceSyncGroup.add:392 android.window.SurfaceSyncGroup.add:340 android.view.ViewRootImpl.createSyncIfNeeded:4912 android.view.ViewRootImpl.performTraversals:4796 android.view.ViewRootImpl.doTraversal:3345
11-24 12:56:18.949 27301 27301 I ViewRootImpl@563769[GeneralSettingsActivity]: registerCallbacksForSync syncBuffer=false
11-24 12:56:18.958 27301 27387 I ViewRootImpl@563769[GeneralSettingsActivity]: Received frameDrawingCallback syncResult=0 frameNum=1.
11-24 12:56:18.958 27301 27387 I ViewRootImpl@563769[GeneralSettingsActivity]: mWNT: t=0xb4000074edd4f200 mBlastBufferQueue=0xb4000073df548900 fn= 1 mRenderHdrSdrRatio=1.0 caller= android.view.ViewRootImpl$8.onFrameDraw:13946 android.view.ThreadedRenderer$1.onFrameDraw:792
11-24 12:56:18.958 27301 27387 I ViewRootImpl@563769[GeneralSettingsActivity]: Setting up sync and frameCommitCallback
11-24 12:56:18.959 27301 27352 I BLASTBufferQueue: [ViewRootImpl@563769[GeneralSettingsActivity]#4](f:0,a:0,s:0) onFrameAvailable the first frame is available
11-24 12:56:18.959 27301 27352 I ViewRootImpl@563769[GeneralSettingsActivity]: Received frameCommittedCallback lastAttemptedDrawFrameNum=1 didProduceBuffer=true
11-24 12:56:18.959 27301 27352 I SurfaceSyncGroup: onTransactionReady mName=wmsSync-ViewRootImpl@563769[GeneralSettingsActivity]#10 callback=98069555
11-24 12:56:18.960 27301 27301 I ViewRootImpl@563769[GeneralSettingsActivity]: reportDrawFinished seqId=0
11-24 12:56:18.960 27301 27301 I InsetsSourceConsumer: applyRequestedVisibilityToControl: visible=true, type=navigationBars, host=com.fsck.k9/com.fsck.k9.ui.settings.general.GeneralSettingsActivity
11-24 12:56:18.960 27301 27301 I InsetsSourceConsumer: applyRequestedVisibilityToControl: visible=true, type=statusBars, host=com.fsck.k9/com.fsck.k9.ui.settings.general.GeneralSettingsActivity
11-24 12:56:18.983 27301 27301 I ViewRootImpl@563769[GeneralSettingsActivity]: handleWindowFocusChanged: 1 0 call from android.view.ViewRootImpl.-$$Nest$mhandleWindowFocusChanged:0
11-24 12:56:18.983 27301 27301 D ViewRootImpl@563769[GeneralSettingsActivity]: mThreadedRenderer.initializeIfNeeded()#2 mSurface={isValid=true 0xb4000074edce0800}
11-24 12:56:18.985 27301 27301 D InputMethodManagerUtils: startInputInner - Id : 0
11-24 12:56:18.985 27301 27301 I InputMethodManager: startInputInner - IInputMethodManagerGlobalInvoker.startInputOrWindowGainedFocus
11-24 12:56:18.993 27301 27301 I InsetsSourceConsumer: applyRequestedVisibilityToControl: visible=false, type=ime, host=com.fsck.k9/com.fsck.k9.ui.settings.general.GeneralSettingsActivity
11-24 12:56:18.994 27301 27379 I ViewRootImpl@563769[GeneralSettingsActivity]: Resizing android.view.ViewRootImpl@d651bee: frame = [0,0][1080,2316] reportDraw = false forceLayout = false syncSeqId = -1
11-24 12:56:18.995 27301 27301 I ViewRootImpl@563769[GeneralSettingsActivity]: handleResized, msg = 4 frames=ClientWindowFrames{frame=[0,0][1080,2316] display=[0,0][1080,2316] parentFrame=[0,0][0,0]} forceNextWindowRelayout=false displayId=0 dragResizing=false compatScale=1.0 frameChanged=false attachedFrameChanged=false configChanged=false displayChanged=false compatScaleChanged=false
11-24 12:56:19.158 27301 27301 I InputMethodManager: invalidateInput
11-24 12:56:19.158 27301 27301 I InputMethodManager: invalidateInput
11-24 12:56:19.158 27301 27301 I InputMethodManager: invalidateInput
11-24 12:56:19.168 27301 27301 D AnimatorSet: mReversing is false. Don't call initChildren.
11-24 12:56:20.492 27301 27301 I ViewRootImpl@563769[GeneralSettingsActivity]: handleWindowFocusChanged: 0 0 call from android.view.ViewRootImpl.-$$Nest$mhandleWindowFocusChanged:0
11-24 12:56:20.492 27301 27301 I ImeFocusController: onPreWindowFocus: skipped, hasWindowFocus=false mHasImeFocus=true
11-24 12:56:20.493 27301 27301 I ImeFocusController: onPostWindowFocus: skipped, hasWindowFocus=false mHasImeFocus=true
11-24 12:56:20.535 27301 27301 D InputTransport: Input channel destroyed: 'ClientS', fd=144
11-24 12:56:20.874 27301 27301 I ViewRootImpl@563769[GeneralSettingsActivity]: handleAppVisibility mAppVisible = true visible = false
11-24 12:56:20.880 27301 27301 I ViewRootImpl@563769[GeneralSettingsActivity]: destroyHardwareResources: Callers=android.view.ViewRootImpl.performTraversals:3989 android.view.ViewRootImpl.doTraversal:3345 android.view.ViewRootImpl$TraversalRunnable.run:11437 android.view.Choreographer$CallbackRecord.run:1690 android.view.Choreographer$CallbackRecord.run:1699 android.view.Choreographer.doCallbacks:1154 android.view.Choreographer.doFrame:1080 android.view.Choreographer$FrameDisplayEventReceiver.run:1647 android.os.Handler.handleCallback:958 android.os.Handler.dispatchMessage:99
11-24 12:56:20.882 27301 27352 D OpenGLRenderer: CacheManager::trimMemory(20)
11-24 12:56:20.887 27301 27301 I ViewRootImpl@563769[GeneralSettingsActivity]: Relayout returned: old=(0,0,1080,2316) new=(0,0,1080,2316) relayoutAsync=false req=(1080,2316)8 dur=3 res=0x402 s={false 0x0} ch=true seqId=0
11-24 12:56:20.891 27301 27352 D OpenGLRenderer: CacheManager::trimMemory(20)
11-24 12:56:20.891 27301 27301 I ViewRootImpl@563769[GeneralSettingsActivity]: stopped(true) old = false
11-24 12:56:20.891 27301 27301 D ViewRootImpl@563769[GeneralSettingsActivity]: WindowStopped on com.fsck.k9/com.fsck.k9.ui.settings.general.GeneralSettingsActivity set to true
11-24 12:56:20.892 27301 27352 D OpenGLRenderer: CacheManager::trimMemory(20)
11-24 12:56:20.906 27301 27301 I ViewRootImpl@563769[GeneralSettingsActivity]: Relayout returned: old=(0,0,1080,2316) new=(0,0,1080,2316) relayoutAsync=false req=(1080,2316)8 dur=2 res=0x402 s={false 0x0} ch=false seqId=0
11-24 13:04:49.452 27301 27301 I ViewRootImpl@563769[GeneralSettingsActivity]: handleAppVisibility mAppVisible = false visible = true
11-24 13:04:49.455 27301 27301 I InsetsController: onStateChanged: host=com.fsck.k9/com.fsck.k9.ui.settings.general.GeneralSettingsActivity, from=android.view.ViewRootImpl$ViewRootHandler.handleMessageImpl:7279, state=InsetsState: {mDisplayFrame=Rect(0, 0 - 1080, 2316), mDisplayCutout=DisplayCutout{insets=Rect(0, 75 - 0, 0) waterfall=Insets{left=0, top=0, right=0, bottom=0} boundingRect={Bounds=[Rect(0, 0 - 0, 0), Rect(513, 0 - 567, 75), Rect(0, 0 - 0, 0), Rect(0, 0 - 0, 0)]} cutoutPathParserInfo={CutoutPathParserInfo{displayWidth=1080 displayHeight=2316 physicalDisplayWidth=1080 physicalDisplayHeight=2316 density={2.8125} cutoutSpec={M 0,0 H -9.466666666666667 V 26.66666666666667‬ H 9.466666666666667 V 0 H 0 Z @dp} rotation={0} scale={1.0} physicalPixelDisplaySizeRatio={1.0}}}}, mRoundedCorners=RoundedCorners{[RoundedCorner{position=TopLeft, radius=8, center=Point(8, 8)}, RoundedCorner{position=TopRight, radius=8, center=Point(1072, 8)}, RoundedCorner{position=BottomRight, radius=8, center=Point(1072, 2308)}, RoundedCorner{position=BottomLeft, radius=8, center=Point(8, 2308)}]} mRoundedCornerFrame=Rect(0, 0 - 1080, 2316), mPrivacyIndicatorBounds=PrivacyIndicatorBounds {static bounds=Rect(956, 0 - 1080, 75) rotation=0}, mDisplayShape=DisplayShape{ spec=-311912193 displayWidth=1440 displayHeight=3088 physicalPixelDisplaySizeRatio=1.0 rotation=0 offsetX=0 offsetY=0 scale=1.0}, mSources= { InsetsSource: {fd920000 mType=statusBars mFrame=[0,0][1080,75] mVisible=true mFlags=[]}, InsetsSource: {fd920005 mType=mandatorySystemGestures mFrame=[0,0][1080,109] mVisible=true mFlags=[]}, InsetsSource: {fd920006 mType=tappableElement mFrame=[0,0][1080,75] mVisible=true mFlags=[]}, InsetsSource: {3 mType=ime mFrame=[0,0][0,0] mVisible=false mFlags=[]}, InsetsSource: {27 mType=displayCutout mFrame=[0,0][1080,75] mVisible=true mFlags=[]}, InsetsSource: {174a0001 mType=navigationBars mFrame=[0,2181][1080,2316] mVisible=true mFlags=[]}, InsetsSource: {174a0004 mType=systemGestures mFrame=[0,0][0,0] mVisible=true mFlags=[]}, InsetsSource: {174a0005 mType=mandatorySystemGestures mFrame=[0,2181][1080,2316] mVisible=true mFlags=[]}, InsetsSource: {174a0006 mType=tappableElement mFrame=[0,2181][1080,2316] mVisible=true mFlags=[]}, InsetsSource: {174a0024 mType=systemGestures mFrame=[0,0][0,0] mVisible=true mFlags=[]} }
11-24 13:04:49.457 27301 27301 I InsetsSourceConsumer: applyRequestedVisibilityToControl: visible=true, type=navigationBars, host=com.fsck.k9/com.fsck.k9.ui.settings.general.GeneralSettingsActivity
11-24 13:04:49.458 27301 27301 I InsetsSourceConsumer: applyRequestedVisibilityToControl: visible=true, type=statusBars, host=com.fsck.k9/com.fsck.k9.ui.settings.general.GeneralSettingsActivity
11-24 13:04:49.463 27301 27301 I ViewRootImpl@563769[GeneralSettingsActivity]: stopped(false) old = true
11-24 13:04:49.463 27301 27301 D ViewRootImpl@563769[GeneralSettingsActivity]: WindowStopped on com.fsck.k9/com.fsck.k9.ui.settings.general.GeneralSettingsActivity set to false
11-24 13:04:49.470 27301 27301 W WindowOnBackDispatcher: OnBackInvokedCallback is not enabled for the application.
11-24 13:04:49.470 27301 27301 W WindowOnBackDispatcher: Set 'android:enableOnBackInvokedCallback="true"' in the application manifest.
11-24 13:04:49.496 27301 27301 I BufferQueueProducer: [](id:6aa500000005,api:0,p:-1,c:27301) setDequeueTimeout:2077252342
11-24 13:04:49.497 27301 27301 I BLASTBufferQueue_Java: new BLASTBufferQueue, mName= ViewRootImpl@563769[GeneralSettingsActivity] mNativeObject= 0xb4000074edd73800 sc.mNativeObject= 0xb4000073e98c2600 caller= android.view.ViewRootImpl.updateBlastSurfaceIfNeeded:3085 android.view.ViewRootImpl.relayoutWindow:10224 android.view.ViewRootImpl.performTraversals:4167 android.view.ViewRootImpl.doTraversal:3345 android.view.ViewRootImpl$TraversalRunnable.run:11437 android.view.Choreographer$CallbackRecord.run:1690 android.view.Choreographer$CallbackRecord.run:1699 android.view.Choreographer.doCallbacks:1154 android.view.Choreographer.doFrame:1080 android.view.Choreographer$FrameDisplayEventReceiver.run:1647
11-24 13:04:49.497 27301 27301 I BLASTBufferQueue_Java: update, w= 1080 h= 2316 mName = ViewRootImpl@563769[GeneralSettingsActivity] mNativeObject= 0xb4000074edd73800 sc.mNativeObject= 0xb4000073e98c2600 format= -1 caller= android.graphics.BLASTBufferQueue.:89 android.view.ViewRootImpl.updateBlastSurfaceIfNeeded:3085 android.view.ViewRootImpl.relayoutWindow:10224 android.view.ViewRootImpl.performTraversals:4167 android.view.ViewRootImpl.doTraversal:3345 android.view.ViewRootImpl$TraversalRunnable.run:11437
11-24 13:04:49.497 27301 27301 I ViewRootImpl@563769[GeneralSettingsActivity]: Relayout returned: old=(0,0,1080,2316) new=(0,0,1080,2316) relayoutAsync=false req=(1080,2316)0 dur=3 res=0x403 s={true 0xb4000074edce0800} ch=true seqId=0
11-24 13:04:49.498 27301 27301 D ViewRootImpl@563769[GeneralSettingsActivity]: mThreadedRenderer.initialize() mSurface={isValid=true 0xb4000074edce0800} hwInitialized=true
11-24 13:04:49.499 27301 27301 D ViewRootImpl@563769[GeneralSettingsActivity]: reportNextDraw android.view.ViewRootImpl.performTraversals:4781 android.view.ViewRootImpl.doTraversal:3345 android.view.ViewRootImpl$TraversalRunnable.run:11437 android.view.Choreographer$CallbackRecord.run:1690 android.view.Choreographer$CallbackRecord.run:1699
11-24 13:04:49.499 27301 27301 I ViewRootImpl@563769[GeneralSettingsActivity]: Setup new sync=wmsSync-ViewRootImpl@563769[GeneralSettingsActivity]#12
11-24 13:04:49.499 27301 27301 I ViewRootImpl@563769[GeneralSettingsActivity]: Creating new active sync group ViewRootImpl@563769[GeneralSettingsActivity]#13
11-24 13:04:49.499 27301 27301 I SurfaceSyncGroup: addLocalSync=ViewRootImpl@563769[GeneralSettingsActivity]#13 to name=wmsSync-ViewRootImpl@563769[GeneralSettingsActivity]#12, callers=android.window.SurfaceSyncGroup.add:431 android.window.SurfaceSyncGroup.add:392 android.window.SurfaceSyncGroup.add:340 android.view.ViewRootImpl.createSyncIfNeeded:4912 android.view.ViewRootImpl.performTraversals:4796 android.view.ViewRootImpl.doTraversal:3345
11-24 13:04:49.499 27301 27301 I ViewRootImpl@563769[GeneralSettingsActivity]: registerCallbacksForSync syncBuffer=false
11-24 13:04:49.510 27301 27386 I ViewRootImpl@563769[GeneralSettingsActivity]: Received frameDrawingCallback syncResult=0 frameNum=1.
11-24 13:04:49.510 27301 27386 I ViewRootImpl@563769[GeneralSettingsActivity]: mWNT: t=0xb4000073e94e0b80 mBlastBufferQueue=0xb4000074edd73800 fn= 1 mRenderHdrSdrRatio=1.0 caller= android.view.ViewRootImpl$8.onFrameDraw:13946 android.view.ThreadedRenderer$1.onFrameDraw:792
11-24 13:04:49.510 27301 27386 I ViewRootImpl@563769[GeneralSettingsActivity]: Setting up sync and frameCommitCallback
11-24 13:04:49.514 27301 27352 I BLASTBufferQueue: [ViewRootImpl@563769[GeneralSettingsActivity]#5](f:0,a:0,s:0) onFrameAvailable the first frame is available
11-24 13:04:49.515 27301 27352 I ViewRootImpl@563769[GeneralSettingsActivity]: Received frameCommittedCallback lastAttemptedDrawFrameNum=1 didProduceBuffer=true
11-24 13:04:49.515 27301 27352 I SurfaceSyncGroup: onTransactionReady mName=wmsSync-ViewRootImpl@563769[GeneralSettingsActivity]#12 callback=27039861
